NOAA-Style Climate Reports


Report for 2008 September
<pre>
                  MONTHLY CLIMATOLOGICAL SUMMARY FOR 9/2008
                                        HEAT  COOL        
     MEAN                               DEG   DEG       WIND SPEED       DOM MEAN  MEAN
DAY  TEMP  HIGH   TIME     LOW   TIME   DAYS  DAYS RAIN AVG  HI  TIME    DIR BAROM HUM
---------------------------------------------------------------------------------------
1    83.8  97.5   3:51pm  72.8   6:23am    0   19  0.00   1  13   4:45pm  NE 29.74   58
2    81.8  90.7   4:02pm  75.1   7:05am    0   17  0.00   4  24   3:34pm   N 29.62   62
3    72.8  79.2  12:00am  68.4  11:42pm    0    8  0.03   5  24   8:41am   N 29.64   73
4    75.5  89.5   4:55pm  63.5   7:20am    0   11  0.00   2  13   1:43am  NW 29.74   58
5    78.4  93.8   4:56pm  64.5   7:34am    0   13  0.00   0   8   3:25pm  NE 29.83   56
6    79.3  93.8   4:42pm  67.1   6:30am    0   14  0.00   1  11  12:46pm SSE 29.88   59
7    80.5  96.6   4:43pm  65.0   6:49am    0   16  0.00   0   8   5:41pm SSE 29.93   54
8    79.1  89.9   3:17pm  69.6   7:12am    0   14  0.09   0   9   9:50am SSE 29.89   62
9    73.8  76.3   6:17pm  69.9   7:14am    0    9  0.79   0   8   9:40am   N 29.90   84
10   74.9  78.8   2:51pm  72.7   3:29am    0   10  0.14   0  12   7:06pm ENE 29.88   85
11   81.6  94.5   4:42pm  73.5  12:00am    0   17  0.01   1  11   2:16pm  SE 29.82   71
12   82.9  93.2   1:58pm  72.8   7:37am    0   18  0.00   1  11   3:17pm   E 29.71   65
13   76.5  78.5   2:11pm  73.5  10:36pm    0   12  1.26   3  20   1:17pm   N 29.47   84
14   74.6  85.3   3:35pm  65.0  11:57pm    0   10  0.00   2  20  12:50pm   N 29.87   62
15   67.5  79.6   3:42pm  56.7   7:03am    2    5  0.00   2  13  10:32am   N 30.14   51
16   67.1  83.8   3:38pm  51.9   7:16am    4    6  0.00   1  11   4:02pm   N 30.16   48
17   69.5  85.5   3:26pm  54.8   7:05am    3    7  0.00   0   8   5:43pm  NE 30.11   56
18   67.8  78.1   5:48pm  59.9   6:45am    1    4  0.00   0   8   4:51pm   E 30.08   65
19   70.9  88.0   5:00pm  57.2   7:23am    2    8  0.00   0   7  10:26am   N 30.01   62
20   74.7  91.0   4:21pm  60.4   7:27am    1   10  0.00   0   7   3:17pm SSE 29.99   58
21   77.6  91.4   2:48pm  67.4   7:35am    0   13  0.00   0   8  12:01pm  SE 30.02   60
22   77.5  91.0   3:57pm  66.4   7:09am    0   12  0.00   0  10  12:45pm SSE 30.06   62
23   78.6  91.4   3:51pm  68.4   7:18am    0   14  0.00   0   8   3:17pm ESE 30.06   60
24   78.5  92.7   2:35pm  67.6   7:45am    0   13  0.00   0  10   2:16pm ENE 30.09   57
25   77.0  90.5   3:07pm  65.5   7:55am    0   12  0.00   0   6   1:28pm  NE 30.09   55
26   75.0  89.5   4:03pm  61.3   7:36am    0   10  0.00   0   8   4:15pm   N 29.99   56
27   75.3  91.6   4:48pm  61.2   7:35am    1   11  0.00   0   7  12:36pm   S 29.96   55
28   74.9  90.7   3:47pm  60.1   7:36am    1   11  0.00   0   7   1:08pm   W 30.00   52
29   73.5  92.7   4:52pm  57.8   7:56am    1   10  0.00   0   7   3:33pm WSW 30.01   52
30   72.6  85.3   3:47pm  63.2  11:56pm    0    8  0.00   1  16   1:06pm   N 30.03   49
---------------------------------------------------------------------------------------
TOT  75.8  97.5   9/1/08  51.9  9/16/08   17  340  2.32   1  24   9/2/08   N 29.92   61

HEAT BASE: 65.0
COOL BASE: 65.0


</pre>