NOAA-Style Climate Reports


Report for 2008 October
<pre>
                  MONTHLY CLIMATOLOGICAL SUMMARY FOR 10/2008
                                        HEAT  COOL        
     MEAN                               DEG   DEG       WIND SPEED       DOM MEAN  MEAN
DAY  TEMP  HIGH   TIME     LOW   TIME   DAYS  DAYS RAIN AVG  HI  TIME    DIR BAROM HUM
---------------------------------------------------------------------------------------
1    70.0  88.6   3:50pm  52.8   7:26am    3    8  0.00   0   7   2:01pm WSW 29.99   44
2    71.0  88.0   3:56pm  56.2   7:47am    2    8  0.00   0   8   1:27pm   N 29.91   45
3    73.2  91.0   5:02pm  60.5   5:42am    1    9  0.00   1  13  10:40am  SE 29.85   55
4    77.6  90.5   3:28pm  66.6   7:32am    0   13  0.00   2  17  12:40pm SSE 29.90   48
5
6    71.9  78.8   2:10pm  65.3  11:03pm    0    7  1.06   2  18  12:48am SSE 29.81   75
7    68.0  77.0   3:40pm  59.0  11:59pm    1    4  0.01   2  18   2:29pm   N 29.96   58
8    64.8  85.7   4:01pm  46.2   7:39am    6    6  0.00   0   5  12:05pm   N 29.98   51
9    69.8  85.9   3:43pm  57.2   6:54am    2    7  0.00   1  10  12:38pm  SE 29.91   48
10   70.6  84.7   2:50pm  59.2   7:38am    1    7  0.00   2  19  11:05am SSE 29.87   62
11   73.1  84.1   1:28pm  64.0   7:43am    0    8  0.00   1  14  11:10am SSE 29.94   64
12   73.6  85.7   4:08pm  64.7   7:43am    0    9  0.00   2  16   3:57pm  SE 29.94   65
13   74.8  84.1   3:55pm  67.6   6:45am    0   10  0.00   1  12  10:26am SSE 30.01   69
14   74.0  83.0   1:30pm  69.9   5:36am    0    9  0.31   0  10   6:54pm  SE 30.01   78
15   68.0  75.8  10:35am  58.4  11:43pm    1    4  0.36   1  16   8:55pm   N 30.03   79
16   61.4  67.3   3:28pm  56.9   4:06am    4    0  0.00   1  11  12:17am   N 30.16   71
17   65.2  79.8   4:40pm  53.3   5:51am    4    4  0.00   0  10   1:41pm   N 30.15   56
18   65.1  83.2   4:00pm  51.1   7:43am    5    5  0.00   1  10  11:25am   N 30.17   52
19   65.8  80.3   3:21pm  54.4   5:06am    3    4  0.00   1  13  10:59am SSE 30.11   55
20   70.1  86.5   3:41pm  58.9   3:40am    2    7  0.00   1  12   9:39am   S 30.08   59
21   68.8  84.1   2:39pm  56.6   7:46am    2    6  0.00   1  14   4:46pm SSE 30.02   62
22   61.7  76.8  12:54pm  49.9  11:52pm    4    1  0.09   3  20   2:55pm   S 29.97   69
23   53.8  71.5   4:03pm  39.3   6:27am   12    1  0.00   1  12   9:45am   W 30.09   49
24   55.3  72.0   4:20pm  38.6   7:47am   11    1  0.00   0  11   1:29am   N 29.99   50
25   61.5  80.7   3:21pm  45.5   8:26am    7    4  0.00   0   6   6:56am   N 29.99   48
26   68.5  87.4   2:53pm  56.9  11:56pm    2    6  0.00   3  19   5:48pm   S 30.07   48
27   50.6  61.6   3:13pm  37.8  11:54pm   14    0  0.00   2  14   9:48am   N 30.54   28
28   49.4  65.0   2:37pm  35.9   6:40am   16    0  0.00   0   7   9:58am SSE 30.45   37
29   60.6  77.7   2:40pm  47.0   7:17am    7    3  0.00   1  18   3:04pm   S 30.22   33
30   66.0  80.7   2:04pm  52.2   7:01am    4    5  0.00   3  21   1:36pm   S 30.20   51
31   68.6  81.6   3:35pm  58.0   8:01am    1    5  0.00   3  18  12:22am   S 30.25   63
---------------------------------------------------------------------------------------
TOT  66.7  91.0  10/3/08  35.9 10/28/08  116  159  1.83   1  21 10/30/08   S 30.05   56

HEAT BASE: 65.0
COOL BASE: 65.0


</pre>