NOAA-Style Climate Reports


Report for 2008 November
<pre>
                  MONTHLY CLIMATOLOGICAL SUMMARY FOR 11/2008
                                        HEAT  COOL        
     MEAN                               DEG   DEG       WIND SPEED       DOM MEAN  MEAN
DAY  TEMP  HIGH   TIME     LOW   TIME   DAYS  DAYS RAIN AVG  HI  TIME    DIR BAROM HUM
---------------------------------------------------------------------------------------
1    68.6  84.0   3:36pm  58.9   8:04am    1    5  0.00   0   7   4:59am   S 30.16   60
2    70.2  84.9   3:20pm  58.4   8:00am    1    6  0.00   1  11   9:19am   S 30.06   59
3    68.2  79.8   2:17pm  58.3   7:59am    1    4  0.00   2  14  12:53pm SSE 30.03   55
4    68.6  80.9   1:37pm  58.0   5:26am    2    5  0.00   3  18  11:41am SSE 29.94   60
5    72.4  81.2   2:13pm  66.1   5:43am    0    7  0.00   6  28   1:36pm   S 29.72   63
6    61.1  72.3   2:31pm  48.5  11:59pm    5    2  0.06   1  26  12:27am   N 29.89   43
7    53.4  70.9   3:04pm  37.9   7:14am   12    1  0.00   1  10   2:21am   W 30.03   47
8    55.2  73.3   2:46pm  40.8   7:33am   11    1  0.00   0  13   4:12pm   N 29.99   44
9    57.7  71.6   2:22pm  44.8   7:13am    8    1  0.00   1  11   9:27pm ESE 29.96   37
10   59.4  64.0   7:12pm  53.8   6:40am    6    0  1.97   3  16   4:25pm SSE 29.83   72
11   63.7  74.2   2:44pm  58.1   7:48am    3    1  0.04   0  13  12:55am   S 29.82   81
12   59.9  69.1   3:05pm  51.4  11:55pm    6    0  0.00   0  10   7:45am   N 29.87   73
13   59.4  74.4   2:20pm  46.8   5:40am    7    2  0.00   1  18  11:30am   S 29.81   72
14   61.1  71.5   2:30pm  50.5  11:55pm    5    1  0.01   3  26   4:30pm   N 29.81   66
15   45.8  53.1   2:45pm  34.3  11:57pm   19    0  0.00   4  22   1:10pm   N 30.30   40
16   48.6  68.4   2:50pm  32.5   1:02am   17    0  0.00   1  12  11:36am   S 30.25   48
17   56.9  77.0   2:34pm  41.9   6:50am   10    2  0.00   1  12  10:35pm   N 30.23   42
18   50.4  63.1   2:32pm  41.8   7:23am   15    0  0.00   1  11  12:12am   N 30.39   50
19   58.1  77.0   2:57pm  43.8   5:11am    9    2  0.00   2  14   8:55am   S 30.12   51
20   51.1  58.1  12:00am  40.6  11:55pm   14    0  0.00   3  21   5:54pm   N 30.21   51
21   39.7  50.5   2:42pm  31.0   7:22am   25    0  0.00   1  16   1:27am   N 30.49   43
22   46.5  54.7   2:56pm  38.2   1:51am   18    0  0.00   1  11   4:39am SSE 30.31   51
23   59.7  67.9  12:31pm  50.4   2:39am    6    0  0.00   2  18  12:55pm   S 30.07   70
24   54.6  63.1   2:53pm  37.5  11:59pm   10    0  0.00   2  19   8:20am   N 30.19   51
25   50.6  70.6   2:31pm  33.5   4:59am   15    1  0.00   1  16   4:03pm   S 30.16   46
26   56.5  70.9   2:48pm  45.2  11:57pm    9    1  0.00   2  16   9:50am   S 29.97   40
27   52.4  67.8   2:47pm  39.2   6:59am   13    0  0.00   0   5   3:17pm NNW 29.96   59
28   50.4  55.4  12:00am  45.5   9:42pm   15    0  0.45   0   8   5:34am   N 29.87   80
29   46.1  55.3   1:31pm  39.9   7:16am   19    0  0.01   1  13   1:33pm   N 29.76   71
30   48.3  55.7   1:44pm  40.9  10:56pm   16    0  0.00   3  22   2:13pm  NW 29.72   43
---------------------------------------------------------------------------------------
TOT  56.5  84.9  11/2/08  31.0 11/21/08  299   45  2.54   2  28  11/5/08   S 30.03   56

HEAT BASE: 65.0
COOL BASE: 65.0


</pre>