NOAA-Style Climate Reports


Report for 2008 December
<pre>
                  MONTHLY CLIMATOLOGICAL SUMMARY FOR 12/2008
                                        HEAT  COOL        
     MEAN                               DEG   DEG       WIND SPEED       DOM MEAN  MEAN
DAY  TEMP  HIGH   TIME     LOW   TIME   DAYS  DAYS RAIN AVG  HI  TIME    DIR BAROM HUM
---------------------------------------------------------------------------------------
1    41.4  49.5   2:05pm  32.5  11:36pm   24    0  0.00   2  22   9:55am  NW 30.06   42
2    49.5  63.9   2:37pm  32.5  12:00am   16    0  0.00   4  22   9:52am   S 29.99   43
3    56.4  73.2  12:31pm  37.2  11:57pm    9    1  0.00   6  24   8:20am   S 29.86   57
4    37.9  49.1   2:35pm  28.4   7:31am   27    0  0.00   2  17  12:04pm   N 30.37   39
5    36.6  49.2   2:38pm  27.3   7:34am   28    0  0.00   0   7  12:12am   N 30.36   48
6    41.8  60.2   2:55pm  29.4   2:04am   23    0  0.00   0   8  10:26am   S 30.13   48
7    49.9  65.8   2:13pm  34.9   5:56am   15    0  0.00   2  18  11:44pm   S 30.10   44
8    60.4  69.4   3:17pm  52.0   2:53am    6    1  0.70   4  25   1:40pm   S 29.71   72
9    47.4  65.5  12:48am  32.7  11:40pm   18    0  0.01   4  25   7:46pm   N 29.77   75
10   32.6  40.8   4:10pm  26.3   9:05am   32    0  0.00   3  18  12:29am   N 30.18   55
11   39.3  57.3   2:51pm  25.6   8:02am   26    0  0.00   1  11   1:15am   N 30.11   50
12   45.3  60.9   2:46pm  31.2   7:53am   20    0  0.00   1  13  11:40pm SSE 30.18   58
13   56.3  66.4   1:56pm  45.8   6:55am    9    0  0.00   5  29   1:57pm   S 29.81   57
14   64.4  75.8   2:21pm  36.5  11:39pm    4    3  0.00   7  28   7:58am   S 29.68   60
15   27.3  36.5  12:00am  22.2  11:46pm   38    0  0.00   5  19   1:22am   N 30.33   49
16   26.3  32.4  11:42pm  22.2  12:00am   39    0  0.00   0  10  12:21am   N 30.20   86
17   39.5  44.6  10:04pm  32.4  12:00am   25    0  0.03   0   5  12:04pm ENE 30.12   90
18   53.7  65.3   8:09pm  44.6  12:07am   11    0  0.07   1  20   8:55pm   S 30.01   92
19   59.6  70.8   2:26pm  49.8  11:59pm    6    1  0.01   0  10  10:47am   N 29.97   63
20   51.7  64.5  12:19pm  30.7  11:55pm   13    0  0.00   2  19  11:39pm   N 29.93   61
21   27.5  34.9   2:47pm  19.5   8:00am   37    0  0.00   4  20   8:42am   N 30.45   42
22   27.7  31.9  11:33pm  22.9   7:26am   37    0  0.00   2  18  10:37pm   N 30.40   34
23   38.3  51.4  11:59pm  31.9  12:00am   27    0  0.01   3  17   9:12pm   S 29.90   77
24   47.7  53.1   2:55pm  38.2  11:55pm   17    0  0.00   1  20   2:28am   N 30.05   67
25   52.0  66.4   2:43pm  37.2   1:15am   13    0  0.00   2  12   3:29pm SSE 30.05   68
26   71.0  79.0   2:57pm  62.4  12:00am    0    6  0.00   6  30   2:07pm   S 29.75   74
27   59.4  71.8   8:36am  36.5  11:59pm    8    2  0.13   6  27   2:21pm   W 29.83   50
28   41.7  58.3   1:44pm  29.5   6:37am   23    0  0.00   0   9  11:18am   S 30.22   48
29   47.5  66.6   2:39pm  34.4   5:23am   18    0  0.00   0   5   9:13am   S 30.24   41
30   54.1  73.5   2:31pm  42.2   8:00am   12    1  0.00   2  20   2:49pm   S 30.01   36
31   45.3  53.3   2:46pm  35.8  10:26pm   20    0  0.00   3  22   3:01am   N 30.24   41
---------------------------------------------------------------------------------------
TOT  46.1  79.0 12/26/08  19.5 12/21/08  600   15  0.96   3  30 12/26/08   S 30.07   57

HEAT BASE: 65.0
COOL BASE: 65.0


</pre>