NOAA-Style Climate Reports


Report for 2009 January
<pre>
                  MONTHLY CLIMATOLOGICAL SUMMARY FOR 1/2009
                                        HEAT  COOL        
     MEAN                               DEG   DEG       WIND SPEED       DOM MEAN  MEAN
DAY  TEMP  HIGH   TIME     LOW   TIME   DAYS  DAYS RAIN AVG  HI  TIME    DIR BAROM HUM
---------------------------------------------------------------------------------------
1    49.3  63.9   2:36pm  35.2   6:22am   16    0  0.00   2  19  10:26am   S 29.91   52
2    58.7  72.1   2:52pm  46.2   7:40am    7    1  0.01   2  16   7:09pm   S 29.72   72
3    68.8  80.7   2:32pm  61.6  11:57pm    1    5  0.00   4  19   9:10am   S 29.61   68
4    39.5  61.6  12:00am  33.1   8:09am   25    0  0.00   4  17   9:10am   N 30.09   57
5    32.5  34.1  12:00am  30.4   9:30am   32    0  0.35   1  13  12:00am   N 30.05   71
6    43.4  61.8   2:30pm  33.7  12:00am   22    0  0.01   3  20   5:05pm   S 29.64   64
7    45.0  62.4   3:03pm  31.0   6:03am   20    0  0.00   1  11   2:17pm SSW 29.74   45
8    53.4  73.0   2:24pm  36.3   7:53am   13    1  0.00   0   8   2:35pm ENE 29.85   45
9    65.2  77.6   2:55pm  51.9   4:42am    4    4  0.00   5  24  10:52am   S 29.74   62
10   39.2  56.5  12:00am  32.2   8:52am   26    0  0.00   4  20   7:27am NNW 30.20   47
11   40.7  62.0   3:14pm  24.7   7:52am   24    0  0.00   0  10  11:38am   S 30.28   47
12   50.3  65.6   2:59pm  36.3   7:54am   15    0  0.00   2  21   5:34pm   S 30.11   36
13   36.5  46.4   2:55pm  27.5   7:54am   28    0  0.00   2  18  12:03am   N 30.34   38
14   43.9  62.3   2:57pm  30.9   4:57am   21    0  0.00   1  13   9:28am   S 30.21   37
15   33.0  43.5   2:54pm  23.5  11:57pm   32    0  0.00   3  14  12:05am   N 30.54   42
16   29.2  40.3   4:17pm  19.1   5:38am   36    0  0.00   1   8   2:48pm   N 30.58   51
17   52.6  68.4   3:13pm  40.5  12:00am   13    0  0.00   3  20   6:30am   S 30.18   49
18   48.4  65.3   2:42pm  32.5   6:16am   17    0  0.00   1  14   3:04pm  NW 30.09   43
19   51.8  58.4   3:16pm  41.3  11:57pm   13    0  0.00   2  16   9:45am  NW 29.95   33
20   44.6  54.4   3:31pm  35.8  10:22pm   20    0  0.00   2  14   9:00am   N 30.17   43
21   48.9  69.8   3:31pm  34.9   4:10am   17    0  0.00   1  17   8:18am   S 30.04   38
22   56.2  80.1   3:04pm  31.0   6:13am   12    3  0.00   3  20   4:49pm   S 29.87   38
23   62.0  78.3   2:08pm  41.1  11:59pm    6    3  0.00   3  24  10:41pm   S 29.87   38
24   35.6  41.1  12:00am  31.0   9:29am   29    0  0.00   3  21   6:14am   N 30.29   44
25   44.3  56.7   3:01pm  36.6   3:15am   21    0  0.00   0  10  10:57am  SE 30.10   46
26   38.3  41.9   2:44am  34.3  10:32pm   27    0  0.21   2  13  10:27pm ENE 30.07   82
27   31.1  35.0   1:20am  24.2  11:53pm   34    0  0.12   3  13   3:46am   N 30.11   89
28   27.7  38.5   3:39pm  19.2   7:50am   37    0  0.04   1  12   1:08am   N 30.19   74
29   35.7  54.2   3:42pm  22.4   5:59am   29    0  0.00   0  12   4:48pm   N 30.23   71
30   43.1  64.7   3:40pm  26.7   6:26am   22    0  0.00   1  14   1:49pm WSW 30.31   55
31   51.0  72.5   1:57pm  34.3   7:53am   14    1  0.00   2  20   4:35pm   S 30.11   39
---------------------------------------------------------------------------------------
TOT  45.2  80.7   1/3/09  19.1  1/16/09  633   19  0.74   2  24   1/9/09   S 30.07   52

HEAT BASE: 65.0
COOL BASE: 65.0


</pre>