NOAA-Style Climate Reports


Report for 2009 February
<pre>
                  MONTHLY CLIMATOLOGICAL SUMMARY FOR 2/2009
                                        HEAT  COOL        
     MEAN                               DEG   DEG       WIND SPEED       DOM MEAN  MEAN
DAY  TEMP  HIGH   TIME     LOW   TIME   DAYS  DAYS RAIN AVG  HI  TIME    DIR BAROM HUM
---------------------------------------------------------------------------------------
1    55.0  71.5   2:16pm  44.1   7:20am   11    1  0.00   3  24   8:00pm   S 29.88   46
2    45.1  59.6   3:03pm  32.4   7:44am   20    0  0.00   1  16  12:46am   N 30.21   30
3    46.8  66.6   3:01pm  31.5   7:42am   18    0  0.00   1  11   2:40pm   N 30.23   34
4    41.5  57.3   3:12pm  26.9   7:03am   23    0  0.00   1   8  11:06pm   N 30.47   36
5    54.2  70.8   3:04pm  39.9   7:33am   12    1  0.00   4  20   4:38pm   S 30.28   53
6    62.9  74.0   3:05pm  54.7   5:46am    4    2  0.00   8  29   2:04pm   S 30.07   64
7    66.8  75.3   2:46pm  60.9   6:33am    1    3  0.00   5  24   4:31pm   S 30.05   62
8    64.3  72.5  12:50pm  56.9   7:40am    3    2  0.00   4  19   7:43pm SSE 30.04   65
9    59.5  70.1   1:47pm  51.6   6:56am    6    1  0.38   3  21   4:15am   S 29.83   71
10   63.3  75.6   2:55pm  52.3  11:32pm    3    2  1.00   3  24   9:32pm   S 29.65   84
11   55.4  67.9   3:17pm  45.8  11:57pm   10    0  0.01   3  17   8:58am   W 29.87   49
12   59.3  75.6   3:29pm  45.7  12:11am    8    2  0.00   1  13   1:04pm SSE 30.04   48
13   61.9  75.3   1:29pm  45.8  11:59pm    5    2  0.00   2  18   9:47am   S 29.89   47
14   42.9  51.6   2:30pm  34.0   7:18am   22    0  0.00   2  16   2:10am   N 30.03   63
15   46.2  58.6   2:45pm  37.2   7:18am   19    0  0.00   2  14  11:46am   N 30.17   63
16   47.9  62.3   2:55pm  36.3   6:48am   17    0  0.00   1  12   1:46pm SSE 30.24   60
17   56.6  63.7   7:43pm  49.8   2:20am    8    0  0.00   4  20   6:55pm   S 29.84   76
18   61.4  74.4   1:34pm  49.5  11:57pm    5    2  0.00   2  17   3:15pm   W 29.79   44
19   45.7  57.5   3:22pm  35.3   7:40am   19    0  0.00   1  11  10:41am   N 30.22   39
20   52.8  70.3   2:46pm  36.5   5:47am   13    1  0.00   4  24  11:05am   S 30.08   39
21   48.4  55.1  12:00am  34.9  11:58pm   17    0  0.00   4  25   2:02am   N 30.14   39
22   43.9  64.8   3:41pm  26.1   7:05am   21    0  0.00   0   7   1:16pm SSE 30.42   38
23   53.4  66.3   2:58pm  42.6   1:28am   12    0  0.00   3  17   1:17pm  SE 30.26   32
24   64.2  80.1   3:51pm  51.6   3:17am    5    4  0.00   5  30  10:12am   S 29.89   54
25   69.5  84.7   2:51pm  56.7   6:22am    2    7  0.00   3  14  10:43pm   S 29.82   61
26   75.1  88.6   3:08pm  66.9   7:20am    0   10  0.00   5  24   8:54am   S 29.70   58
27   56.2  70.9  12:00am  48.0  10:24pm    9    0  0.00   3  14   7:46am   N 29.78   55
28   40.9  49.4  12:10am  32.5  11:57pm   24    0  0.00   5  25   3:48pm   N 30.27   39
---------------------------------------------------------------------------------------
TOT  55.0  88.6  2/26/09  26.1  2/22/09  317   38  1.39   3  30  2/24/09   S 30.04   52

HEAT BASE: 65.0
COOL BASE: 65.0

</pre>