NOAA-Style Climate Reports


Report for 2009 March
<pre>
                  MONTHLY CLIMATOLOGICAL SUMMARY FOR 3/2009
                                        HEAT  COOL        
     MEAN                               DEG   DEG       WIND SPEED       DOM MEAN  MEAN
DAY  TEMP  HIGH   TIME     LOW   TIME   DAYS  DAYS RAIN AVG  HI  TIME    DIR BAROM HUM
---------------------------------------------------------------------------------------
1    39.0  53.9   3:31pm  27.5   7:04am   26    0  0.00   2  14   8:25am   N 30.47   33
2    45.1  62.4   3:30pm  30.0   6:42am   20    0  0.00   1  11  11:26pm ESE 30.26   32
3    53.5  68.1   3:31pm  41.6   7:18am   12    0  0.00   4  17   2:42pm SSE 30.11   37
4    64.5  79.8   3:19pm  52.2   3:21am    5    4  0.00   5  25  11:29am   S 29.96   56
5    72.5  86.3   2:19pm  62.1   3:17am    1    8  0.00   8  29   3:15am   S 29.89   52
6    72.0  83.4   3:21pm  62.6   5:29am    0    7  0.00   6  27  11:33pm   S 29.93   55
7    71.2  78.3   1:25pm  65.3   6:51am    0    6  0.00   7  27  11:57am   S 29.83   60
8    70.7  79.0   3:35pm  65.0  10:31pm    0    5  0.00   2  21   3:07am   S 29.88   36
9    72.1  81.4   4:33pm  64.5   6:34am    0    7  0.00   4  21   6:05pm   S 29.85   56
10   69.1  78.1   1:43pm  48.2  11:45pm    1    5  0.00   4  22  10:22pm   S 29.83   67
11   40.6  48.3  12:04am  37.6   9:38am   24    0  1.92   4  20   1:07am   N 30.32   78
12   38.7  41.6   3:47pm  36.6   3:49am   26    0  0.23   2  16  12:19am  NE 30.39   86
13   38.9  40.5  11:00pm  37.3   3:44am   26    0  0.38   2  14   4:49pm   N 30.24   87
14   45.6  51.3   4:43pm  40.5  12:00am   19    0  0.10   1  10   2:39pm   N 30.09   83
15   50.7  66.6   3:59pm  41.1   5:51am   14    0  0.00   1  10   4:44pm  SE 30.05   74
16   60.6  79.8   4:13pm  46.2   2:56am    8    4  0.00   1   8   8:47am  SE 30.11   65
17   68.8  87.4   3:40pm  55.3   7:45am    3    7  0.00   2  14   6:04pm SSE 30.06   54
18   67.5  84.0   3:08pm  54.4   7:28am    3    6  0.00   2  16  12:57pm   S 29.99   54
19   66.7  83.8   2:23pm  53.2   7:36am    3    5  0.00   2  13   5:27pm ENE 30.06   51
20   63.7  79.0   5:03pm  51.0   5:30am    5    3  0.00   2  13   6:13pm  SE 30.15   56
21   67.9  81.6   4:05pm  56.9   7:55am    2    5  0.00   2  13   5:06pm  SE 30.10   51
22   68.4  79.0   4:11pm  60.1   6:24am    1    4  0.00   4  19   3:17pm   S 30.01   60
23   70.6  78.3   3:37pm  65.0   6:26am    0    6  0.00   7  28   2:02pm   S 29.72   60
24   68.1  75.4   4:36pm  55.3  11:57pm    1    4  0.01   4  27   1:28am   S 29.72   52
25   53.7  60.9  11:19am  49.4  11:27pm   11    0  0.44   1  13   4:40pm  NE 29.84   60
26   59.1  73.2   6:20pm  49.8  12:00am    7    1  0.01   2  20   5:20pm SSE 29.62   86
27   55.6  66.1  12:32pm  35.5  11:58pm    9    0  0.03   3  24   5:16pm   W 29.56   80
28   40.7  51.1   5:46pm  32.8   1:55am   24    0  0.00   5  24   3:16pm   W 29.79   58
29   52.5  73.2   3:28pm  31.2   7:47am   14    2  0.00   2  17   3:53pm SSE 29.93   44
30   63.2  75.6   3:55pm  52.5   7:26am    4    2  0.05   5  21   1:35pm SSE 29.62   57
31   56.8  67.8   3:57pm  46.7   8:20am    8    0  0.00   3  20  11:48am  NW 29.85   36
---------------------------------------------------------------------------------------
TOT  59.0  87.4  3/17/09  27.5   3/1/09  279   93  3.17   3  29   3/5/09   S 29.97   59

HEAT BASE: 65.0
COOL BASE: 65.0


</pre>