NOAA-Style Climate Reports


Report for 2009 April
<pre>
                  MONTHLY CLIMATOLOGICAL SUMMARY FOR 4/2009
                                        HEAT  COOL        
     MEAN                               DEG   DEG       WIND SPEED       DOM MEAN  MEAN
DAY  TEMP  HIGH   TIME     LOW   TIME   DAYS  DAYS RAIN AVG  HI  TIME    DIR BAROM HUM
---------------------------------------------------------------------------------------
1    62.2  79.6   4:37pm  47.4   7:50am    7    4  0.00   4  24   4:07pm SSE 29.64   31
2    58.0  63.7   3:46pm  47.1  11:56pm    7    0  0.00   5  32  12:32pm   S 29.53   52
3    56.4  74.7   3:56pm  38.3   6:09am   11    2  0.00   1  14   2:39pm  SE 29.79   53
4    68.6  84.3   3:47pm  55.6   7:11am    3    7  0.00   4  19  10:50am SSE 29.60   57
5    55.6  70.8  12:00am  45.4   7:42am    9    0  0.00   6  24   9:36am   N 30.00   40
6    47.9  59.3   3:51pm  37.3   7:38am   17    0  0.00   4  21   6:15pm   N 30.37   33
7    51.6  73.2   5:29pm  29.4   7:41am   15    1  0.00   1  14  10:37pm   S 30.24   36
8    68.0  86.1   4:06pm  48.5   7:15am    5    8  0.00   4  19   5:51pm   S 29.75   31
9    71.4  86.7   4:12pm  60.1  11:59pm    0    7  0.00   5  22  12:37pm   S 29.48   49
10   59.7  70.3   5:09pm  49.1   7:20am    6    1  0.01   3  19   6:38am   N 29.92   40
11   59.5  74.7   4:20pm  45.4   6:55am    7    2  0.02   2  18   8:14pm  NE 30.04   53
12   58.6  68.9   6:42pm  51.1   8:31am    7    0  0.90   2  20   6:53am SSE 29.74   76
13   56.9  65.6   4:48pm  51.0   6:43am    8    0  0.02   3  18   9:28am  NW 29.86   64
14   60.8  80.5   6:06pm  41.6   6:28am    8    4  0.00   0   8   1:01pm SSW 29.98   54
15   65.1  76.7  12:48pm  53.6   6:34am    4    4  0.00   2  16  11:28am SSE 29.95   51
16   67.4  78.5   3:56pm  56.2   6:51am    2    4  0.00   3  18  12:07pm SSE 29.95   53
17   61.3  66.1  12:00am  55.9  12:31pm    4    0  0.76   2  22   1:13pm ENE 29.95   74
18   65.0  76.0   5:54pm  59.6   2:14am    2    2  0.00   1   8  11:20am SSE 29.88   81
19   62.2  69.9   2:59pm  53.2   7:20am    4    1  0.00   4  20   1:57pm  NW 29.98   62
20   65.0  84.5   4:54pm  45.1   7:16am    6    6  0.00   1  11   2:12pm   S 30.05   50
21   70.8  91.8   5:03pm  50.5   7:17am    3    9  0.00   1  16  10:34am   N 29.92   46
22   77.9  93.4   3:56pm  59.0   7:30am    1   13  0.00   4  21   5:17pm   S 29.77   39
23   76.9  88.6   4:06pm  66.4   7:11am    0   12  0.00  10  26  11:40am   S 29.74   38
24   74.4  84.3   4:37pm  68.1   3:30am    0    9  0.00   8  28   4:23pm   S 29.85   64
25   74.6  84.3   3:00pm  69.1  12:57am    0   10  0.00   7  24   6:17pm SSE 29.87   69
26   74.0  78.6   5:05pm  70.8   6:20am    0    9  0.00   9  24  12:40am SSE 29.81   69
27   68.1  72.5   5:42am  62.4  11:58pm    0    3  0.48   5  25   1:17am SSE 29.90   77
28   66.1  80.5   4:25pm  58.3   4:25am    2    3  0.01   2  17   6:00pm SSE 30.11   80
29   68.8  75.4   1:07pm  62.7   8:57pm    0    4  0.63   5  20   9:29am SSE 29.96   83
30   73.0  86.1   4:25pm  61.3   3:39am    1    8  0.88   5  24   2:37am SSE 29.89   75
---------------------------------------------------------------------------------------
TOT  64.9  93.4  4/22/09  29.4   4/7/09  139  135  3.71   4  32   4/2/09 SSE 29.88   56

HEAT BASE: 65.0
COOL BASE: 65.0


</pre>