NOAA-Style Climate Reports


Report for 2009 May
<pre>
                  MONTHLY CLIMATOLOGICAL SUMMARY FOR 5/2009
                                        HEAT  COOL        
     MEAN                               DEG   DEG       WIND SPEED       DOM MEAN  MEAN
DAY  TEMP  HIGH   TIME     LOW   TIME   DAYS  DAYS RAIN AVG  HI  TIME    DIR BAROM HUM
---------------------------------------------------------------------------------------
1    75.3  79.0   2:37pm  71.8   4:16am    0   10  0.00   4  18  10:34am   S 29.84   77
2    70.0  81.2   1:24pm  61.2  11:53pm    1    6  2.52   2  16   2:56pm   S 29.74   83
3    60.4  65.2   5:03pm  57.2   8:02am    5    0  0.01   2  12   3:37am  NW 29.82   84
4    62.9  72.1   3:07pm  57.3   8:07am    3    1  0.00   1  11  10:47am   N 29.93   73
5    67.9  75.8   7:00pm  62.3   6:23am    1    4  0.01   1  11   7:30pm SSE 29.80   85
6    75.0  81.6   1:54pm  65.0   6:58am    0   10  0.05   2  24   6:03am   S 29.71   76
7    77.4  87.2   1:50pm  67.1   4:08am    0   12  0.00   3  20  11:52pm SSE 29.70   78
8    81.4  91.0   3:07pm  71.5   6:08am    0   16  0.00   7  25   9:17am   S 29.55   68
9    69.3  80.5  12:00am  61.3   7:30pm    1    5  0.23   3  16   4:41am   N 29.85   71
10   69.2  83.8   5:51pm  59.9   5:29am    2    6  0.01   2  13   9:38pm   N 29.96   80
11   65.4  79.6   4:09pm  59.8   9:58am    2    2  0.45   3  17   1:30pm   N 30.00   84
12   73.3  89.7   3:53pm  61.2   3:29am    1   10  0.00   4  20   5:38pm SSE 29.85   74
13   80.8  91.4   3:55pm  72.5   5:49am    0   16  0.00   9  30   1:08pm   S 29.66   63
14   75.8  86.7   4:55pm  66.9   9:03am    0   11  0.23   4  21   1:47am SSE 29.88   69
15   78.8  89.7   2:40pm  69.4   6:49am    0   14  0.00   5  24  12:27pm SSE 29.82   65
16   66.0  77.6  12:00am  58.7  11:43pm    1    2  1.50   3  25   3:05am   N 30.03   82
17   65.4  77.7   5:30pm  53.5   6:57am    3    4  0.00   2  13   8:13am   N 30.20   52
18   67.6  82.8   5:06pm  54.1   6:53am    3    6  0.00   1  12  12:38pm  SE 30.19   46
19   70.6  85.7   5:14pm  56.2   6:56am    2    8  0.00   1  10  12:26pm  SE 30.14   47
20   71.6  86.3   4:31pm  55.1   6:27am    2    9  0.00   1  13  11:23am  SE 30.04   48
21   75.3  90.1   4:55pm  59.6   6:11am    1   11  0.00   1  11   3:22pm  SE 29.93   52
22   76.7  86.3   1:18pm  69.6   6:29am    0   12  0.00   1  12   3:56pm  NE 29.89   60
23   75.1  86.5   6:16pm  67.4   6:56am    0   10  0.53   1  18   6:40pm   N 29.83   69
24   73.5  84.0   2:07pm  66.0   6:33am    0    9  0.01   1  16   5:02pm   N 29.77   71
25   77.1  91.8   4:24pm  63.1   5:13am    0   12  0.00   1  10   2:27pm   W 29.65   61
26   79.6  97.5   5:52pm  69.3   8:58am    0   15  0.00   2  17  12:24pm  SE 29.57   62
27   71.4  81.6   5:27pm  60.9   7:43am    1    7  0.31   2  25   1:35am  NW 29.77   62
28   73.5  87.4   5:11pm  59.2   6:28am    1   10  0.00   1  13   1:01pm   N 29.85   55
29   76.7  91.4   4:40pm  62.1   7:08am    0   12  0.00   1  11   1:41pm   N 29.93   45
30   77.9  94.5   4:08pm  59.8   6:55am    1   14  0.00   0   8   9:20am   S 29.90   46
31   81.3  97.1   3:08pm  65.2   6:59am    0   16  0.00   2  13   8:56pm  SE 29.81   46
---------------------------------------------------------------------------------------
TOT  73.0  97.5  5/26/09  53.5  5/17/09   30  277  5.86   2  30  5/13/09   S 29.86   66

HEAT BASE: 65.0
COOL BASE: 65.0


</pre>