NOAA-Style Climate Reports


Report for 2009 June
<pre>
                  MONTHLY CLIMATOLOGICAL SUMMARY FOR 6/2009
                                        HEAT  COOL        
     MEAN                               DEG   DEG       WIND SPEED       DOM MEAN  MEAN
DAY  TEMP  HIGH   TIME     LOW   TIME   DAYS  DAYS RAIN AVG  HI  TIME    DIR BAROM HUM
---------------------------------------------------------------------------------------
1    80.3  91.6   3:34pm  68.6   6:24am    0   15  0.00   4  17  12:00pm SSE 29.79   49
2    78.3  92.5   4:57pm  65.5   9:23am    0   13  1.00   2  15  11:00am SSE 29.80   64
3    75.0  83.4  12:55pm  68.3   6:08am    0   10  0.04   2  16   3:32pm   N 29.84   66
4    73.3  83.8   4:48pm  63.5   6:52am    0    8  0.00   3  18   1:30pm   N 29.91   55
5    75.7  91.8   5:28pm  60.7   5:44am    1   11  0.00   1  11   6:22pm  SE 29.88   50
6    80.8  94.5   6:07pm  69.3   6:32am    0   16  0.00   4  19  10:30am  SE 29.75   53
7    83.0  94.0   3:55pm  72.1   6:50am    0   18  0.00   5  21   9:09am   S 29.66   49
8    83.8  95.9   5:27pm  72.7   6:45am    0   19  0.00   5  19   4:08am   S 29.68   53
9    84.4  94.5   5:53pm  74.2   7:00am    0   19  0.00   5  19   3:09pm   S 29.71   54
10   80.2  92.5   4:08pm  66.9   8:30pm    0   15  1.14   4  29   7:08pm   S 29.69   66
11   75.1  88.6   4:44pm  67.8   7:16am    0   10  0.11   3  24   1:36pm SSE 29.70   76
12   82.7  96.8   4:51pm  72.1   5:08am    0   18  0.00   3  20  11:35am   S 29.67   67
13   86.5  99.4   4:51pm  75.1   6:18am    0   21  0.00   2  13  11:00am SSE 29.73   62
14   84.3  97.1   5:28pm  74.6   3:04am    0   19  0.00   4  20  12:07am SSE 29.77   57
15   86.0  97.8   5:32pm  75.4   7:05am    0   21  0.00   5  19   3:14pm   S 29.72   55
16   86.6  98.2   5:24pm  75.6   6:48am    0   22  0.00   6  21   4:24am   S 29.69   52
17   86.0  97.5   5:36pm  73.5   5:53am    0   21  0.00   5  18   9:40am   S 29.75   56
18   86.0  97.1   5:19pm  76.1   6:24am    0   21  0.00   5  18   7:04am   S 29.72   56
19   85.6  94.0   5:40pm  76.5   6:01am    0   21  0.00   4  17   1:55am   S 29.71   57
20   86.3  96.8   3:20pm  76.0   6:46am    0   21  0.00   5  19  10:29am   S 29.70   55
21   87.2  99.2   5:28pm  76.7   6:47am    0   22  0.00   5  18   8:43am   S 29.68   53
22   88.8 102.3   5:32pm  77.4   6:39am    0   24  0.00   2  13   8:37am SSW 29.67   48
23   89.5 102.8   5:34pm  76.7   6:40am    0   25  0.00   1   8   8:46am WNW 29.69   47
24   87.4  99.9   2:59pm  76.5   6:23am    0   22  0.00   0  13   4:36pm SSE 29.73   56
25   89.9 103.3   5:17pm  78.3   6:35am    0   25  0.00   1  10   3:18pm SSE 29.74   46
26   89.8 102.8   5:56pm  75.6   6:40am    0   25  0.00   1  11   2:13pm SSE 29.69   44
27   92.0 106.2   5:58pm  79.6   6:56am    0   27  0.00   1   9   5:33pm   S 29.67   42
28   90.3 103.8   5:44pm  77.9   6:42am    0   25  0.00   1  12   6:37pm   N 29.71   45
29   80.1  84.7  12:00am  71.6  11:06am    0   15  0.19   1  20  10:21am   N 29.70   69
30   83.1  91.6   5:29pm  74.4   7:02am    0   17  0.00   0   9   1:56pm SSW 29.69   63
---------------------------------------------------------------------------------------
TOT  83.9 106.2  6/27/09  60.7   6/5/09    1  568  2.48   3  29  6/10/09   S 29.73   55

HEAT BASE: 65.0
COOL BASE: 65.0


</pre>