NOAA-Style Climate Reports


Report for 2009 July
<pre>
                  MONTHLY CLIMATOLOGICAL SUMMARY FOR 7/2009
                                        HEAT  COOL        
     MEAN                               DEG   DEG       WIND SPEED       DOM MEAN  MEAN
DAY  TEMP  HIGH   TIME     LOW   TIME   DAYS  DAYS RAIN AVG  HI  TIME    DIR BAROM HUM
---------------------------------------------------------------------------------------
1    85.9 101.5   5:58pm  72.0   6:50am    0   21  0.00   0   8   3:42pm   W 29.71   55
2    89.6 103.8   5:37pm  75.1   6:39am    0   25  0.00   0  10   2:20pm SSE 29.79   44
3    91.3 103.1   2:46pm  78.8   7:03am    0   26  0.00   2  14   2:28pm SSE 29.83   43
4    92.0 103.3   5:01pm  83.0   7:58am    0   27  0.00   4  17   8:47am   S 29.73   44
5    79.0  89.3  12:00am  75.6   7:20am    0   14  0.14   1  17   1:21am   N 29.77   76
6    79.7  89.5   5:53pm  71.8   7:13am    0   15  0.00   2  14   2:16pm   N 29.80   63
7    83.6  99.2   6:11pm  70.4   6:10am    0   19  0.00   0  10   4:11pm SSE 29.72   55
8    86.3 102.8   5:09pm  74.7   6:43am    0   21  0.00   2  18   6:51pm SSE 29.67   58
9    89.0 104.9   5:28pm  77.4   5:23am    0   24  0.01   3  16   3:30pm SSE 29.75   52
10   92.4 105.1   5:10pm  80.1   6:46am    0   27  0.00   4  17  10:28am SSE 29.84   43
11   91.4 104.9   5:41pm  79.8   7:05am    0   26  0.00   3  19   4:18am   S 29.91   42
12   91.6 106.8   5:51pm  78.3   6:29am    0   27  0.00   2  13   2:59pm   S 29.88   43
13   93.2 108.5   5:44pm  80.5   7:14am    0   28  0.00   2  12   8:20pm   S 29.77   38
14   93.3 106.8   3:55pm  80.1   7:09am    0   28  0.00   4  17   5:22pm   S 29.73   37
15   91.5 105.1   5:42pm  77.4   5:26am    0   27  0.00   3  21   3:31am   S 29.82   40
16   91.4 105.1   5:36pm  79.6   2:01am    0   26  0.00   2  13   2:54pm   S 29.80   44
17   84.0  96.1   6:02pm  73.5   7:02am    0   19  0.03   2  16   2:43am   N 29.90   55
18   83.9  94.9   6:17pm  72.5   6:32am    0   19  0.00   1  10   4:23am   N 29.97   40
19   85.7  98.2   5:56pm  72.3   6:40am    0   21  0.00   1  12  11:13pm SSE 29.91   51
20   80.5  92.3   5:54pm  75.4   9:52am    0   15  0.19   4  16   9:13am SSE 29.78   70
21   83.6  95.4   5:18pm  74.9   7:28am    0   19  0.09   3  14   9:46am   N 29.72   61
22   79.7  89.7   4:17pm  68.4   6:40am    0   15  0.00   2  12   1:40pm   N 29.86   54
23   81.1  91.4   1:42pm  71.5   6:50am    0   16  0.00   1  10   4:17pm   N 29.90   49
24   84.8  98.5   5:02pm  73.7   6:49am    0   20  0.00   2  16   3:28pm SSE 29.85   53
25   89.9 105.1   5:34pm  76.3   6:52am    0   25  0.00   3  14  10:27am   S 29.77   43
26   87.3 101.0   5:04pm  76.7   9:04pm    0   22  0.03   2  19   7:30pm   S 29.79   51
27   76.0  78.8   8:13am  73.5  11:40am    0   11  1.76   1  10   3:38am SSE 29.82   84
28   81.4  94.3   6:30pm  72.0   2:06am    0   16  0.06   0   7   1:12am SSE 29.73   72
29   83.3  94.3   6:23pm  77.0  11:56pm    0   18  0.00   1  11   7:08am   S 29.68   64
30   78.2  88.4   5:02pm  68.8   6:45am    0   13  1.14   2  19   5:47am   N 29.76   73
31   80.1  91.4   5:00pm  69.1   6:40am    0   14  0.14   1  20   9:29pm  NE 29.91   64
---------------------------------------------------------------------------------------
TOT  85.8 108.5  7/13/09  68.4  7/22/09    0  645  3.59   2  21  7/15/09   S 29.80   54

HEAT BASE: 65.0
COOL BASE: 65.0


</pre>