NOAA-Style Climate Reports


Report for 2009 August
<pre>
                  MONTHLY CLIMATOLOGICAL SUMMARY FOR 8/2009
                                        HEAT  COOL        
     MEAN                               DEG   DEG       WIND SPEED       DOM MEAN  MEAN
DAY  TEMP  HIGH   TIME     LOW   TIME   DAYS  DAYS RAIN AVG  HI  TIME    DIR BAROM HUM
---------------------------------------------------------------------------------------
1    79.9  92.5   4:11pm  73.5   3:20am    0   15  0.22   1  14   9:03am   S 29.85   75
2    84.1  98.5   6:27pm  72.5   4:08am    0   19  0.00   1  10   3:10pm SSE 29.86   63
3    87.6  99.9   5:58pm  76.3   6:56am    0   23  0.00   2  14  11:21am   S 29.80   48
4    87.6  99.2   6:07pm  76.5   7:03am    0   23  0.00   3  18  10:11am   S 29.81   51
5    85.0 100.2   3:29pm  77.7  11:17pm    0   20  0.03   3  21   5:22pm   S 29.83   59
6    84.9  97.1   4:10pm  73.2   6:29am    0   20  0.02   1  11   9:32am  SE 29.86   63
7    88.1  99.7   4:14pm  77.4   7:05am    0   23  0.00   4  16   1:24pm  SE 29.82   55
8    87.2  97.3   3:13pm  76.0   6:12am    0   22  0.00   4  20   2:40pm SSE 29.83   53
9    87.5  98.2   6:08pm  78.3   7:17am    0   23  0.00   5  18   2:04am SSE 29.86   53
10   88.0  99.4   6:03pm  77.6   6:43am    0   23  0.00   4  16   7:59am   S 29.89   55
11   83.4  92.5   5:48pm  75.6  11:56pm    0   18  0.00   3  16  11:32am   N 29.94   57
12   81.9  95.4   6:04pm  70.3   6:43am    0   17  0.00   1  13  11:12am   N 29.94   57
13   82.1  94.0   4:33pm  70.1   6:39am    0   17  0.00   1  14  11:09am ENE 29.89   54
14   82.6  93.4   1:25pm  74.0   7:08am    0   18  0.00   1  16  12:05pm SSE 29.85   60
15   86.7  97.8   4:09pm  74.9   6:25am    0   22  0.00   4  18   4:53pm  SE 29.76   51
16   87.8  98.5   6:01pm  78.8   6:31am    0   23  0.00   4  16  10:27am SSE 29.76   51
17   88.5  99.0   5:56pm  78.1   6:59am    0   23  0.00   3  14   1:26am SSE 29.80   52
18   86.0  97.3   6:08pm  77.2   6:55am    0   21  0.00   2  18   8:47pm  SE 29.83   57
19   86.6  98.7   3:54pm  75.3   7:10am    0   22  0.00   4  19   6:02pm SSE 29.71   56
20   88.6  99.2   6:20pm  79.6   6:49am    0   24  0.00   4  18   9:02am   S 29.68   53
21   80.6  94.3   6:19pm  69.3   3:52am    0   16  1.29   2  14   5:35am   N 29.88   59
22   81.6  95.4   6:32pm  66.8   7:11am    0   17  0.00   1  10   1:09pm   N 29.90   53
23   83.1  94.9   6:24pm  73.7   7:19am    0   18  0.00   2  12   9:37pm  SE 29.84   58
24   84.8  97.3   3:19pm  72.8   7:14am    0   20  0.00   2  11   2:11am SSE 29.84   56
25   86.3 100.7   4:52pm  75.3   6:41am    0   22  0.00   1   9  12:03am SSE 29.18   57
26   85.5  98.5   4:52pm  73.2   6:06am    0   20  0.00   1  12   4:21pm  SE 29.80   59
27   82.3  93.6   5:37pm  74.6   8:18am    0   17  0.02   1  14   4:15am   N 29.83   59
28   80.1  90.1   4:27pm  72.7   4:10am    0   15  0.00   2  18   1:38pm   N 29.83   60
29   77.2  89.0   5:14pm  64.2   6:50am    0   12  0.00   2  19   1:13pm   N 29.85   54
30   76.9  87.8   4:24pm  66.8   7:18am    0   12  0.00   2  16   2:34pm   N 29.93   54
31   76.0  86.3   6:31pm  66.4   7:24am    0   11  0.00   1  11   3:47pm   N 30.02   55
---------------------------------------------------------------------------------------
TOT  84.2 100.7  8/25/09  64.2  8/29/09    0  594  1.58   2  21   8/5/09 SSE 29.84   56

HEAT BASE: 65.0
COOL BASE: 65.0


</pre>