NOAA-Style Climate Reports


Report for 2009 September
<pre>
                  MONTHLY CLIMATOLOGICAL SUMMARY FOR 9/2009
                                        HEAT  COOL        
     MEAN                               DEG   DEG       WIND SPEED       DOM MEAN  MEAN
DAY  TEMP  HIGH   TIME     LOW   TIME   DAYS  DAYS RAIN AVG  HI  TIME    DIR BAROM HUM
---------------------------------------------------------------------------------------
1    78.2  89.9   4:45pm  67.3   7:25am    0   13  0.00   1  11   8:38am  SE 30.02   53
2    78.9  92.7   4:31pm  68.1   5:37am    0   14  0.00   3  13   9:46am  SE 29.94   54
3    79.0  89.9   1:21pm  71.3   7:32am    0   14  0.43   2  16   4:24pm  SE 29.83   61
4    76.5  85.9   6:11pm  69.1   3:26am    0   11  0.00   0   8   3:55am SSE 29.86   68
5    79.3  91.4   6:06pm  68.9   7:13am    0   14  0.00   0   8   3:55pm SSE 29.90   64
6    82.3  94.3   5:28pm  71.3   7:36am    0   17  0.00   0   7   1:48pm   N 29.91   58
7    84.4  96.1   3:55pm  73.5   7:34am    0   19  0.00   1  11   3:56pm  SE 29.84   53
8    84.3  95.6   3:19pm  72.8   7:33am    0   19  0.00   1  13  12:05pm  SE 29.77   50
9    83.9  95.9   4:01pm  71.1   7:11am    0   19  0.00   1  10   5:02pm  SE 29.80   55
10   80.0  95.6   4:27pm  72.3   9:31pm    0   15  0.91   1  24   5:24pm  SE 29.86   67
11   74.7  83.0   3:57pm  71.1  10:46pm    0   10  0.44   1  20   6:42pm   N 29.88   82
12   71.1  73.0  11:30am  69.6   5:46pm    0    6  1.12   1  11  11:43pm   N 29.79   89
13   70.1  73.9   4:36pm  67.4   7:54am    0    5  0.60   3  13  11:26am   N 29.73   89
14   69.7  71.3   3:32pm  68.4   5:01am    0    5  0.35   3  16   4:49pm   N 29.77   91
15   73.4  82.6   5:00pm  68.9   6:34am    0    8  0.00   2  11   9:30am NNW 29.79   79
16   70.9  73.9  11:09am  67.3  11:44pm    0    6  0.31   4  20   6:32pm  NW 29.77   85
17   71.3  80.1   4:22pm  67.3  12:00am    0    6  0.27   4  19   4:26pm   N 29.79   85
18   73.8  80.5   3:34pm  68.8   7:14am    0    9  0.00   2  13  10:06am   N 29.90   78
19   76.1  86.1   4:53pm  67.1   7:26am    0   11  0.00   1  10   1:56pm   N 29.93   71
20   78.1  89.9   4:24pm  67.1   7:08am    0   13  0.00   1  10   1:37pm SSE 29.84   65
21   81.9  93.6   2:44pm  73.7   7:01am    0   17  0.00   5  21  12:54pm   S 29.71   63
22   66.4  73.9  12:00am  60.7  10:56pm    1    2  0.08   2  19   1:51pm   N 29.97   75
23   63.8  70.9   2:01pm  58.0   4:50am    3    2  0.00   1  11  12:18pm   N 30.13   68
24   62.5  74.4   3:45pm  54.2   4:23am    5    2  0.00   1  12   6:16pm   N 30.13   69
25   67.3  83.2   5:11pm  52.3   7:55am    4    6  0.01   0   8   6:20pm SSE 30.07   61
26   74.7  89.9   3:40pm  59.0   7:48am    1   10  0.00   1  11   2:22am   S 29.92   62
27   80.7  94.3   4:26pm  70.1   5:41am    0   16  0.00   3  19   3:30pm   S 29.69   62
28   74.1  81.1   2:28pm  61.6  11:55pm    0    9  0.00   3  21   9:27am   N 29.91   41
29   67.6  81.6   3:58pm  52.3   7:52am    3    6  0.00   0  10  12:10pm   N 30.05   43
30   72.9  86.3   3:16pm  60.2   6:16am    1    8  0.00   4  18   3:47pm SSE 29.88   62
---------------------------------------------------------------------------------------
TOT  74.9  96.1   9/7/09  52.3  9/25/09   17  315  4.52   2  24  9/10/09   N 29.88   67

HEAT BASE: 65.0
COOL BASE: 65.0


</pre>