NOAA-Style Climate Reports


Report for 2009 October
<pre>
                  MONTHLY CLIMATOLOGICAL SUMMARY FOR 10/2009
                                        HEAT  COOL        
     MEAN                               DEG   DEG       WIND SPEED       DOM MEAN  MEAN
DAY  TEMP  HIGH   TIME     LOW   TIME   DAYS  DAYS RAIN AVG  HI  TIME    DIR BAROM HUM
---------------------------------------------------------------------------------------
1    75.1  88.0   5:02pm  59.8  11:59pm    0   10  0.67   5  21   7:43am   S 29.69   73
2    63.2  77.6   3:26pm  49.5   8:06am    5    3  0.00   0  10  11:46am   N 29.91   45
3    63.3  80.5   1:16pm  50.8   7:16am    5    4  0.43   2  13   2:53pm  SE 29.84   59
4    60.2  62.0  12:02am  57.6  11:40pm    5    0  0.60   2  14   9:21am  NE 29.78   89
5    62.3  68.8   4:51pm  56.9   3:59am    4    1  0.00   2  11   7:13pm  SE 29.84   85
6    69.6  78.8  12:12pm  54.5  11:10pm    1    5  1.18   4  17   4:32pm   N 29.76   84
7    59.2  62.3  11:56pm  54.7  12:00am    6    0  0.06   1  10  11:02am  NE 29.99   87
8    77.8  88.6   4:15pm  62.3  12:00am    0   13  0.04   6  26   3:57pm   S 29.71   78
9    55.3  79.8  12:00am  50.8  10:54am   10    1  2.76   4  21  12:00am   N 29.93   84
10   52.1  55.3   3:23pm  49.6   7:13am   13    0  0.00   1   8  12:00am   N 30.17   77
11   54.3  59.2   3:26pm  51.3   7:58am   11    0  0.22   1   8   6:25am   N 30.14   84
12   58.9  62.9   3:41pm  54.1  12:00am    6    0  0.11   0   6   8:37am NNE 30.01   90
13   65.4  69.3   4:57pm  62.4  12:00am    1    1  0.27   0   8   1:02pm   N 29.95   92
14   73.2  82.6   3:53pm  67.4   2:36am    0    8  0.00   1  10   3:12pm  SE 29.80   88
15   64.9  76.3  12:00am  54.1  10:57pm    3    3  0.01   4  18   6:44am   N 29.78   83
16   58.4  68.6   3:53pm  50.1   7:43am    7    0  0.00   2  14   5:34am   N 30.16   68
17   60.0  74.4   3:06pm  48.3   7:55am    7    2  0.00   1  16   1:32pm   N 30.33   63
18   57.8  71.5   3:11pm  45.4   7:07am    8    1  0.00   3  16   9:25am  SE 30.30   65
19   64.3  77.0   2:21pm  53.9   7:44am    4    3  0.00   6  24  11:39am SSE 30.03   66
20   69.1  80.9   3:18pm  58.7   7:28am    2    6  0.00   6  24   4:19pm SSE 29.90   63
21   65.8  69.1  12:00am  60.4  11:55pm    1    1  1.80   5  18  12:10am SSE 29.79   87
22   56.5  60.7   1:32pm  51.0  11:58pm    9    0  0.44   3  17   2:08pm   W 29.77   78
23   53.6  64.8   3:59pm  47.3  11:55pm   11    0  0.00   3  19   2:40am  NW 29.92   58
24   58.6  76.0   3:09pm  41.8   7:53am    9    3  0.00   3  20   3:22pm SSE 29.90   60
25   65.6  76.3   1:44pm  56.3   6:27am    3    3  1.09   4  18   2:56am SSE 29.78   71
26   53.4  61.5  12:00am  50.2   9:15pm   11    0  0.45   3  18   5:51am   N 30.02   89
27   54.5  65.3   3:47pm  45.5   8:13am   11    0  0.09   2  14  11:08pm  SE 29.85   69
28   61.6  71.1  10:24pm  52.2   1:44am    5    2  0.00   6  19   2:53pm SSE 29.63   75
29   66.3  78.1  11:00am  53.6  11:43pm    3    4  0.34   6  24   3:59am SSE 29.56   79
30   53.9  62.4   2:57pm  44.3  11:58pm   11    0  0.07   2  13   3:12pm   W 29.90   59
31   54.4  73.2   4:06pm  40.2   7:22am   11    1  0.00   0   7   1:50pm   W 30.11   58
---------------------------------------------------------------------------------------
TOT  61.6  88.6  10/8/09  40.2 10/31/09  182   77 10.63   3  26  10/8/09 SSE 29.91   75

HEAT BASE: 65.0
COOL BASE: 65.0


</pre>