NOAA-Style Climate Reports


Report for 2009 November
<pre>
                  MONTHLY CLIMATOLOGICAL SUMMARY FOR 11/2009
                                        HEAT  COOL        
     MEAN                               DEG   DEG       WIND SPEED       DOM MEAN  MEAN
DAY  TEMP  HIGH   TIME     LOW   TIME   DAYS  DAYS RAIN AVG  HI  TIME    DIR BAROM HUM
---------------------------------------------------------------------------------------
1    60.2  76.8   1:59pm  46.5   6:47am    7    3  0.00   1  13   1:37pm   S 30.14   56
2    60.0  75.8   2:00pm  45.4   7:09am    7    2  0.00   0   7  12:13pm   S 30.18   59
3    59.9  74.9   2:27pm  49.5   7:22am    7    2  0.00   0   7   1:56am   N 30.24   65
4    63.0  77.6   2:29pm  49.5   7:30am    5    3  0.00   0   8  10:14am   S 30.26   61
5    63.4  77.9   2:17pm  50.2   5:38am    5    3  0.00   1  11   1:40pm   S 30.29   64
6    64.9  77.7   2:06pm  53.9   7:02am    3    3  0.00   5  18  10:20am   S 30.09   62
7    64.5  74.7   2:29pm  56.0   6:55am    3    2  0.00   4  18   1:12am   S 30.00   72
8    66.0  75.3   3:25pm  57.8   6:54am    2    3  0.00   2  12  12:07am  SE 30.01   76
9    68.1  77.7   2:29pm  60.9  11:58pm    0    4  0.00   0  10  12:37pm  NE 30.10   71
10   64.9  76.8   2:01pm  54.7   7:12am    3    3  0.00   1  12   3:57pm   N 30.19   71
11   59.5  70.4   3:18pm  52.2   6:50am    6    1  0.01   1  10   9:32am   N 30.21   78
12   60.3  74.2   1:43pm  48.6   5:38am    6    2  0.00   1  11   9:41am  SE 30.00   73
13   63.9  74.9   1:50pm  55.0   6:35am    3    2  0.00   4  21  10:52am   S 29.76   70
14   67.0  79.6   3:11pm  59.5   6:46am    2    4  0.00   3  14  10:56am   S 29.75   71
15   66.8  78.5   2:57pm  59.2  11:20pm    1    3  0.86   3  16   4:20am   S 29.82   80
16   49.2  59.2  12:00am  43.2  11:58pm   16    0  0.00   5  20   1:14pm  NW 30.14   63
17   47.3  57.6   2:02pm  40.9   6:07am   18    0  0.00   2  19   2:12pm   W 30.14   54
18   50.5  66.3   1:44pm  36.2   7:18am   15    0  0.00   1   8  12:14pm  SE 30.04   53
19   60.0  71.5   1:32pm  49.2   5:29am    6    1  0.00   5  20  12:26pm  SE 29.95   62
20   58.8  62.0  12:59am  55.7  11:42pm    6    0  0.74   1  14   1:16am  SE 30.01   85
21   55.7  62.6   2:42pm  47.1  11:52pm    9    0  0.01   0   7   3:07pm  SE 29.99   79
22   53.4  66.8   1:45pm  43.5   7:05am   12    0  0.00   1  11  11:52am   S 29.95   75
23   57.6  70.3   1:43pm  45.8   7:09am    8    1  0.01   2  18   5:14pm   S 29.91   79
24   51.4  60.7   2:18pm  38.8  11:59pm   14    0  0.00   3  17  12:53pm  NW 30.15   54
25   48.0  65.5   2:39pm  31.8   7:23am   17    0  0.00   1  11  12:40pm   W 30.24   53
26   47.3  60.2   2:22pm  33.7   7:36am   18    0  0.00   0   7  11:28am   S 30.30   54
27   54.1  72.5   2:15pm  41.3   7:32am   12    1  0.00   2  14   2:47pm   S 30.10   52
28   58.5  70.1   2:18pm  48.2   7:05am    7    1  0.00   4  21  12:38pm   S 29.88   68
29   56.6  69.6  11:52am  44.6  11:56pm    9    0  0.01   3  17   1:48pm   S 29.88   82
30   46.9  57.5   2:25pm  40.1   9:30pm   17    0  0.00   2  14  12:54pm   N 30.20   58
---------------------------------------------------------------------------------------
TOT  58.3  79.6 11/14/09  31.8 11/25/09  246   44  1.64   2  21 11/13/09   S 30.06   67

HEAT BASE: 65.0
COOL BASE: 65.0


</pre>