NOAA-Style Climate Reports


Report for 2010 January
<pre>
                  MONTHLY CLIMATOLOGICAL SUMMARY FOR 1/2010
                                        HEAT  COOL        
     MEAN                               DEG   DEG       WIND SPEED       DOM MEAN  MEAN
DAY  TEMP  HIGH   TIME     LOW   TIME   DAYS  DAYS RAIN AVG  HI  TIME    DIR BAROM HUM
---------------------------------------------------------------------------------------
1    36.0  49.1   2:47pm  25.6   7:38am   29    0  0.01   0   9  12:34am NNW 30.51   64
2    38.5  52.5   2:00pm  27.6   8:06am   26    0  0.00   1  10   8:25am   N 30.38   64
3    36.9  44.5   1:26pm  29.5  11:51pm   28    0  0.00   2  14   7:32pm   N 30.36   76
4    30.4  36.8   2:53pm  25.7  11:57pm   35    0  0.00   2  13  11:05am   N 30.59   61
5    29.3  39.8   3:00pm  20.2   4:19am   36    0  0.00   0   7  11:57am   N 30.54   64
6    39.6  46.5   8:06pm  30.3  12:45am   25    0  0.04   3  14   3:02pm  SE 30.19   70
7    26.6  39.1  12:00am  21.4  10:26pm   38    0  0.07   6  25   3:29am   N 30.53   56
8    20.9  27.9   2:37pm  14.9   7:49am   44    0  0.00   3  17   2:49am NNW 30.76   46
9    23.1  34.9   2:42pm  13.5   5:56am   42    0  0.00   1  11   1:07pm   N 30.72   50
10   28.4  42.8   2:24pm  14.8   8:11am   37    0  0.00   1  11  12:02pm   S 30.72   52
11   37.7  55.0   2:35pm  26.1   6:49am   27    0  0.00   2  13   1:53pm   S 30.51   51
12   39.6  56.2   2:59pm  28.1   7:41am   25    0  0.00   1   8  12:29pm   N 30.51   61
13   49.2  62.4   1:19pm  36.6   6:28am   16    0  0.00   4  18   1:34pm SSE 30.27   60
14   51.6  56.3   1:27pm  49.1   4:08am   13    0  0.05   2  16   1:41am SSE 30.09   80
15   51.2  57.6   2:33pm  47.0   8:00am   14    0  0.07   1   8   9:15pm   N 30.17   76
16   49.1  57.2   2:41pm  44.8  11:59pm   16    0  0.04   2  13   3:08pm   N 30.04   78
17   49.4  64.2   2:45pm  40.2   3:13am   16    0  0.00   1   8   2:21pm  SE 29.98   75
18   55.8  67.6   2:59pm  45.8   7:34am    9    0  0.00   5  22  11:19am   S 29.89   76
19   62.2  71.5   3:04pm  54.8   4:20am    4    1  0.06   5  21  11:36pm   S 29.74   79
20   62.1  68.8   2:03pm  55.6   7:29am    3    0  0.01   2  18  12:16am   S 29.54   86
21   53.8  63.4   3:07pm  47.0   7:47am   11    0  0.00   1  13   9:42am   W 29.64   54
22   60.2  74.9   3:00pm  47.9  12:16am    7    2  0.00   5  20   1:39pm  SE 29.65   51
23   54.7  62.1   1:13am  47.1  10:11pm   10    0  0.18   2  15   5:40pm   S 29.49   79
24   47.0  54.2  12:12pm  39.9  11:38pm   18    0  0.00   2  16  10:22am  NW 29.66   63
25   44.7  57.2   3:11pm  31.2   7:48am   20    0  0.00   2  18   1:41pm  NW 30.02   49
26   44.9  59.6   3:17pm  32.7   6:14am   20    0  0.00   0  10  11:58pm   N 30.23   46
27   56.0  66.4   2:18pm  46.7  12:00am    9    0  0.00   4  21   1:28pm  SE 30.13   56
28   51.4  57.6  12:00am  42.1  11:53pm   14    0  1.57   3  20   9:22pm  NE 30.06   86
29   34.9  42.1  12:00am  28.1  11:58pm   30    0  0.44   3  19   4:04pm  NW 30.10   89
30   27.9  30.6   4:13pm  25.1   9:01am   37    0  0.00   3  17   1:16am  NW 30.33   76
31   32.3  38.3   4:13pm  28.2  10:41pm   31    0  0.00   0   6  12:09am   N 30.35   78
---------------------------------------------------------------------------------------
TOT  42.8  74.9  1/22/10  13.5   1/9/10  692    4  2.54   2  25   1/7/10   S 30.18   66

HEAT BASE: 65.0
COOL BASE: 65.0


</pre>