NOAA-Style Climate Reports


Report for 2010 February
<pre>
                  MONTHLY CLIMATOLOGICAL SUMMARY FOR 2/2010
                                        HEAT  COOL        
     MEAN                               DEG   DEG       WIND SPEED       DOM MEAN  MEAN
DAY  TEMP  HIGH   TIME     LOW   TIME   DAYS  DAYS RAIN AVG  HI  TIME    DIR BAROM HUM
---------------------------------------------------------------------------------------
1    38.0  47.6   3:25pm  27.8  12:27am   27    0  0.00   1  16  12:20pm   S 30.17   79
2    41.8  49.4   3:32pm  37.2  11:18pm   23    0  0.00   1  11   9:24am   N 30.23   75
3    40.5  45.7  12:57pm  35.2   3:52am   25    0  0.14   1  12   3:09pm  NE 30.17   82
4    41.4  42.6   3:13pm  40.3   6:55am   24    0  0.26   1  13  12:41am  NE 29.97   90
5    46.5  57.0   3:56pm  39.9   6:05am   19    0  0.00   2  12   3:06pm   W 29.93   76
6    39.1  43.2  12:00am  34.9   6:28am   26    0  0.00   2  12  10:37am   N 30.16   71
7    40.7  44.8  12:13pm  38.0   6:15am   24    0  0.13   1  10  12:06pm SSE 30.09   75
8    39.6  41.6  12:00am  37.0  11:47pm   25    0  1.40   2  17  10:42pm   N 29.95   90
9    33.5  41.5   3:43pm  24.8   7:18am   32    0  0.00   3  20   1:46am  NW 30.37   54
10   34.8  39.8   3:11pm  29.5   6:56am   30    0  0.00   1   8   3:01am   N 30.37   54
11   34.3  37.2  12:01am  31.5  11:45pm   31    0  0.21   0  12   5:17am SSE 30.15   79
12   33.3  35.9  10:12am  30.6   4:28am   32    0  0.21   0   7   1:21pm   W 30.19   86
13   36.8  46.1   3:59pm  31.8   5:26am   28    0  0.00   2  13   3:15pm   S 30.09   85
14   35.5  40.2  11:52am  30.3  11:48pm   29    0  0.01   3  24  11:17am   N 30.16   76
15   35.7  46.2   4:13pm  28.1   7:15am   29    0  0.00   3  17   2:58pm WNW 30.32   48
16   36.2  49.8   3:45pm  25.0   4:55am   29    0  0.00   2  17   2:21pm  NW 30.33   51
17   38.7  53.1   3:24pm  25.6   5:07am   26    0  0.00   0  11  10:45am   N 30.32   54
18   48.0  64.0   2:37pm  31.0   6:34am   17    0  0.00   2  15  10:52am  SE 30.19   45
19   50.0  57.2   2:20pm  41.8   6:58am   15    0  0.00   3  17  11:59am   S 30.04   68
20   57.4  63.5   2:07pm  52.0   6:15am    8    0  0.00   4  19   1:33pm SSE 29.95   74
21   52.3  62.6   2:28pm  39.2  11:47pm   13    0  0.40   3  19   4:25pm  NW 29.79   83
22   37.7  40.1   4:28pm  35.2   5:26am   27    0  0.00   3  14   4:46pm   N 30.03   74
23   36.9  41.8   3:25pm  33.1   5:29am   28    0  0.00   3  14   2:11am   N 30.17   60
24   37.2  49.8   3:48pm  28.1   7:17am   28    0  0.00   2  12   8:44am   N 30.29   52
25   46.9  57.6   3:11pm  35.5   5:59am   18    0  0.00   5  20   1:09pm  SE 30.01   46
26   43.2  49.6  12:00am  37.2  11:58pm   22    0  0.04   3  18   2:41pm   N 30.03   80
27   45.5  63.7   3:59pm  29.1   6:41am   20    0  0.00   1  11   1:37pm   N 30.16   63
28   52.3  66.4   1:25pm  39.6   1:23am   12    0  0.00   2  19  12:43pm  SE 29.97   47
---------------------------------------------------------------------------------------
TOT  41.2  66.4  2/28/10  24.8   2/9/10  666    0  2.80   2  24  2/14/10   N 30.13   68

HEAT BASE: 65.0
COOL BASE: 65.0


</pre>