NOAA-Style Climate Reports


Report for 2010 March
<pre>
                  MONTHLY CLIMATOLOGICAL SUMMARY FOR 3/2010
                                        HEAT  COOL        
     MEAN                               DEG   DEG       WIND SPEED       DOM MEAN  MEAN
DAY  TEMP  HIGH   TIME     LOW   TIME   DAYS  DAYS RAIN AVG  HI  TIME    DIR BAROM HUM
---------------------------------------------------------------------------------------
1    43.5  51.3  12:18am  41.2  10:08pm   21    0  0.65   3  18   2:33pm   N 29.98   80
2    42.7  53.3   3:27pm  34.6   5:35am   22    0  0.00   2  14   9:38am  NW 30.18   62
3    45.8  60.7   2:35pm  31.9   4:55am   19    0  0.00   0   7  11:14am   N 30.16   62
4    54.8  70.9   2:11pm  40.3   6:47am   11    1  0.00   3  14  12:48pm  SE 30.11   54
5    59.1  72.0   2:42pm  47.1   7:11am    7    1  0.00   4  19   4:54pm   S 30.07   59
6    59.9  70.9   1:55pm  51.6   7:01am    6    1  0.00   3  17  10:32am  SE 30.15   54
7    54.0  58.4  12:00am  50.4   8:50pm   11    0  0.31   2  13   1:05pm  SE 30.11   76
8    55.5  58.9   2:23pm  50.8   1:35am    9    0  0.42   4  21   1:37pm  SE 29.81   87
9    61.9  76.1   2:47pm  51.3   4:39am    6    2  0.01   3  17   3:30pm   S 29.58   56
10   59.6  74.4   3:41pm  51.3  10:35pm    6    1  0.26   3  19   4:13pm SSE 29.47   57
11   51.0  62.7   1:38pm  38.9   7:00am   14    0  0.00   1  12   9:52pm  NW 29.68   61
12   53.6  66.9   4:19pm  41.3   6:41am   12    0  0.00   3  24   4:07pm  NW 29.79   50
13   53.9  66.3   3:53pm  43.6   5:47am   11    0  0.00   2  14  11:15am  NW 29.82   55
14   56.7  73.0   5:06pm  42.2   7:25am    9    1  0.00   2  14  10:27pm   N 29.90   56
15   55.3  66.1   3:44pm  45.8   5:21am   10    0  0.00   3  12  12:00am   N 30.14   62
16   53.0  59.0   3:04pm  46.5  11:48pm   12    0  0.00   2  17   9:00am   N 30.25   67
17   50.8  64.2   4:08pm  38.3   7:39am   14    0  0.00   2  13   3:30pm   N 30.20   64
18   51.1  66.3   4:21pm  37.3   7:27am   14    0  0.00   0   7  12:25am   N 30.13   58
19   60.7  74.4   2:52pm  47.9   7:44am    6    2  0.00   5  19   2:41pm  SE 29.86   54
20   40.1  62.3  12:00am  31.3  11:35pm   25    0  1.13   6  20   4:48pm  NW 30.02   79
21   37.0  44.1   8:29pm  30.1   3:40am   28    0  0.24   5  22  10:20am  NW 30.08   66
22   50.0  67.3   5:49pm  35.8   8:07am   15    0  0.00   1  10  12:55pm  SE 30.05   45
23   61.3  77.0   3:29pm  45.1   7:17am    7    3  0.00   5  22  12:07pm SSE 29.83   40
24   62.5  75.8   4:32pm  55.3  11:48pm    4    2  0.80   5  21   1:07am   S 29.76   75
25   52.4  62.3   5:25pm  45.2   5:26am   13    0  0.00   3  17  11:45am   W 29.93   67
26   55.4  69.4   3:40pm  43.5   4:05am   10    1  0.00   4  20  11:09pm  SE 29.94   58
27   60.6  73.2   1:36pm  52.0  11:50pm    6    1  0.00   7  26   7:05am   S 29.70   52
28   54.2  64.2   4:34pm  46.1   7:29am   11    0  0.00   4  22   5:15pm  NW 30.05   52
29   57.6  75.6   3:27pm  39.9   7:14am   10    2  0.00   1  11  11:14pm  SE 30.02   52
30   67.1  82.8   2:46pm  53.5   7:30am    3    6  0.00   7  27   5:38pm SSE 29.79   40
31   69.9  85.1   4:27pm  56.0   7:27am    2    7  0.00   8  29   2:07pm   S 29.73   52
---------------------------------------------------------------------------------------
TOT  54.5  85.1  3/31/10  30.1  3/21/10  354   31  3.82   3  29  3/31/10 SSE 29.95   60

HEAT BASE: 65.0
COOL BASE: 65.0


</pre>