NOAA-Style Climate Reports


Report for 2010 April
<pre>
                  MONTHLY CLIMATOLOGICAL SUMMARY FOR 4/2010
                                        HEAT  COOL        
     MEAN                               DEG   DEG       WIND SPEED       DOM MEAN  MEAN
DAY  TEMP  HIGH   TIME     LOW   TIME   DAYS  DAYS RAIN AVG  HI  TIME    DIR BAROM HUM
---------------------------------------------------------------------------------------
1    70.6  82.6   3:59pm  61.6   6:40am    1    6  0.00   9  26   7:48pm   S 29.70   62
2    70.8  81.4   3:39pm  59.8  11:59pm    0    6  0.01   5  28  10:26am   S 29.62   57
3    62.9  79.8   2:32pm  45.8   6:42am    6    4  0.00   2  18   6:16pm   S 29.86   34
4    69.3  77.4   4:53pm  57.8   3:34am    1    5  0.00   4  21   2:35pm   S 29.83   72
5    72.9  82.8   4:28pm  67.9   6:56am    0    8  0.00   7  25   6:11pm   S 29.84   72
6    73.1  83.6   3:48pm  64.0   6:11am    0    8  0.00  10  30   1:03pm   S 29.64   64
7    64.1  74.2   2:44pm  49.9  11:56pm    3    2  0.02   6  22   1:05am  NW 29.76   52
8    55.2  68.3   4:40pm  42.3   7:21am   10    0  0.00   2  17  12:02am  NW 30.09   41
9    61.5  78.5   3:26pm  43.9   5:43am    7    4  0.00   2  16   2:45pm  SE 30.05   41
10   64.7  77.2   3:08pm  52.0   7:10am    4    3  0.00   4  17   1:31pm SSE 30.06   60
11   67.2  77.0   3:07pm  59.6   7:03am    1    3  0.00   3  16   1:42pm   S 30.10   65
12   70.8  82.6   3:36pm  61.6   7:44am    1    7  0.00   1  13  12:52pm SSE 30.05   61
13   70.3  82.8   3:23pm  57.2   6:06am    1    7  0.00   3  19  11:28am  SE 30.02   49
14   71.3  83.2   4:42pm  59.5   6:24am    1    7  0.01   3  17  12:47pm  SE 30.09   52
15   70.3  80.9   4:09pm  62.3   4:41am    0    6  0.00   2  14   9:31pm  SE 30.09   63
16   71.0  79.4   5:24pm  63.4   8:11am    0    6  0.00   2  24   3:14pm  SE 30.04   62
17   65.4  73.2   2:22pm  59.5   7:34am    2    2  1.14   2  13   1:31am   N 29.92   78
18   56.4  63.1   1:47am  50.4  11:59pm    9    0  0.40   3  14   2:58am  NE 29.96   88
19   57.0  66.1   3:05pm  50.1   2:07am    8    0  0.00   2  10   1:54am   N 30.07   74
20   63.0  73.2   4:52pm  53.9   6:47am    4    2  0.00   0   7   1:59pm   N 29.96   64
21   68.2  81.2   3:53pm  56.0   5:12am    3    6  0.00   3  16   2:20pm  SE 29.78   64
22   67.8  73.9   3:15pm  61.0   7:05am    1    3  0.00   5  22  10:05pm SSE 29.62   73
23   73.0  83.2   4:28pm  66.3   6:05am    0    8  0.08   2  19   2:13am   S 29.49   60
24   67.4  78.1   5:25pm  56.6   6:49am    2    4  0.41   3  20  10:00am   W 29.49   57
25   65.6  76.3   5:14pm  56.3   6:35am    3    3  0.00   3  19   4:19pm   W 29.68   51
26   62.8  74.0   3:09pm  53.5  11:59pm    4    2  0.00   3  17   5:46pm   N 29.81   55
27   59.3  71.8   4:21pm  46.2   4:14am    7    1  0.00   2  16  10:16am  NW 29.97   49
28   65.9  80.5   3:49pm  51.0   2:36am    5    6  0.00   5  22  10:10pm SSE 29.84   51
29   72.9  84.3   4:20pm  61.3   6:20am    1    8  0.00   9  28  10:19am   S 29.50   60
30   73.9  80.3  11:48am  68.3  10:43pm    0    9  0.00   5  26   6:28am   S 29.37   61
---------------------------------------------------------------------------------------
TOT  66.8  84.3  4/29/10  42.3   4/8/10   84  138  2.07   4  30   4/6/10 SSE 29.84   60

HEAT BASE: 65.0
COOL BASE: 65.0


</pre>