NOAA-Style Climate Reports


Report for 2010 May
<pre>
                  MONTHLY CLIMATOLOGICAL SUMMARY FOR 5/2010
                                        HEAT  COOL        
     MEAN                               DEG   DEG       WIND SPEED       DOM MEAN  MEAN
DAY  TEMP  HIGH   TIME     LOW   TIME   DAYS  DAYS RAIN AVG  HI  TIME    DIR BAROM HUM
---------------------------------------------------------------------------------------
1    69.6  79.2   3:36pm  61.6   5:55am    0    5  0.00   2  14   6:26pm   N 29.49   46
2    69.4  83.8   4:23pm  59.8   6:08am    2    6  0.00   1  16   3:33pm   S 29.59   47
3    65.4  85.9   2:29pm  55.6   6:54am    4    4  0.23   2  22   5:25pm   S 29.84   54
4    68.7  85.3   4:03pm  51.3   5:11am    4    8  0.01   3  17   3:28pm   S 29.85   61
5    76.1  87.0   5:54pm  62.3   5:01am    0   11  0.00   3  18   7:08am   S 29.69   44
6    77.7  89.3   4:30pm  64.0   6:05am    0   13  0.00   5  22  11:43pm   S 29.65   54
7    73.7  79.4   2:15pm  63.2  11:55pm    0    9  0.00   6  22   2:36am   S 29.76   59
8    65.3  75.8   4:08pm  54.2   5:18am    3    3  0.00   3  16   3:09am   N 30.19   35
9    61.4  65.6   1:03am  56.5   7:38am    4    0  0.19   3  16  12:19pm SSE 30.10   60
10   74.3  85.9   5:34pm  60.1  12:04am    1   10  0.00   9  32   6:56pm SSE 29.73   68
11   79.7  90.1   3:33pm  72.0   5:07am    0   14  0.00   6  20   3:08pm   S 29.66   64
12   79.0  85.1   4:10pm  71.5   5:33am    0   14  0.02   7  26  10:14am SSE 29.64   63
13   76.5  86.7   1:15pm  66.0  10:06pm    0   11  0.00   5  24  12:30am SSE 29.82   67
14   67.4  74.4   9:16am  62.6   2:31pm    0    3  1.41   3  22   1:18pm   N 29.99   84
15   69.8  79.2   4:17pm  62.3   3:06am    1    5  0.00   1  10   4:38pm   S 29.95   77
16   75.6  86.1   4:00pm  64.8   6:47am    0   11  0.00   0   7   2:21pm   W 29.88   69
17   75.6  88.2   2:31pm  67.6   6:37am    0   11  0.00   1  18   2:15pm   N 29.89   69
18   73.7  84.9   4:29pm  63.9   6:33am    0    9  0.00   1  11  11:59am  NE 29.86   65
19   78.3  88.2   5:10pm  68.4   5:07am    0   13  0.01   5  22  12:40pm SSE 29.62   65
20   78.5  86.3   4:56pm  70.4  11:58pm    0   13  0.00   3  18   2:33am   S 29.62   70
21   78.0  91.0   3:51pm  66.9   3:25am    0   13  0.00   1  15   4:02pm  SE 29.78   71
22   80.6  90.5   4:03pm  72.7   6:41am    0   16  0.01   6  21   1:25pm   S 29.71   66
23   82.5  92.3   3:01pm  75.1   6:51am    0   17  0.00   7  22   2:35am   S 29.73   62
24   81.4  91.2   4:03pm  72.8   6:42am    0   16  0.00   5  19  12:31pm  SE 29.77   59
25   80.3  89.9   3:48pm  72.3   4:31am    0   15  0.00   2  12  12:00am   S 29.79   58
26   81.2  94.0   3:11pm  68.6   6:30am    0   16  0.00   1  13   5:22pm   N 29.85   60
27   80.9  92.9   3:29pm  70.1   6:34am    0   16  0.00   0  10  12:17pm   N 29.85   59
28   82.7  94.7   5:20pm  70.4   6:14am    0   18  0.00   1  12   1:05pm   N 29.77   54
29   82.8  94.3   3:25pm  68.8   6:41am    0   18  0.00   0   8   3:05pm  SE 29.67   53
30   83.8  97.1   4:56pm  73.2   6:51am    0   19  0.00   1  12  11:34am SSE 29.65   52
31   83.2  94.5   4:18pm  71.5   7:26am    0   17  0.00   1  15   5:53am   S 29.76   54
---------------------------------------------------------------------------------------
TOT  75.9  97.1  5/30/10  51.3   5/4/10   19  355  1.88   3  32  5/10/10   S 29.78   60

HEAT BASE: 65.0
COOL BASE: 65.0


</pre>