NOAA-Style Climate Reports


Report for 2010 June
<pre>
                  MONTHLY CLIMATOLOGICAL SUMMARY FOR 6/2010
                                        HEAT  COOL        
     MEAN                               DEG   DEG       WIND SPEED       DOM MEAN  MEAN
DAY  TEMP  HIGH   TIME     LOW   TIME   DAYS  DAYS RAIN AVG  HI  TIME    DIR BAROM HUM
---------------------------------------------------------------------------------------
1    85.9  97.5   4:39pm  74.4   6:28am    0   21  0.00   3  16   3:08pm   S 29.72   49
2    83.4  96.1   4:24pm  73.5   5:03am    0   18  0.00   3  16   6:00am   S 29.59   56
3    79.9  88.8   3:01pm  69.9   6:14am    0   15  0.00   1  14  10:01am   N 29.60   61
4    82.2  95.6   4:58pm  68.8   6:18am    0   17  0.00   0   8   1:54pm  SE 29.63   57
5    85.9  99.0   4:15pm  71.5   6:43am    0   21  0.00   3  17  12:40pm SSE 29.61   54
6    86.7  98.0   4:23pm  76.1   6:27am    0   22  0.00   1  12   4:56pm SSE 29.74   57
7    87.3  96.8   4:10pm  77.6   6:24am    0   22  0.00   1  17  11:13pm SSE 29.77   57
8    84.2  96.1   4:32pm  76.3  11:24pm    0   19  0.00   5  18  12:11am   S 29.75   63
9    77.8  86.1  11:32am  72.7   5:41am    0   13  0.01   3  16   1:13pm SSE 29.79   77
10   82.3  94.5   5:09pm  74.0   1:27am    0   17  0.00   4  19  11:33pm SSE 29.68   70
11   85.4  95.1   5:39pm  77.4   6:22am    0   20  0.00   8  22   4:08am   S 29.68   62
12   85.8  96.8   4:59pm  76.8   6:12am    0   21  0.01   7  26   3:35am   S 29.79   63
13   87.5  97.1   3:23pm  79.9   6:49am    0   22  0.00   6  20   3:32pm SSE 29.79   59
14   87.1  98.7   3:20pm  78.1   6:21am    0   22  0.00   6  21   2:55pm   S 29.73   58
15   82.3  96.1   5:58pm  69.6   6:15am    0   17  0.23   2  20   1:59am   S 29.82   64
16   86.9  98.0   4:38pm  75.3   6:31am    0   22  0.00   3  16  10:09am SSE 29.85   57
17   87.4  98.2   3:15pm  77.6   6:26am    0   22  0.00   5  22  12:13pm   S 29.81   54
18   87.3  99.4   3:58pm  77.7   6:37am    0   22  0.00   5  18  11:31am   S 29.79   57
19   87.9  99.0   4:15pm  75.4   6:24am    0   23  0.00   4  17   4:26pm   S 29.83   56
20   88.3  99.7   3:40pm  77.6   6:28am    0   23  0.00   3  17   1:25pm SSE 29.82   52
21   89.0 100.2   3:35pm  79.2   6:05am    0   24  0.00   2  18   5:04pm SSE 29.80   50
22   89.1 101.0   3:58pm  78.1   6:05am    0   24  0.00   2  18   6:38pm SSE 29.82   53
23   88.5 100.7   4:16pm  76.5   5:04am    0   24  0.00   1  13   6:13pm SSE 29.83   53
24   84.9  95.6   1:35pm  78.1   2:51pm    0   20  0.00   1  14   2:31pm   S 29.87   61
25   83.4  92.5   3:47pm  77.4   4:10am    0   18  0.00   2  14  12:54pm   S 29.85   65
26   87.8  98.2   2:57pm  76.7   6:26am    0   23  0.00   4  18   4:17pm   S 29.74   56
27   88.4  99.4   3:58pm  78.8   6:31am    0   23  0.00   3  18   9:26am   S 29.63   51
28   83.2  96.3   1:48pm  75.8   9:55pm    0   18  0.30   1  18   3:27pm   N 29.68   65
29   79.2  88.2   3:30pm  75.1   6:36am    0   14  0.07   1  13   4:45pm   N 29.83   77
30   80.9  92.5   4:00pm  72.0   6:31am    0   15  0.00   2  19   6:21pm   N 29.89   67
---------------------------------------------------------------------------------------
TOT  85.2 101.0  6/22/10  68.8   6/4/10    0  605  0.62   3  26  6/12/10   S 29.76   59

HEAT BASE: 65.0
COOL BASE: 65.0


</pre>