NOAA-Style Climate Reports


Report for 2010 July
<pre>
                  MONTHLY CLIMATOLOGICAL SUMMARY FOR 7/2010
                                        HEAT  COOL        
     MEAN                               DEG   DEG       WIND SPEED       DOM MEAN  MEAN
DAY  TEMP  HIGH   TIME     LOW   TIME   DAYS  DAYS RAIN AVG  HI  TIME    DIR BAROM HUM
---------------------------------------------------------------------------------------
1    81.7  91.0   6:18pm  75.6   4:29am    0   17  0.00   1  13  11:44am  NE 29.93   68
2    79.1  87.6   1:06pm  74.4  11:55pm    0   14  0.45   1  16   6:04pm  SE 29.88   79
3    77.7  90.3   5:24pm  74.2   4:13am    0   13  0.78   3  19   5:36pm  SE 29.82   84
4    83.1  94.0   4:31pm  74.6   2:42am    0   18  0.01   4  18  10:32am SSE 29.74   70
5    85.6  96.1   5:11pm  77.4   6:37am    0   21  0.00   3  17   8:59am   S 29.70   61
6    84.5  95.6   1:59pm  78.3   6:14am    0   19  0.00   1  17   2:12pm   N 29.73   64
7    82.9  92.9   6:10pm  74.4   6:32am    0   18  0.00   1  13   9:02pm  SE 29.78   67
8    80.7  92.7   1:23pm  76.1  10:45pm    0   16  0.29   1  12   4:52pm SSE 29.87   77
9    78.0  86.7  12:24pm  74.0  11:27pm    0   13  0.60   0  13   6:23pm   N 29.93   82
10   77.9  87.6  12:42pm  74.0  12:00am    0   13  0.44   0   7  12:58pm   N 29.89   86
11   86.4  98.7   4:24pm  77.2   3:27am    0   21  0.00   3  17   1:35pm   S 29.71   64
12   86.6  96.1   3:06pm  78.1   6:46am    0   22  0.00   3  18   5:05pm   S 29.62   61
13   87.8  97.3   3:38pm  79.0   6:20am    0   23  0.00   5  17   8:13am   S 29.66   61
14   87.9  98.7   5:06pm  77.4   5:05am    0   23  0.00   4  18   7:20am   S 29.78   60
15   88.2  99.2   4:29pm  77.9   6:47am    0   23  0.00   2  16   3:46pm   S 29.82   59
16   88.4  99.4   5:41pm  77.6   6:53am    0   23  0.00   1  14   5:26pm   S 29.82   57
17   89.5 100.4   4:42pm  76.5   5:18am    0   24  0.00   0  11   3:10pm   S 29.80   51
18   89.9 102.0   4:21pm  79.4   6:18am    0   25  0.00   1  16   7:51pm   S 29.77   51
19   87.8  99.2   4:03pm  76.7   6:27am    0   23  0.00   2  13  12:25am   S 29.77   57
20   87.3  98.5   3:19pm  78.1   6:19am    0   22  0.00   3  19  12:36pm   S 29.81   59
21   87.8  98.7   4:23pm  77.2   5:08am    0   23  0.00   2  13   4:20pm SSE 29.87   56
22   88.2  97.5   3:45pm  78.8   6:38am    0   23  0.00   3  17   3:52pm   S 29.83   58
23   84.5  96.1   3:03pm  78.6   5:53am    0   20  0.00   3  16   8:52am   S 29.84   68
24   85.7  97.1   5:18pm  76.1   6:13am    0   21  0.00   2  12   2:27am   S 29.87   61
25   87.6  99.0   6:00pm  75.1   7:00am    0   23  0.00   0   8   3:34pm   W 29.87   49
26   84.0  95.6   1:59pm  77.0  11:45pm    0   19  0.00   1  17   9:25pm   S 29.84   59
27   82.3  93.4   6:34pm  74.0   5:41am    0   17  0.00   1  18   6:55pm SSE 29.86   65
28   82.6  96.3   4:25pm  73.7   2:26am    0   18  0.00   2  17   4:36pm   S 29.93   69
29   84.8  97.1   3:55pm  74.6   4:37am    0   20  0.00   1  17   4:57pm   S 29.97   61
30   87.5  99.7   3:54pm  76.0   6:45am    0   22  0.00   1  14   3:41pm   S 29.82   54
31   89.4 103.1   4:55pm  76.7   5:20am    0   23  0.00   1  12   1:29pm   S 29.70   47
---------------------------------------------------------------------------------------
TOT  85.0 103.1  7/31/10  73.7  7/28/10    0  619  2.57   2  19   7/3/10   S 29.82   63

HEAT BASE: 65.0
COOL BASE: 65.0


</pre>