NOAA-Style Climate Reports


Report for 2010 August
<pre>
                  MONTHLY CLIMATOLOGICAL SUMMARY FOR 8/2010
                                        HEAT  COOL        
     MEAN                               DEG   DEG       WIND SPEED       DOM MEAN  MEAN
DAY  TEMP  HIGH   TIME     LOW   TIME   DAYS  DAYS RAIN AVG  HI  TIME    DIR BAROM HUM
---------------------------------------------------------------------------------------
1    90.7 104.9   4:30pm  76.8   6:59am    0   26  0.00   1  10   9:41am   S 29.68   41
2    91.2 104.6   3:51pm  77.2   6:38am    0   26  0.00   1  14   3:07pm   S 29.76   39
3    90.9 104.4   4:17pm  76.8   7:15am    0   26  0.00   1  15   5:01pm   S 29.81   43
4    90.6 102.3   5:15pm  77.9   5:23am    0   26  0.00   1  11  11:24am   S 29.76   50
5    91.4 104.1   4:25pm  80.1   6:28am    0   26  0.00   1  11   5:50pm   S 29.69   47
6    87.9 104.6   3:30pm  79.4   6:23am    0   23  0.24   1  17   4:24pm   S 29.68   57
7    88.6 101.7   4:16pm  76.7   5:26am    0   24  0.00   1  12  11:29am   S 29.68   56
8    90.7 101.5   4:03pm  80.7   6:44am    0   26  0.00   2  14   3:38pm   S 29.68   49
9    90.4 101.5   4:02pm  79.9   7:04am    0   25  0.00   2  13   4:44am   S 29.72   49
10   90.5 102.5   4:33pm  79.0   6:54am    0   26  0.00   1  13   3:19pm   S 29.74   48
11   91.4 102.3   6:01pm  78.5   5:33am    0   26  0.00   0  11   1:03pm SSE 29.70   50
12   92.6 103.6   5:33pm  81.4   7:00am    0   28  0.00   0  10   5:31pm SSE 29.63   47
13   92.4 103.8   3:44pm  81.2   7:05am    0   27  0.00   1  14   5:26pm   S 29.59   45
14   91.6 103.1   4:22pm  78.1   5:33am    0   27  0.00   1  13   8:54am   S 29.66   48
15   91.1 103.6   3:29pm  82.4   7:01am    0   26  0.02   0  13   4:56pm   S 29.75   50
16   90.1 102.3   4:43pm  78.6   6:51am    0   25  0.00   0  12   5:16pm   N 29.78   51
17   88.3 101.2   4:10pm  79.0   6:40am    0   23  0.00   1  21   6:20pm  SE 29.74   55
18   85.9  95.6   5:39pm  77.6   5:52am    0   21  0.00   0  13   2:41pm   N 29.76   62
19   88.0 101.0   3:40pm  78.6   7:16am    0   23  0.00   1  18   5:09pm SSE 29.69   60
20   90.7 102.5   4:17pm  80.5   6:47am    0   26  0.00   4  18  11:55am   S 29.62   50
21   90.8 103.8   5:27pm  77.9   5:26am    0   26  0.00   3  18  12:46am   S 29.71   46
22   92.3 104.6   4:54pm  81.4   7:02am    0   27  0.00   1  10  12:08pm   S 29.74   44
23   92.8 104.9   5:31pm  81.1   7:13am    0   28  0.00   0  16   4:27pm   N 29.67   41
24   86.5  94.9   1:51pm  78.8  11:55pm    0   22  0.00   2  19  11:31am   N 29.73   57
25   76.2  80.9   6:58pm  71.3   5:41am    0   11  0.06   1  14   1:25am   N 29.95   69
26   81.1  94.3   4:10pm  68.4   7:19am    0   16  0.00   0  10  12:53am   N 29.95   47
27   81.9  94.9   4:37pm  69.1   6:04am    0   17  0.00   0  10   4:39pm  SE 29.86   40
28   83.4  96.8   4:30pm  68.4   5:19am    0   18  0.00   1  14  10:59am  SE 29.76   41
29   86.8  97.8   3:12pm  75.8   7:31am    0   22  0.00   2  16  11:15am  SE 29.73   54
30   86.2  97.3   4:39pm  79.6   4:31am    0   21  0.00   3  16  10:41am SSE 29.82   60
31   87.9  99.7   4:03pm  78.5   7:16am    0   22  0.00   3  16  10:16pm SSE 29.81   59
---------------------------------------------------------------------------------------
TOT  88.7 104.9   8/1/10  68.4  8/26/10    0  734  0.32   1  21  8/17/10   S 29.74   50

HEAT BASE: 65.0
COOL BASE: 65.0


</pre>