NOAA-Style Climate Reports


Report for 2010 September
<pre>
                  MONTHLY CLIMATOLOGICAL SUMMARY FOR 9/2010
                                        HEAT  COOL        
     MEAN                               DEG   DEG       WIND SPEED       DOM MEAN  MEAN
DAY  TEMP  HIGH   TIME     LOW   TIME   DAYS  DAYS RAIN AVG  HI  TIME    DIR BAROM HUM
---------------------------------------------------------------------------------------
1    80.2  91.0   1:30pm  75.1   3:37pm    0   15  0.56   2  17   2:25pm SSE 29.74   75
2    75.9  79.8   7:00pm  72.1   8:10am    0   11  0.06   1  12   9:52am  SE 29.78   82
3    75.7  84.5   4:10pm  68.4   7:28am    0   11  0.00   4  21  10:24am   N 29.99   50
4    73.9  88.6   5:10pm  57.6   6:03am    1   10  0.00   0   7  10:12am   N 29.98   45
5    80.0  93.6   3:04pm  66.6   7:08am    0   15  0.00   2  14  11:31am  SE 29.78   49
6    83.3  96.6   4:47pm  71.3   7:02am    0   18  0.00   4  19  12:57pm SSE 29.72   56
7    76.4  81.8   1:59pm  72.7   9:08am    0   11  1.19   1  18   8:43am SSE 29.87   83
8    76.1  81.8   5:33pm  73.0   3:28am    0   11  5.89   6  25  11:33pm SSE 29.74   89
9    84.1  94.0   4:19pm  78.1  12:00am    0   19  0.00   4  19  12:00am   S 29.66   72
10   84.6  94.5   3:33pm  76.8   7:12am    0   20  0.00   4  19  12:20pm   S 29.64   67
11   85.8  96.1   4:53pm  78.8   7:19am    0   21  0.00   1  13  12:43am   S 29.71   63
12   85.3  95.4   4:09pm  76.8   7:21am    0   20  0.00   0  10   1:02pm  SE 29.88   65
13   84.8  94.7   5:07pm  76.5   7:02am    0   20  0.00   1  10   4:00pm SSE 29.88   63
14   83.3  95.4   5:01pm  75.1  11:58pm    0   18  0.01   1  17   6:19pm   S 29.83   67
15   82.8  95.6   3:25pm  72.5   7:05am    0   18  0.00   2  18   1:40pm  SE 29.80   59
16   83.1  94.7   4:26pm  73.7   7:28am    0   18  0.00   1  10  12:23pm   S 29.81   58
17   83.1  94.9   3:53pm  73.7   7:12am    0   18  0.00   0  17   5:39pm SSE 29.83   51
18   83.6  95.4   3:34pm  72.0   7:17am    0   19  0.00   0  11   2:02pm SSE 29.88   60
19   83.5  95.4   4:25pm  72.7   7:25am    0   18  0.00   0  10   3:44pm   S 29.91   55
20   81.7  92.1   1:59pm  72.1   7:13am    0   17  0.00   2  17   8:22pm   S 29.84   60
21   79.3  89.5   3:30pm  70.6   5:14am    0   14  0.00   2  17   1:12pm   S 29.78   65
22   80.9  92.1   4:08pm  72.5   5:57am    0   16  0.00   2  17   1:20pm  SE 29.81   66
23   82.4  92.1   3:18pm  75.8   4:12am    0   17  0.00   4  21   5:34pm   S 29.81   63
24   79.1  85.7   2:23pm  73.9  10:56pm    0   14  0.00   1  14   5:55pm   S 29.94   74
25   73.2  77.0   6:02pm  69.1  11:58pm    0    8  0.42   0   6  10:44am SSE 29.94   85
26   68.2  76.1   4:00pm  57.3  11:53pm    1    4  0.01   3  19  10:10am   N 29.92   71
27   62.2  74.7   5:02pm  51.7   7:17am    5    2  0.00   1  13  10:21am   N 29.95   63
28   68.7  86.1   4:19pm  53.3   7:21am    4    7  0.00   0  12   5:15pm   W 29.81   61
29   70.6  84.3   3:31pm  58.0   7:07am    2    7  0.00   1  12   3:00pm   N 29.73   57
30   72.4  87.2   3:25pm  58.3   6:31am    1    9  0.00   1  12  12:45pm   N 29.85   58
---------------------------------------------------------------------------------------
TOT  78.8  96.6   9/6/10  51.7  9/27/10   13  427  8.14   2  25   9/8/10   S 29.83   64

HEAT BASE: 65.0
COOL BASE: 65.0


</pre>