NOAA-Style Climate Reports


Report for 2010 October
<pre>
                  MONTHLY CLIMATOLOGICAL SUMMARY FOR 10/2010
                                        HEAT  COOL        
     MEAN                               DEG   DEG       WIND SPEED       DOM MEAN  MEAN
DAY  TEMP  HIGH   TIME     LOW   TIME   DAYS  DAYS RAIN AVG  HI  TIME    DIR BAROM HUM
---------------------------------------------------------------------------------------
1    69.7  82.8   3:47pm  57.2   7:21am    2    6  0.00   1  12   2:18pm   N 30.00   49
2    68.9  83.2   4:00pm  54.5   5:43am    3    7  0.00   2  19  10:14pm   N 30.04   52
3    61.0  70.9   4:20pm  50.5   7:31am    5    1  0.00   1  12  12:50am   N 30.22   48
4    61.6  74.6   3:32pm  50.5   6:39am    5    2  0.00   1  11   9:53am SSE 30.26   45
5    63.3  77.4   3:45pm  50.7   7:13am    5    3  0.00   1  12  10:53am SSE 30.27   45
6    64.8  80.7   3:56pm  48.0   7:39am    5    5  0.00   0   7  11:26am   S 30.23   48
7    68.7  86.3   3:57pm  53.5   7:46am    3    7  0.00   0   8   4:06pm   S 30.12   43
8    69.6  85.5   3:03pm  54.5   7:22am    2    7  0.00   1  14   2:18pm   S 30.03   41
9    70.6  86.3   3:38pm  58.1   7:10am    2    7  0.00   1  13   4:10pm   S 29.96   41
10   72.1  86.5   3:37pm  58.4   6:49am    1    8  0.00   2  17   1:04pm SSE 29.84   47
11   70.9  82.2   4:09pm  60.2   7:54am    1    7  0.11   1  19   4:55am SSE 29.77   66
12   68.5  81.1   4:42pm  56.9   8:10am    2    5  0.01   1  16   2:42pm  NW 29.92   64
13   66.9  78.6   3:10pm  58.4   7:08am    2    4  0.00   2  16   5:27pm   N 30.14   60
14   60.3  73.9   2:54pm  46.4   7:30am    7    2  0.00   1  11   2:14pm   N 30.24   51
15   66.1  86.1   4:19pm  49.4   7:36am    5    6  0.00   0   5  10:24am SSW 30.07   47
16   69.4  85.7   2:36pm  55.3   7:06am    3    7  0.00   1  13  11:58am   S 30.03   38
17   67.4  79.8   2:43pm  57.6   2:56am    2    4  0.00   0  11   2:28pm   S 29.99   56
18   72.0  85.5   3:16pm  62.1   7:09am    0    7  0.00   1  16  11:33am   S 29.84   64
19   73.9  85.1   2:41pm  65.3   7:43am    0    9  0.00   0  10   9:38pm   N 29.82   58
20   69.6  81.6   4:06pm  61.2   8:00am    1    5  0.00   0   7   1:37am   N 29.94   67
21   72.1  86.3   2:37pm  58.3   6:30am    2    9  0.00   1  12   2:34pm SSE 29.90   61
22   74.0  82.4   3:26pm  68.4   7:17am    0    9  0.14   3  21   1:03pm SSE 29.82   69
23   67.3  75.1  10:53am  59.5   8:54pm    2    4  1.10   4  25   1:59am   S 29.82   83
24   71.4  84.5   2:38pm  59.8  12:00am    1    7  0.00   3  18   4:41pm   S 29.71   67
25   75.0  85.7   3:32pm  63.4  12:24am    0   10  0.00   8  29   2:48pm   S 29.38   62
26   67.3  77.6  12:00am  56.7   7:53am    2    4  0.00   2  20  12:21am   N 29.58   42
27   65.6  81.8   4:05pm  53.5   7:59am    3    4  0.00   1  18   4:18pm   N 29.87   47
28   57.3  68.4   2:49pm  47.4   7:55am    8    0  0.00   2  18  10:43am   N 30.40   41
29   54.8  70.3   2:58pm  41.5   6:58am   11    1  0.00   0   7   1:45pm SSE 30.35   47
30   61.2  79.0   3:42pm  44.6   4:29am    7    3  0.00   3  21   2:47pm   S 30.00   39
31   68.0  83.8   2:52pm  51.6   6:00am    3    6  0.00   3  15   3:32pm   S 29.81   43
---------------------------------------------------------------------------------------
TOT  67.4  86.5 10/10/10  41.5 10/29/10   93  167  1.36   1  29 10/25/10   S 29.98   53

HEAT BASE: 65.0
COOL BASE: 65.0


</pre>