NOAA-Style Climate Reports


Report for 2010 November
<pre>
                  MONTHLY CLIMATOLOGICAL SUMMARY FOR 11/2010
                                        HEAT  COOL        
     MEAN                               DEG   DEG       WIND SPEED       DOM MEAN  MEAN
DAY  TEMP  HIGH   TIME     LOW   TIME   DAYS  DAYS RAIN AVG  HI  TIME    DIR BAROM HUM
---------------------------------------------------------------------------------------
1    63.5  72.7   3:07pm  56.2  11:46pm    3    2  0.00   1  12   7:12pm   N 29.94   58
2    53.5  56.2  12:00am  51.4   5:18am   11    0  1.28   3  19   4:37pm   N 30.02   78
3    57.0  68.6   3:10pm  47.9   7:26am    8    0  0.11   3  24   2:25pm   N 30.04   56
4    54.4  63.9   2:51pm  44.8  11:59pm   11    0  0.00   2  17   8:24am  NW 30.19   41
5    47.4  60.7   2:56pm  36.3   5:42am   18    0  0.00   1  11  12:40pm NNW 30.28   49
6    50.5  65.6   1:41pm  36.3   7:14am   15    0  0.00   1  11   2:43pm  SE 30.36   49
7    56.8  70.9   1:23pm  45.7   7:03am    9    1  0.00   3  16  11:30am  SE 30.27   42
8    61.4  74.0   2:51pm  50.1   6:32am    5    2  0.00   4  21  10:46am   S 29.98   61
9    64.3  75.6   2:10pm  55.7   5:02am    3    2  0.00   4  22   3:08pm SSE 29.81   65
10   67.0  78.5   2:03pm  58.6   6:46am    2    4  0.00   3  16   9:58am   S 29.87   68
11   68.3  77.0   1:59pm  63.4   3:03am    0    4  0.06   2  14  11:59am  SE 30.04   79
12   63.8  76.0   2:50pm  48.8  11:59pm    4    2  0.04   5  19   4:31pm  SE 30.05   80
13   49.5  58.6   2:34pm  41.8  11:40pm   16    0  0.00   2  16   4:44am  NW 30.22   64
14   49.7  63.1   2:19pm  38.2   4:37am   15    0  0.00   0  11   1:38pm SSE 30.04   66
15   51.7  60.5   1:01pm  43.5   6:54am   13    0  0.01   1  16   2:42pm  SE 29.72   75
16   52.5  62.7   2:55pm  45.2   7:58am   13    0  0.03   2  13   1:48am  SE 29.82   67
17   55.8  69.4   1:31pm  47.0  11:59pm   10    0  0.00   5  22   7:54pm   S 29.95   54
18   46.8  56.2   2:58pm  40.3   5:53am   18    0  0.00   1  14   2:05am NNW 30.37   64
19   51.7  66.0   2:13pm  38.8   7:15am   13    0  0.00   3  18  12:09pm SSE 30.16   63
20   60.2  71.6   1:32pm  50.8   5:05am    6    1  0.00   4  19  11:58am   S 29.99   73
21   70.2  78.8   2:32pm  62.9  12:49am    0    6  0.00   7  25   3:41pm   S 29.85   72
22   71.9  81.2   2:01pm  66.9   4:07am    0    7  0.00   4  18  12:44am   S 29.79   71
23   66.4  72.8   2:56pm  54.5   9:10am    1    3  0.00   1  14  12:44am   S 29.87   64
24   74.3  81.6   1:37pm  67.9   6:17am    0    9  0.01   7  28   1:06pm   S 29.63   68
25   46.7  73.0  12:00am  33.1  11:55pm   20    2  0.00   5  21  12:00am   N 29.88   66
26   39.0  51.7   2:18pm  29.8   7:44am   26    0  0.00   0  10  11:19am   N 30.33   47
27   45.8  62.1   1:48pm  31.9   7:06am   19    0  0.00   1  11   3:42pm  SE 30.23   42
28   53.4  64.2   2:54pm  41.1   6:40am   12    0  0.00   5  24   1:04pm SSE 29.88   51
29   60.8  69.3   2:30pm  46.5  11:58pm    5    1  0.09   3  20  12:37am   W 29.71   53
30   41.9  49.8   2:43pm  33.7  10:51pm   22    0  0.00   4  18  12:20am  NW 30.27   37
---------------------------------------------------------------------------------------
TOT  56.6  81.6 11/24/10  29.8 11/26/10  298   45  1.64   3  28 11/24/10   S 30.02   61

HEAT BASE: 65.0
COOL BASE: 65.0


</pre>