NOAA-Style Climate Reports


Report for 2010 December
<pre>
                  MONTHLY CLIMATOLOGICAL SUMMARY FOR 12/2010
                                        HEAT  COOL        
     MEAN                               DEG   DEG       WIND SPEED       DOM MEAN  MEAN
DAY  TEMP  HIGH   TIME     LOW   TIME   DAYS  DAYS RAIN AVG  HI  TIME    DIR BAROM HUM
---------------------------------------------------------------------------------------
1    46.3  64.0   2:17pm  31.6   4:24am   19    0  0.00   1  13   2:35pm   S 30.26   37
2    52.2  66.1   2:08pm  41.8   5:18am   13    0  0.00   2  16  10:03am   S 30.16   44
3    58.6  73.5   2:32pm  42.9   4:25am    8    2  0.00   3  21   3:25pm   S 30.01   59
4    54.3  62.1  11:40am  41.3  11:54pm   11    0  0.00   5  22  10:02am   N 30.08   53
5    39.8  47.4   2:19pm  32.7   7:12am   25    0  0.00   3  18   9:19am   N 30.50   48
6    37.1  48.2   2:00pm  29.1   7:22am   28    0  0.00   1   8  12:29am   N 30.52   51
7    43.2  55.4   2:35pm  30.9   6:09am   22    0  0.00   2  13  10:18pm  SE 30.23   48
8    42.7  52.6   2:20pm  34.7   7:35am   22    0  0.00   1  11   2:34am   N 30.34   65
9    47.7  59.3   2:38pm  37.8   4:09am   17    0  0.00   4  26   2:03pm   S 30.10   59
10   52.9  66.4   2:36pm  40.8   5:46am   12    0  0.00   1  13   3:09pm  SE 29.92   65
11   53.5  62.6   1:49pm  39.9  11:59pm   11    0  0.00   4  21  12:22pm   N 29.90   53
12   36.8  44.1   3:34pm  30.4  11:58pm   28    0  0.00   3  18  12:15am  NW 30.39   37
13   37.5  50.2   2:45pm  24.2   7:07am   27    0  0.00   1  12   1:06pm  SE 30.30   42
14   50.3  65.2   2:21pm  35.9   6:22am   15    0  0.00   3  17   2:14pm  SE 29.95   46
15   62.4  74.4   2:19pm  51.6   5:24am    5    3  0.00   7  25  10:18am   S 29.53   58
16   47.1  63.9  12:00am  38.0  11:56pm   18    0  0.00   3  18   5:28am   N 29.89   53
17   42.1  49.5   2:24pm  36.2   2:00am   23    0  0.00   2  18   6:36pm   N 30.18   55
18   42.1  53.6   1:27pm  31.2   8:13am   23    0  0.00   0   6  10:52am  SE 30.17   63
19   50.3  59.9   2:01pm  40.8  12:00am   15    0  0.00   4  19  10:12am  SE 29.95   49
20   62.0  74.9   3:20pm  50.2   1:32am    5    2  0.00   7  21  10:04am   S 29.72   67
21   64.1  82.2   2:27pm  49.5  11:59pm    5    4  0.00   2  17  12:08am   N 29.84   48
22   46.9  52.2   3:54pm  40.3   7:53am   18    0  0.00   2  14  10:23am   N 30.26   56
23   45.3  49.8  12:54pm  39.3   1:23am   20    0  0.00   1  16  10:58pm   N 30.28   47
24   41.7  47.3  12:00am  37.5  11:51pm   23    0  0.91   2  19   4:20pm   N 30.20   76
25   35.9  39.2   3:12pm  32.8  10:08pm   29    0  0.00   5  18  10:00am   N 30.46   62
26   32.4  39.9   2:50pm  25.3   7:50am   33    0  0.00   1  11  12:17am   N 30.47   66
27   38.8  50.4   2:48pm  29.3   7:11am   26    0  0.00   2  19  11:44am  SE 30.32   61
28   44.4  47.4  11:51pm  41.2   1:39am   21    0  0.24   1  11   1:30am  SE 30.15   82
29   59.3  67.8   2:40pm  47.4  12:00am    6    0  0.59   4  20   1:47pm   S 29.66   87
30   62.4  68.1   1:39pm  57.8   7:25am    3    1  0.00   5  20   9:46am   S 29.48   80
31   56.2  65.6   3:43am  42.3  10:57pm    8    0  0.00   4  21   3:16am   W 29.73   42
---------------------------------------------------------------------------------------
TOT  47.9  82.2 12/21/10  24.2 12/13/10  539   11  1.74   3  26  12/9/10   N 30.10   57

HEAT BASE: 65.0
COOL BASE: 65.0


</pre>