NOAA-Style Climate Reports


Report for 2011 January
<pre>
                  MONTHLY CLIMATOLOGICAL SUMMARY FOR 1/2011
                                        HEAT  COOL        
     MEAN                               DEG   DEG       WIND SPEED       DOM MEAN  MEAN
DAY  TEMP  HIGH   TIME     LOW   TIME   DAYS  DAYS RAIN AVG  HI  TIME    DIR BAROM HUM
---------------------------------------------------------------------------------------
1    34.5  41.3   1:58pm  27.0  11:57pm   31    0  0.00   2  19   3:02am   N 30.28   43
2    35.3  48.9   2:40pm  22.9   6:37am   30    0  0.00   0   8   1:43pm  SE 30.42   46
3    46.3  59.8   2:36pm  34.0   5:55am   19    0  0.00   3  19   2:49pm   S 30.17   43
4    47.8  57.6   2:02pm  40.5  11:58pm   17    0  0.00   0   8  12:17am   S 30.06   70
5    44.0  56.5   2:39pm  32.2   8:13am   21    0  0.00   0  12   9:38am  NW 30.02   67
6    45.3  62.4   2:14pm  33.1   5:24am   20    0  0.00   1  12   3:42pm   W 30.07   53
7    50.1  66.0   1:48pm  36.6   7:33am   15    0  0.00   1  13   3:31pm   N 29.85   45
8    42.4  52.2   2:53pm  32.8   7:42am   23    0  0.00   0  10  11:39pm   N 29.96   46
9    34.8  45.4   2:12am  27.2   9:14pm   30    0  1.05   2  14   4:42am NNE 29.96   79
10   29.4  32.7  10:28pm  26.4   7:24am   36    0  0.09   1  17  11:42pm NNE 30.24   84
11   25.1  31.2  12:00am  18.8   7:55am   40    0  0.00   2  14  12:19am  NW 30.74   63
12   25.9  30.0   3:24pm  21.6   5:10am   39    0  0.00   1  12   9:22am   N 30.88   55
13   30.3  39.2   2:48pm  21.0   8:03am   35    0  0.04   1  10   5:05pm   S 30.68   53
14   39.1  46.5   3:07pm  28.1   1:20am   26    0  0.06   1  12  11:13am  SE 30.38   56
15   46.3  54.7   3:21pm  41.1   6:49am   19    0  0.01   0   8   3:23pm SSE 30.26   73
16   44.9  46.4  12:00am  43.3   4:17pm   20    0  0.15   1  12  11:52am   N 30.05   89
17   48.6  57.6   3:33pm  44.3   7:27am   16    0  0.01   1  13   1:18pm   S 29.77   86
18   48.5  54.7   2:01pm  37.2  11:52pm   17    0  0.00   2  17   1:34pm   N 29.91   73
19   41.4  53.8   3:00pm  30.4   5:38am   24    0  0.00   1  14   1:52pm  SE 30.01   70
20   34.8  48.8   4:46am  25.1  11:54pm   30    0  0.08   4  21   3:06pm   N 30.20   75
21   31.0  43.9   2:47pm  19.7   7:42am   34    0  0.00   0  10  11:47am SSE 30.22   64
22   42.8  60.7   1:44pm  25.7   5:55am   22    0  0.00   2  19   2:13pm SSE 30.01   54
23   43.7  49.1  12:59pm  29.5  11:51pm   21    0  0.00   3  14  12:34am SSE 30.02   56
24   38.4  57.5   3:46pm  23.6   7:45am   27    0  0.00   0  10  10:54pm   N 30.13   57
25   41.1  52.2   2:39pm  32.5  11:54pm   24    0  0.00   1  14   2:57pm   N 30.17   55
26   42.3  61.3   2:46pm  26.3   7:44am   23    0  0.00   0  10  12:26pm   W 30.21   56
27   44.5  65.2   3:44pm  28.2   6:32am   21    0  0.00   0  11   1:28pm   W 30.17   52
28   52.0  74.9   3:15pm  33.5   7:40am   15    2  0.00   0  12   1:30pm   S 30.03   43
29   59.2  76.5   1:23pm  42.6   7:36am    8    2  0.00   3  18   2:34pm   S 29.89   48
30   57.0  66.3  11:31am  41.1  11:29pm    8    0  0.00   2  17   2:30am   S 29.91   73
31   46.7  55.0   3:43pm  41.1  12:00am   18    0  0.01   2  21   9:07pm   N 29.97   70
---------------------------------------------------------------------------------------
TOT  41.7  76.5  1/29/11  18.8  1/11/11  725    4  1.50   1  21  1/20/11   N 30.15   61

HEAT BASE: 65.0
COOL BASE: 65.0


</pre>