NOAA-Style Climate Reports


Report for 2011 February
<pre>
                  MONTHLY CLIMATOLOGICAL SUMMARY FOR 2/2011
                                        HEAT  COOL        
     MEAN                               DEG   DEG       WIND SPEED       DOM MEAN  MEAN
DAY  TEMP  HIGH   TIME     LOW   TIME   DAYS  DAYS RAIN AVG  HI  TIME    DIR BAROM HUM
---------------------------------------------------------------------------------------
1    20.6  37.2  12:00am  13.5   9:07pm   44    0  0.45   7  29   5:46am  NW 30.22   75
2    17.1  22.1   2:35pm  12.6   6:40am   46    0  0.00   4  18   9:58am   N 30.73   60
3    19.2  22.7  10:27pm  15.6   6:08am   46    0  0.00   3  19   1:15am   N 30.68   59
4    22.1  29.3   3:00pm  15.7  10:14pm   43    0  0.04   1  10   1:26pm  NW 30.35   72
5    33.5  51.9   3:45pm  17.2  12:00am   30    0  0.00   1  11   7:14am   S 29.94   67
6    41.7  51.7  12:48pm  36.2   7:37am   23    0  0.04   2  17   2:56pm   N 29.91   68
7    39.7  48.9   3:20pm  33.7   7:30am   25    0  0.00   3  14   7:35am  NW 30.27   60
8    43.6  55.4   2:47pm  32.4   6:23am   21    0  0.00   4  20   1:16pm  SE 30.15   50
9    24.3  45.7  12:17am  14.9  10:22am   41    0  0.09   5  22  10:01am  NW 30.39   69
10   23.9  37.3   3:53pm  13.5   7:30am   41    0  0.04   1  11  12:54am   N 30.50   51
11   35.7  56.7   3:40pm  19.4   7:12am   29    0  0.00   0  11   9:25am   S 30.42   50
12   45.0  67.4   3:33pm  26.6   7:19am   20    0  0.00   1  13   4:05pm   S 30.43   46
13   54.9  71.8   3:19pm  39.1   6:40am   11    1  0.00   5  22   3:27pm   S 30.13   36
14   58.8  73.3   3:26pm  43.5   7:53am    8    1  0.00   2  14   3:38am   S 30.10   61
15   65.6  77.9   3:14pm  56.3   3:42am    3    3  0.00   5  24  11:28am   S 29.97   66
16   65.4  73.2   2:26pm  60.1   1:48am    1    2  0.00   7  20  10:53am   S 29.89   70
17   68.1  78.1   3:04pm  61.8   2:16am    1    4  0.00   6  24   5:32am   S 29.81   68
18   70.6  86.5   3:17pm  62.6   7:07am    1    6  0.00   4  19   3:03am   S 29.96   69
19   65.8  79.0   1:45pm  57.3   7:30am    2    3  0.00   3  20   3:15pm   S 30.00   71
20   68.1  79.9   2:46pm  61.3   7:10am    1    4  0.00   7  20   7:12am   S 29.72   65
21   59.9  73.0  10:38am  42.6  11:55pm    6    1  0.00   5  24   2:48am   S 29.76   62
22   53.0  69.1   4:19pm  36.8   7:24am   13    1  0.00   1  12   1:47am   N 30.06   44
23   63.0  68.3   5:19pm  56.7   4:32am    3    1  0.00   1  12   4:35pm  SE 29.86   76
24   65.3  81.8   3:12pm  42.3  11:58pm    3    3  0.08   5  19  12:34pm   S 29.68   67
25   46.5  60.4   3:20pm  38.0   6:40am   18    0  0.00   2  14   5:22am   N 30.07   59
26   58.3  79.0   3:19pm  40.3   6:26am   10    3  0.00   3  20  12:50pm SSE 29.82   74
27   70.0  79.4   4:14pm  64.3   5:11am    0    5  0.01   7  28   2:51pm   S 29.52   76
28   55.6  67.8  12:00am  44.3   7:48am    9    0  0.00   3  22   6:07am   N 30.03   44
---------------------------------------------------------------------------------------
TOT  48.5  86.5  2/18/11  12.6   2/2/11  499   38  0.75   3  29   2/1/11   S 30.08   62

HEAT BASE: 65.0
COOL BASE: 65.0


</pre>