NOAA-Style Climate Reports


Report for 2011 March
<pre>
                  MONTHLY CLIMATOLOGICAL SUMMARY FOR 3/2011
                                        HEAT  COOL        
     MEAN                               DEG   DEG       WIND SPEED       DOM MEAN  MEAN
DAY  TEMP  HIGH   TIME     LOW   TIME   DAYS  DAYS RAIN AVG  HI  TIME    DIR BAROM HUM
---------------------------------------------------------------------------------------
1    53.6  76.0   3:36pm  34.0   7:13am   13    2  0.00   0   8   9:20am SSE 30.25   46
2    59.8  78.3   2:44pm  44.8   6:57am    8    3  0.00   1  12  10:10am  SE 30.10   41
3    63.8  79.4   2:49pm  50.4   7:17am    5    4  0.00   4  18  12:09pm SSE 29.90   43
4    65.0  73.7   3:17pm  54.4  11:57pm    2    2  0.00   6  24   9:39am   S 29.78   68
5    47.3  58.0   4:10pm  38.8  11:55pm   18    0  0.00   4  21  12:04am   N 30.22   50
6    47.3  66.6   2:15pm  28.7   6:48am   18    0  0.00   1  10   1:57pm  SE 30.17   43
7    54.8  63.2   5:02pm  46.4   6:29am   10    0  0.00   5  18   8:37am  SE 29.81   61
8    65.1  84.3   3:06pm  51.3  11:58pm    4    4  0.00   4  19  11:10am SSE 29.65   65
9    53.5  64.5   3:54pm  44.2   6:05am   12    0  0.00   4  20   5:07pm  NW 30.13   49
10   52.7  69.4   3:59pm  37.5   7:25am   13    0  0.00   1   8  11:59am   N 30.36   39
11   61.4  78.3   2:30pm  44.6   6:52am    7    3  0.00   6  28   1:53pm   S 30.06   31
12   67.1  81.1   2:26pm  54.4   6:07am    3    5  0.00   6  20  10:18am   S 29.88   56
13   68.1  75.8   4:34pm  60.7   7:43am    1    4  0.00   4  17  11:13am   S 29.91   67
14   52.3  63.9  12:00am  44.3   9:04am   13    0  0.00   4  19   5:25am  NW 30.17   59
15   50.6  65.2   3:12pm  35.5   7:03am   14    0  0.00   0  10   4:36pm  SE 30.20   58
16   62.9  76.8   3:22pm  51.4   5:55am    5    3  0.00   4  20   3:55pm SSE 30.06   66
17   72.4  84.9   4:13pm  63.1   2:37am    0    8  0.00   8  27  11:43am   S 29.92   63
18   75.0  89.9   5:16pm  63.9   5:06am    0   10  0.00   4  19  12:48am   S 29.96   59
19   73.9  85.1   4:57pm  63.9   8:05am    0    9  0.00   4  20  12:50pm   S 29.98   58
20   72.2  83.8   3:05pm  62.3   7:22am    0    8  0.00   6  21   2:38am   S 29.99   58
21   72.1  84.3   4:25pm  63.9   5:02am    0    7  0.00   7  21   4:39pm   S 29.94   59
22   72.1  83.2   4:38pm  64.3   5:04am    0    7  0.00  11  31  10:10am   S 29.70   59
23   70.0  82.2   4:54pm  58.0   9:11am    1    6  0.00   2  21   1:13am   N 29.75   42
24   64.9  79.6   3:34pm  51.9   8:11am    4    4  0.00   1  13   3:34pm   N 29.91   30
25   73.5  88.0   3:49pm  61.5   7:16am    0    9  0.00   5  20  11:08am   S 29.63   54
26   69.9  82.8  11:59am  49.1  11:56pm    2    7  0.00   5  19   8:14am   S 29.56   57
27   47.7  49.8   2:42pm  46.2   4:57am   17    0  0.01   2  13   1:38am   N 29.87   81
28   51.1  60.4   4:23pm  45.8   7:33am   14    0  0.01   1  10   5:14pm   N 29.96   74
29   50.3  52.2   2:15am  47.1  11:53pm   15    0  0.10   1  13   5:01pm   N 29.97   83
30   46.6  56.5   5:02pm  39.8   5:52am   18    0  0.00   1  13  12:25pm   N 30.04   75
31   56.5  77.2   4:56pm  38.5   4:44am   11    3  0.00   0  14   2:40pm   S 29.81   59
---------------------------------------------------------------------------------------
TOT  61.1  89.9  3/18/11  28.7   3/6/11  228  107  0.12   4  31  3/22/11   S 29.96   57

HEAT BASE: 65.0
COOL BASE: 65.0


</pre>