NOAA-Style Climate Reports


Report for 2011 April
<pre>
                  MONTHLY CLIMATOLOGICAL SUMMARY FOR 4/2011
                                        HEAT  COOL        
     MEAN                               DEG   DEG       WIND SPEED       DOM MEAN  MEAN
DAY  TEMP  HIGH   TIME     LOW   TIME   DAYS  DAYS RAIN AVG  HI  TIME    DIR BAROM HUM
---------------------------------------------------------------------------------------
1    69.6  91.8   3:14pm  49.6   7:22am    5   10  0.00   1  14  12:05pm   N 29.67   47
2    72.0  86.5   2:47pm  56.0   7:25am    2    9  0.00   2  19  11:09pm SSE 29.81   54
3    76.1  87.2   4:21pm  67.3   6:58am    0   11  0.00  11  28  11:54pm   S 29.57   63
4    62.9  74.4  12:00am  46.7  11:58pm    4    2  0.67   6  29   1:54am  NW 29.79   43
5    57.0  76.0   4:31pm  37.5   7:18am   11    3  0.00   3  19   4:48pm   S 30.04   41
6    67.8  84.0   4:38pm  50.7   5:25am    4    7  0.00   8  26  12:52pm   S 29.75   44
7    72.7  85.3   4:19pm  63.4   4:49am    0    8  0.00   5  21   9:59am   S 29.63   66
8    78.3  91.0   3:28pm  69.9   1:54am    0   13  0.00   5  21   3:01pm   S 29.62   65
9    79.7  91.2   4:40pm  68.9   7:11am    0   15  0.00   6  26   4:30pm SSE 29.66   57
10   79.7  89.9   5:08pm  69.6   7:14am    0   15  0.00   7  24  10:41am   S 29.60   58
11   67.1  77.7   4:37pm  56.5  11:56pm    2    4  1.23   3  20   1:48am  NW 29.85   56
12   65.0  84.9   4:04pm  46.0   7:32am    6    6  0.00   0  10   1:47pm SSE 30.03   51
13   68.1  83.2   4:15pm  52.5   7:02am    3    6  0.00   2  16  11:43am SSE 29.85   47
14   74.4  86.3   3:19pm  60.4  11:59pm    0    9  0.28   6  24   3:01pm SSE 29.56   63
15   63.4  73.2   4:57pm  53.9   7:30am    3    2  0.00   5  29   1:47pm   W 29.73   34
16   62.8  79.6   5:24pm  48.9   6:04am    6    4  0.00   1  13   1:39pm  NW 29.99   25
17   69.5  83.6   3:23pm  55.9   5:34am    3    8  0.00   5  24   4:07pm  SE 29.76   34
18   80.0  92.1   5:15pm  69.4   2:11am    0   15  0.00   9  28   3:30am SSE 29.49   59
19   79.1  92.7   2:54pm  69.8  11:56pm    0   14  0.14   6  24   1:21am SSE 29.49   66
20   62.4  69.8  12:00am  58.6   6:23pm    3    1  0.00   3  16   6:58am   N 29.86   69
21   67.3  85.3   5:42pm  57.8   7:25am    3    6  0.06   2  18  12:03am  SE 29.85   79
22   80.2  90.3   4:34pm  71.1   7:18am    0   15  0.00   9  27   2:54am SSE 29.59   59
23   79.2  88.6   4:57pm  72.0   7:16am    0   14  0.11   7  30  11:56pm SSE 29.61   61
24   75.6  85.3   3:59pm  64.5   9:06pm    0   11  0.31   5  30  12:00am   S 29.66   68
25   74.6  84.7   2:11pm  66.6  11:58pm    0   10  0.10   5  26   3:07pm SSE 29.45   73
26   63.8  70.9   6:13pm  55.3   7:04am    2    1  0.00   1  12   5:56pm   N 29.41   76
27   62.6  70.8   4:30pm  54.2  11:58pm    3    1  0.01   2  19   2:27pm  NW 29.62   66
28   62.7  81.8   5:20pm  44.8   5:16am    7    5  0.00   0   8   1:55pm   S 30.09   50
29   71.8  85.9   4:59pm  56.7   4:11am    2    9  0.00   6  26   5:10pm SSE 29.79   42
30   76.5  91.2   4:03pm  66.8   3:07am    0   11  0.00   4  21   3:48am   S 29.56   62
---------------------------------------------------------------------------------------
TOT  70.7  92.7  4/19/11  37.5   4/5/11   71  242  2.91   5  30  4/23/11 SSE 29.71   56

HEAT BASE: 65.0
COOL BASE: 65.0


</pre>