NOAA-Style Climate Reports


Report for 2011 May
<pre>
                  MONTHLY CLIMATOLOGICAL SUMMARY FOR 5/2011
                                        HEAT  COOL        
     MEAN                               DEG   DEG       WIND SPEED       DOM MEAN  MEAN
DAY  TEMP  HIGH   TIME     LOW   TIME   DAYS  DAYS RAIN AVG  HI  TIME    DIR BAROM HUM
---------------------------------------------------------------------------------------
1    55.5  70.1   2:34am  45.2   8:03pm   11    1  0.98   5  25   2:45pm   N 29.81   76
2    47.5  50.7   6:06pm  45.2   8:17am   17    0  1.83   3  17   8:11am   N 30.17   90
3    56.6  75.4   5:21pm  39.3   7:08am   11    2  0.01   0   8   2:02am   N 30.35   62
4    64.3  80.1   3:14pm  47.7   6:56am    6    5  0.00   2  16  10:18am SSE 30.25   49
5    69.4  84.0   5:05pm  55.4   7:02am    2    7  0.00   2  16  10:04am SSE 30.06   44
6    72.5  88.6   3:39pm  54.8   6:43am    3   10  0.00   2  19   6:30pm SSE 29.86   51
7    78.1  91.6   3:49pm  63.7   7:03am    0   13  0.00   7  27   2:43am   S 29.64   50
8    81.2  93.6   4:18pm  69.8   6:45am    0   16  0.01   6  22   5:06pm   S 29.59   61
9    82.7  94.5   3:56pm  72.7   6:10am    0   18  0.00   6  25   2:13pm SSE 29.54   57
10   78.4  85.7   2:34pm  70.4  11:34pm    0   13  0.16   4  24   1:10am   S 29.58   65
11   70.5  80.3  11:53am  64.0   9:56pm    0    6  0.93   3  19   7:09am  SE 29.65   81
12   70.7  82.4   4:53pm  60.9   5:42am    1    6  0.00   2  20   5:28pm   S 29.74   75
13   67.1  77.2   4:40pm  58.4   7:02am    2    4  0.00   3  17   1:31pm  NW 29.85   58
14   61.6  73.7   5:46pm  50.8   6:55am    5    2  0.00   2  16   8:09am   N 29.97   54
15   62.7  76.0   5:49pm  50.1   6:51am    5    3  0.00   1  13  12:01pm   N 29.98   52
16   64.2  77.6   5:05pm  51.1   6:53am    4    4  0.00   1  12  10:01am   N 29.94   53
17   69.9  85.9   4:59pm  52.9   7:01am    3    8  0.00   1  13   6:12pm SSE 29.74   49
18   76.0  87.0   4:03pm  65.8   6:28am    0   11  0.00   7  24   1:54pm SSE 29.50   62
19   76.2  82.0   4:32pm  70.6   6:21am    0   11  0.00   6  22   5:50pm SSE 29.57   70
20   74.4  85.3   1:25pm  64.2  11:47pm    0    9  1.60   4  20  12:37am SSE 29.59   80
21   75.4  88.6   4:19pm  61.6   2:49am    0   10  0.01   3  19  12:07pm SSE 29.67   81
22   80.2  92.9   3:09pm  69.3   9:41pm    0   15  0.12   5  22   3:15pm   S 29.62   74
23   78.5  87.6   6:04pm  69.1   1:16pm    0   14  0.57   7  25   8:56am   S 29.59   70
24   79.8  91.6   3:52pm  72.3  11:31pm    0   15  0.51   6  29  10:07pm SSE 29.51   70
25   79.4  92.3   5:04pm  69.4   8:41am    0   14  0.00   3  16   6:13am   S 29.56   55
26   72.0  85.7   5:25pm  59.5   6:48am    1    8  0.00   1  16   1:26am  NW 29.82   52
27   80.3  96.3   5:15pm  65.0   6:12am    0   15  0.00   5  25   1:24pm SSE 29.59   56
28   86.1  98.5   4:37pm  74.4   6:28am    0   21  0.00   8  29  10:21pm   S 29.41   55
29   84.5  95.9   4:52pm  73.5   6:01am    0   20  0.00   9  27   1:16am SSE 29.55   55
30   83.9  93.6   4:54pm  75.1   6:41am    0   19  0.00   7  26   5:12pm SSE 29.70   58
31   84.1  95.4   6:33pm  74.2   6:30am    0   18  0.00   2  17  12:25am SSE 29.93   60
---------------------------------------------------------------------------------------
TOT  73.0  98.5  5/28/11  39.3   5/3/11   70  317  6.73   4  29  5/24/11 SSE 29.75   62

HEAT BASE: 65.0
COOL BASE: 65.0


</pre>