NOAA-Style Climate Reports


Report for 2011 June
<pre>
                  MONTHLY CLIMATOLOGICAL SUMMARY FOR 6/2011
                                        HEAT  COOL        
     MEAN                               DEG   DEG       WIND SPEED       DOM MEAN  MEAN
DAY  TEMP  HIGH   TIME     LOW   TIME   DAYS  DAYS RAIN AVG  HI  TIME    DIR BAROM HUM
---------------------------------------------------------------------------------------
1    85.5  97.3   3:28pm  75.3   6:39am    0   20  0.00   2  18   1:31pm SSE 29.99   51
2    85.8  98.2   3:58pm  71.6   6:51am    0   21  0.00   2  17   2:04pm SSE 29.85   46
3    87.1 100.7   5:31pm  73.7   6:20am    0   22  0.01   2  14   2:36pm SSE 29.82   45
4    86.5  99.7   4:35pm  70.9   6:52am    0   21  0.00   2  16   6:11pm SSE 29.30   43
5    87.1 102.8   3:48pm  74.9   6:44am    0   22  0.03   1  20   8:02pm SSE 29.92   49
6    86.5 103.8   4:30pm  70.8   5:28am    0   22  0.01   0  10  10:27pm SSE 29.80   49
7    87.3 100.4   4:00pm  73.5   6:19am    0   22  0.00   2  13   6:31pm SSE 29.69   45
8    86.0  97.5   3:51pm  72.3   5:59am    0   21  0.00   4  17   2:43am   S 29.69   50
9    86.6  98.2   4:16pm  75.6   6:54am    0   22  0.00   4  18  10:01am   S 29.70   47
10   87.1  97.8   3:21pm  77.0   6:13am    0   22  0.00   4  17  11:02am SSE 29.69   48
11   87.9 100.2   4:42pm  76.5   6:47am    0   23  0.00   2  16  10:14am SSE 29.71   46
12   88.7 101.2   4:39pm  76.7   6:49am    0   24  0.00   3  18   2:39pm   S 29.70   43
13   90.3 105.1   4:11pm  76.8   6:49am    0   25  0.00   3  17   9:32am   S 29.72   39
14   90.3 103.8   4:41pm  78.5   6:38am    0   25  0.00   5  20   7:33am   S 29.63   38
15   90.3 103.8   4:48pm  76.5   5:18am    0   25  0.00   3  22   6:21am   S 29.61   45
16   90.4 102.3   4:11pm  78.5   6:53am    0   25  0.00   5  24   2:41pm   S 29.56   44
17   91.0 103.6   3:27pm  78.8   6:01am    0   26  0.00   9  27  11:07am   S 29.53   45
18   92.0 105.1   4:23pm  79.2   6:16am    0   27  0.00   9  26  11:13am   S 29.57   44
19   91.1 103.3   5:22pm  80.9   8:05am    0   26  0.00   9  26   6:52pm   S 29.52   43
20   88.4  99.7   5:32pm  77.7   6:39am    0   23  0.00  10  30  12:35am   S 29.46   47
21   83.4  99.0   5:39pm  68.1   3:36am    0   18  1.59   2  21   3:01am SSE 29.59   64
22   80.5  95.9   4:40pm  67.9   6:17am    0   15  0.04   1  21   1:01am SSE 29.74   64
23   85.0 100.4   4:45pm  71.1   6:52am    0   20  0.00   2  13   2:13pm   S 29.73   57
24   86.6  97.5   3:49pm  75.1   6:39am    0   22  0.00   3  18   5:30pm SSE 29.64   56
25   87.2  97.3   4:38pm  77.0   6:24am    0   22  0.00   6  21   5:47pm   S 29.61   58
26   88.2  99.4   4:06pm  76.7   6:57am    0   23  0.00   7  26  10:57pm   S 29.63   54
27   89.5 102.0   4:54pm  78.6   6:25am    0   24  0.00   5  29   4:34am   S 29.67   52
28   90.0 102.8   4:05pm  80.1   6:31am    0   25  0.00   3  19   3:25am   S 29.79   51
29   88.8 102.3   4:58pm  75.8   6:04am    0   24  0.00   2  17   1:38pm SSE 29.80   52
30   89.9 101.5   5:32pm  77.0   6:26am    0   24  0.00   1  18   4:42pm SSE 29.77   48
---------------------------------------------------------------------------------------
TOT  87.8 105.1  6/13/11  67.9  6/22/11    0  683  1.68   4  30  6/20/11   S 29.70   49

HEAT BASE: 65.0
COOL BASE: 65.0


</pre>