NOAA-Style Climate Reports


Report for 2011 July
<pre>
                  MONTHLY CLIMATOLOGICAL SUMMARY FOR 7/2011
                                        HEAT  COOL        
     MEAN                               DEG   DEG       WIND SPEED       DOM MEAN  MEAN
DAY  TEMP  HIGH   TIME     LOW   TIME   DAYS  DAYS RAIN AVG  HI  TIME    DIR BAROM HUM
---------------------------------------------------------------------------------------
1    89.0 102.0   4:36pm  77.4   7:38am    0   24  0.00   1  12   7:12pm SSE 29.79   47
2    90.4 105.1   4:34pm  76.1   6:22am    0   25  0.00   0  12   3:46pm   S 29.83   45
3    89.3 104.9   4:16pm  74.4   5:50am    0   24  0.00   0  11   6:15pm   S 29.76   48
4    91.1 105.4   4:35pm  78.1   5:32am    0   26  0.00   1  12   1:57pm   S 29.71   42
5    91.0 104.4   3:22pm  79.0   4:57am    0   26  0.00   1  12  12:10pm  SE 29.73   42
6    90.0 104.4   4:18pm  73.0   6:46am    0   25  0.00   1  13   8:21pm SSE 29.74   45
7    91.4 105.4   4:37pm  79.4   6:13am    0   26  0.00   2  12   2:23am   S 29.68   42
8    94.2 108.5   5:13pm  82.0   7:08am    0   29  0.00   2  13   1:10am   S 29.57   35
9    92.0 103.6   5:28pm  81.6   5:09am    0   27  0.00   3  16   5:32pm   S 29.62   38
10   92.3 105.4   3:43pm  81.2   6:53am    0   27  0.00   3  16   8:05am   S 29.72   40
11   92.3 104.1   4:42pm  80.1   6:41am    0   27  0.00   2  16   5:09pm SSE 29.76   43
12   93.0 104.6   3:14pm  81.8   6:43am    0   28  0.00   2  17   3:31pm   S 29.73   43
13   93.1 106.8   4:56pm  77.9   5:50am    0   28  0.00   2  14  12:05pm   S 29.67   41
14   94.6 108.8   4:25pm  84.1   6:21am    0   30  0.00   1  12  10:33am   S 29.61   39
15   94.8 110.2   3:34pm  80.5   6:21am    0   30  0.00   1  13   3:17pm   S 29.59   41
16   93.1 105.4   4:43pm  80.9   6:55am    0   28  0.00   1  16  12:13am  SE 29.67   46
17   92.5 106.2   5:31pm  79.4   6:43am    0   28  0.00   0  10   5:32pm SSE 29.80   43
18   92.0 104.1   5:02pm  81.4   1:17am    0   27  0.00   0  19   2:54pm   N 29.79   47
19   92.1 104.1   3:36pm  80.7   6:58am    0   27  0.00   1  13  10:08pm  SE 29.73   47
20   90.0 101.5   6:03pm  76.3   6:17am    0   25  0.00   1  13   4:25pm SSE 29.69   51
21   92.5 105.4   4:56pm  81.1   7:07am    0   27  0.00   2  14   2:34am   S 29.66   43
22   92.6 105.1   4:20pm  82.2   6:50am    0   27  0.00   3  18   3:00pm   S 29.67   44
23   93.4 107.9   5:16pm  80.7   6:59am    0   28  0.00   4  19   2:54am   S 29.74   43
24   94.6 109.6   4:00pm  81.8   7:17am    0   30  0.00   2  17   2:14pm   S 29.79   37
25   95.7 111.6   4:04pm  82.8   6:50am    0   31  0.00   1  16  10:00pm   S 29.70   35
26   93.1 106.2   4:37pm  84.9   6:48am    0   28  0.00   1  12  12:05am   S 29.61   40
27   94.1 108.5   3:44pm  77.2   6:04am    0   29  0.00   1  17  10:31pm SSE 29.60   40
28   93.5 107.7   5:09pm  80.9   6:46am    0   28  0.00   2  16  11:36pm  SE 29.68   43
29   91.6 105.1   4:18pm  80.3   1:54am    0   27  0.01   2  17   9:31pm SSE 29.77   49
30   91.0 104.6   5:08pm  78.5   6:39am    0   26  0.00   2  18   9:31am   S 29.85   48
31   93.8 107.9   4:38pm  77.0   6:33am    0   28  0.00   1  12   2:23am   S 29.85   43
---------------------------------------------------------------------------------------
TOT  92.4 111.6  7/25/11  73.0   7/6/11    0  848  0.01   2  19  7/18/11   S 29.71   43

HEAT BASE: 65.0
COOL BASE: 65.0


</pre>