NOAA-Style Climate Reports


Report for 2011 August
<pre>
                  MONTHLY CLIMATOLOGICAL SUMMARY FOR 8/2011
                                        HEAT  COOL        
     MEAN                               DEG   DEG       WIND SPEED       DOM MEAN  MEAN
DAY  TEMP  HIGH   TIME     LOW   TIME   DAYS  DAYS RAIN AVG  HI  TIME    DIR BAROM HUM
---------------------------------------------------------------------------------------
1    95.2 110.8   5:16pm  80.3   7:14am    0   30  0.00   0  11   2:13pm SSE 29.76   35
2    97.4 113.2   3:54pm  82.2   7:28am    0   32  0.00   0  12   2:18pm   S 29.65   32
3    96.9 112.9   4:25pm  76.7   6:42am    0   32  0.00   1  11   4:50pm   S 29.60   36
4    97.0 111.0   4:35pm  83.0   7:11am    0   32  0.00   1  14   6:26pm SSE 29.66   33
5    95.0 109.6   4:59pm  77.2   6:30am    0   30  0.00   2  13   8:39am   S 29.68   35
6    94.3 107.9   4:46pm  77.9   6:13am    0   29  0.00   3  17   2:58am   S 29.70   37
7    94.3 106.8   4:03pm  83.8   7:16am    0   29  0.00   2  14   8:42am   S 29.68   39
8    94.3 107.1   4:36pm  83.2   7:26am    0   29  0.00   1  14   4:06pm SSW 29.61   38
9    95.6 110.2   4:20pm  83.2   7:21am    0   31  0.00   2  21   2:41am SSW 29.60   38
10   93.1 105.4   5:00pm  78.6   6:03am    0   28  0.00   1  14  10:07am SSW 29.61   39
11   87.7  95.4  12:01pm  81.6   2:35pm    0   23  0.00   1  21   1:36pm SSW 29.67   52
12   90.1 105.7   3:43pm  78.5   2:34am    0   25  0.00   1  13  10:27am   S 29.70   47
13   81.7  88.8   5:40pm  73.5   7:53am    0   17  1.69   0  14   4:39am   N 29.80   67
14   87.2 103.1   5:45pm  73.7   6:30am    0   22  0.00   0   7   2:21pm NNE 29.81   55
15   91.1 106.2   4:20pm  77.6   6:58am    0   26  0.00   0   8   1:46pm   S 29.70   45
16   93.6 104.6   4:40pm  83.8   7:03am    0   29  0.00   1  14   5:28pm   S 29.74   35
17   92.8 104.1   5:02pm  81.6   5:53am    0   28  0.00   1  12   3:01am   S 29.83   36
18   93.3 106.8   4:42pm  81.1   4:48am    0   28  0.00   1  10   9:55am   W 29.76   34
19   94.6 108.2   4:35pm  82.0   6:39am    0   30  0.00   0  11  12:02pm SSW 29.67   34
20   93.5 108.5   4:34pm  75.3   6:45am    0   29  0.00   0  12   1:17pm   S 29.69   40
21   93.0 103.6   3:57pm  82.8   7:25am    0   28  0.00   1  12   4:54am   S 29.79   42
22   93.5 106.2   4:53pm  80.9   7:17am    0   29  0.00   0   8   4:03pm   S 29.79   41
23   94.1 107.7   4:55pm  81.2   7:08am    0   29  0.00   0  11   1:41pm   S 29.72   39
24   90.7 107.9   5:03pm  74.0   6:59am    0   26  0.00   1  16   6:26pm   S 29.70   48
25   89.4 105.1   5:27pm  77.4   5:38am    0   24  0.00   0  10  12:00am   S 29.73   52
26   92.6 107.4   5:07pm  78.6   7:24am    0   28  0.00   0   8   3:38pm   W 29.75   42
27   92.5 109.1   5:40pm  75.3   6:22am    0   27  0.00   0   7  12:23pm NNE 29.73   44
28   93.8 108.2   4:27pm  81.1   6:13am    0   29  0.00   0   6   9:56am SSE 29.66   33
29   90.1 100.4   5:27pm  76.7   9:39am    0   25  0.01   1  12  12:50pm ESE 29.66   39
30   92.4 104.1   4:33pm  82.4   8:51am    0   27  0.00   2  17  11:41am SSE 29.67   34
31   92.8 104.9   3:50pm  77.4   6:09am    0   27  0.00   1  13   3:03am   S 29.73   36
---------------------------------------------------------------------------------------
TOT  92.7 113.2   8/2/11  73.5  8/13/11    0  857  1.69   1  21   8/9/11   S 29.70   41

HEAT BASE: 65.0
COOL BASE: 65.0


</pre>