NOAA-Style Climate Reports


Report for 2011 September
<pre>
                  MONTHLY CLIMATOLOGICAL SUMMARY FOR 9/2011
                                        HEAT  COOL        
     MEAN                               DEG   DEG       WIND SPEED       DOM MEAN  MEAN
DAY  TEMP  HIGH   TIME     LOW   TIME   DAYS  DAYS RAIN AVG  HI  TIME    DIR BAROM HUM
---------------------------------------------------------------------------------------
1    90.7 102.3   4:07pm  79.4   7:44am    0   26  0.00   0  12   3:00pm   S 29.79   34
2    91.4 102.3   4:27pm  82.0   7:20am    0   26  0.00   0  11   4:14pm  SE 29.72   39
3    86.6  99.7   4:11pm  68.8   7:19am    0   20  0.00   1  11   3:31pm  NE 29.65   42
4    83.0  93.8   3:06pm  72.0   5:03am    0   17  0.00   4  19  12:34pm   N 29.68   43
5    74.7  84.9   4:26pm  64.3   7:28am    0   10  0.00   4  18   9:06am   N 29.85   32
6    74.4  92.7   5:06pm  56.6   7:10am    1   11  0.00   0  11   2:49pm NNE 29.91   32
7    75.6  91.6   3:30pm  55.3   6:32am    1   12  0.00   1  13   6:26pm   N 29.97   31
8    76.6  89.9   5:01pm  61.8   7:37am    0   12  0.00   1  15   3:51pm   N 29.96   30
9    75.8  91.4   3:54pm  59.6   7:34am    1   12  0.00   1  13  11:11am   N 29.87   29
10   75.0  94.5   4:18pm  53.2   7:49am    2   12  0.00   0  10   2:19pm   N 29.87   42
11   79.9  97.1   4:06pm  62.1   6:04am    0   15  0.00   0   8  12:21pm   N 29.90   37
12   85.7 105.1   5:18pm  65.2   7:50am    0   21  0.00   0   7  12:28pm   S 29.88   31
13   90.3 105.4   2:37pm  76.1   6:47am    0   25  0.00   1  14  10:46pm   S 29.73   26
14   82.3  95.1   4:21pm  69.9   7:07am    0   17  0.00   1  13  10:01pm   N 29.75   45
15   68.5  74.7   3:34pm  62.9   7:28am    0    4  0.00   2  13   3:59am  NE 29.98   58
16   73.1  89.9   4:03pm  65.6  12:58am    0    8  0.53   0  10   7:11pm ENE 29.94   59
17   77.0  92.1   4:33pm  66.4   2:25am    0   13  0.01   2  16  11:38am SSE 29.93   74
18   81.4  95.6   4:40pm  72.2  11:36pm    0   16  0.03   2  13  12:48pm   S 29.87   69
19   75.6  89.0   5:39pm  65.3   7:25am    0   10  0.00   3  12   3:44pm NNE 29.96   59
20   75.7  92.3   5:25pm  60.0   5:30am    1   11  0.00   1   7   3:03pm NNE 29.91   52
21   81.1  95.1   4:36pm  66.0   6:30am    0   16  0.00   1   8   2:09pm ESE 29.92   49
22   72.4  80.0   4:25pm  62.1  11:57pm    0    7  0.00   3  15   8:12am NNE 30.01   60
23   68.4  85.9   4:58pm  54.4   7:13am    3    6  0.00   1   6   1:29am NNE 30.05   64
24   77.3  96.2   4:11pm  59.2   7:31am    1   13  0.00   2  13   1:46pm   S 29.83   46
25   82.2  92.7   4:07pm  72.6  11:57pm    0   17  0.00   4  12   4:48am   S 29.65   38
26   76.4  93.1   5:21pm  60.9   7:16am    0   12  0.00   2  10  12:00am ENE 29.77   51
27   81.4  94.6   4:11pm  69.5   6:31am    0   16  0.00   2   8   3:27pm ENE 29.81   45
28   81.2  96.7   4:27pm  68.4   7:22am    0   16  0.00   1   8  11:35am ENE 29.83   39
29   84.6 102.1   3:34pm  67.5   7:42am    0   20  0.13   1  14  11:57pm SSE 29.82   43
30   75.0  84.5   4:58pm  65.9   7:51am    0   10  0.00   3  15   2:10am NNE 30.06   27
---------------------------------------------------------------------------------------
TOT  79.9 105.4  9/13/11  53.2  9/10/11   11  431  0.71   1  19   9/4/11 NNE 29.85   40

HEAT BASE: 65.0
COOL BASE: 65.0


</pre>