NOAA-Style Climate Reports


Report for 2011 October
<pre>
                  MONTHLY CLIMATOLOGICAL SUMMARY FOR 10/2011
                                        HEAT  COOL        
     MEAN                               DEG   DEG       WIND SPEED       DOM MEAN  MEAN
DAY  TEMP  HIGH   TIME     LOW   TIME   DAYS  DAYS RAIN AVG  HI  TIME    DIR BAROM HUM
---------------------------------------------------------------------------------------
1    69.8  86.8   4:59pm  53.0   7:27am    2    7  0.00   1   9   9:58am NNE 30.12   37
2    70.0  86.3   4:47pm  56.6   7:29am    2    7  0.00   1  10  11:42am SSE 30.13   37
3    72.8  88.6   4:00pm  58.6   7:17am    1    9  0.00   1  10  11:35am  SE 30.12   36
4    73.2  88.0   3:46pm  59.4   7:34am    1    9  0.00   1  10  12:16pm SSE 30.10   38
5    73.1  86.8   4:45pm  62.8   5:34am    0    8  0.00   2  17  12:32pm SSE 30.02   43
6    77.3  88.4   4:35pm  66.1   7:55am    0   12  0.00   4  17   1:47pm SSE 29.93   54
7    80.1  89.5   4:54pm  71.9   7:44am    0   15  0.00   4  16  12:46am SSE 29.93   62
8    76.0  86.8   5:00pm  65.7  11:58pm    0   11  0.24   4  17  12:04am SSE 29.94   67
9    65.8  71.5   3:58pm  61.9   5:58am    1    2  0.99   2  13   1:25am NNE 29.96   92
10   66.1  77.3   4:50pm  61.9   1:03am    1    2  0.00   1   7   9:10am NNW 29.97   88
11   70.8  85.2   4:18pm  59.4   7:52am    1    7  0.00   0   8   3:51pm   S 29.84   75
12   72.1  86.1   4:55pm  62.2   6:31am    1    8  1.04   1  16   4:30am   S 29.75   74
13   68.7  81.1   4:12pm  57.4  11:56pm    2    5  0.00   1  16   1:57pm NNW 29.88   52
14   69.9  88.1   3:53pm  53.7   5:47am    3    8  0.00   1  11  12:13pm SSE 29.89   52
15   73.9  90.4   3:42pm  57.7   6:15am    1   10  0.00   1   9   4:22pm SSE 29.97   47
16   74.4  89.1   3:39pm  62.1   7:33am    0   10  0.00   2  17   1:45pm   S 29.94   55
17   75.1  89.0   4:20pm  61.8   7:31am    0   10  0.25   4  22   8:58pm   S 29.74   60
18   60.1  67.8   4:49pm  53.3   7:53am    5    0  0.01   4  23   3:00am NNW 29.94   46
19   55.9  67.8   3:32pm  44.6  11:59pm    9    0  0.00   3  18   3:49pm  NW 30.04   46
20   56.1  73.5   3:36pm  39.4   7:00am   11    2  0.00   1   9   3:36pm SSE 30.04   58
21   66.2  83.8   4:51pm  52.7   7:57am    4    5  0.00   1  10   2:52am ESE 30.04   55
22   72.8  85.9   2:56pm  61.3   8:00am    0    8  0.00   3  19  12:11pm   S 29.94   68
23   65.1  75.2  12:00am  57.0  11:56pm    2    2  0.78   1  20   1:14am NNE 29.96   89
24   65.6  82.8   3:53pm  54.2   3:51am    4    4  0.01   1   7   5:55pm  SE 30.10   83
25   73.9  85.4   3:36pm  63.4   6:18am    0    9  0.00   5  22   1:27pm   S 29.95   61
26   72.2  84.1   2:03pm  62.1  11:59pm    0    7  0.00   4  19   2:50am   S 29.82   69
27   53.4  62.1  12:00am  47.8   7:29pm   12    0  0.20   4  21   6:04am NNE 29.95   82
28   52.3  62.7   4:13pm  43.7  11:58pm   13    0  0.00   2  15   3:29pm NNE 30.20   71
29   51.4  68.2   3:50pm  35.8   7:19am   14    0  0.00   1  15   3:06pm   S 30.19   66
30   57.8  74.1   3:34pm  47.3   4:37am    9    1  0.00   2  15  12:10pm   S 30.10   55
31   60.7  79.3   3:41pm  42.6   7:28am    8    3  0.00   1  13   1:30pm   S 30.12   62
---------------------------------------------------------------------------------------
TOT  67.5  90.4 10/15/11  35.8 10/29/11  106  184  3.52   2  21 10/25/11 SSE 29.99   61

HEAT BASE: 65.0
COOL BASE: 65.0


</pre>