NOAA-Style Climate Reports


Report for 2011 November
<pre>
                  MONTHLY CLIMATOLOGICAL SUMMARY FOR 11/2011
                                        HEAT  COOL        
     MEAN                               DEG   DEG       WIND SPEED       DOM MEAN  MEAN
DAY  TEMP  HIGH   TIME     LOW   TIME   DAYS  DAYS RAIN AVG  HI  TIME    DIR BAROM HUM
---------------------------------------------------------------------------------------
1    66.6  78.0   3:37pm  56.3   7:45am    2    4  0.00   4  18  12:48pm   S 30.01   55
2    64.2  78.1   2:38pm  47.4  11:54pm    4    3  0.01   5  24   8:43pm   S 29.98   72
3    48.3  58.7   4:25pm  38.2  11:59pm   17    0  0.00   3  17   2:18am WNW 30.28   50
4    47.6  68.0   4:10pm  32.1   5:28am   18    0  0.00   0   6  12:22pm  SE 30.17   58
5    57.8  68.5   3:51pm  45.7   6:53am    8    0  0.00   3  17  12:13pm  SE 29.94   63
6    69.6  78.1   3:23pm  63.1  12:11am    0    5  0.00   4  18   1:59pm SSE 29.91   76
7    71.1  77.5   1:56pm  68.5   4:44am    0    6  0.07   4  17   3:48pm SSE 29.91   84
8    65.7  73.7  10:41am  51.1  11:58pm    2    3  0.05   4  22   8:51am   S 29.85   82
9    51.6  61.8   2:25pm  42.9   6:43am   13    0  0.00   3  17   1:32pm NNW 30.27   60
10   49.1  66.3   3:03pm  33.5   6:34am   16    0  0.00   1  10   1:15pm WSW 30.35   60
11   55.3  70.8   2:48pm  40.2   6:43am   10    1  0.00   4  18   1:04pm   S 30.08   45
12   63.1  75.0   2:29pm  51.9   1:56am    5    3  0.00   6  28   9:53am   S 29.85   55
13   72.0  83.8   2:20pm  62.1   6:55am    0    7  0.00   5  19   3:04pm   S 29.74   66
14   73.5  82.0   1:46pm  68.3   5:42am    0    8  0.00   4  21   3:40am   S 29.72   74
15   72.4  83.7   2:22pm  62.3  11:58pm    0    7  0.08   2  11   5:07am   S 29.66   79
16   57.1  63.7  12:42pm  43.3  11:58pm    8    0  0.05   3  18   2:36pm NNE 29.94   68
17   45.8  58.9   2:30pm  35.0   7:25am   19    0  0.00   2  10  12:11am NNE 30.35   57
18   55.2  64.9   1:48pm  43.2   6:53am   10    0  0.00   5  20   3:56pm SSE 30.05   57
19   69.7  78.4   2:16pm  61.7  12:25am    1    5  0.00   5  21   1:55pm   S 29.82   79
20   63.1  77.0   9:42am  47.8  11:44pm    5    3  0.01   3  14   1:13am   S 29.99   83
21   49.7  57.3   1:20pm  45.8   7:10am   15    0  1.10   2  20   5:53pm NNE 30.02   92
22   50.7  61.1   3:16pm  44.2   7:30am   14    0  0.00   2  13   6:35am  NW 30.04   87
23   51.5  68.5   2:56pm  39.8   5:56am   14    0  0.01   0   5  12:48pm   S 30.23   83
24   51.6  60.5   1:33pm  45.5   1:24am   13    0  0.00   2  13   9:50pm  SE 30.21   89
25   60.0  69.6   3:57pm  50.9   6:47am    6    1  0.00   3  16  11:33am SSE 29.96   82
26   56.5  65.5   1:13am  47.4   4:00pm    9    0  0.09   5  20  11:59am   S 29.93   77
27   43.5  50.4   2:37pm  33.5  11:58pm   22    0  0.00   4  18   2:41pm   N 30.23   42
28   39.8  56.3   2:35pm  24.9   7:00am   25    0  0.00   1   9   2:43pm NNW 30.11   57
29   45.9  60.2   2:53pm  31.0   6:48am   19    0  0.00   2  11  10:55am NNW 30.17   59
30   46.1  61.3   2:25pm  30.6   6:58am   18    0  0.00   1   9   1:21pm SSE 30.16   58
---------------------------------------------------------------------------------------
TOT  57.1  83.8 11/13/11  24.9 11/28/11  293   58  1.47   3  22 11/12/11   S 30.03   68

HEAT BASE: 65.0
COOL BASE: 65.0


</pre>