NOAA-Style Climate Reports


Report for 2011 December
<pre>
                  MONTHLY CLIMATOLOGICAL SUMMARY FOR 12/2011
                                        HEAT  COOL        
     MEAN                               DEG   DEG       WIND SPEED       DOM MEAN  MEAN
DAY  TEMP  HIGH   TIME     LOW   TIME   DAYS  DAYS RAIN AVG  HI  TIME    DIR BAROM HUM
---------------------------------------------------------------------------------------
1    55.4  69.0   2:31pm  42.8   6:17am   10    0  0.00   2  12  12:36pm SSE 30.12   68
2    51.5  59.8  10:51pm  44.9   7:21am   13    0  0.02   2  15  11:21pm NNE 30.23   88
3    57.3  63.4   1:50pm  51.6  11:15pm    8    0  1.02   3  17   8:42am SSE 30.00   84
4    42.6  51.9  12:17am  39.9   8:25am   22    0  1.10   2  14   8:16pm NNE 30.11   93
5    38.3  42.0   2:17pm  35.1  11:57pm   27    0  0.48   5  21   1:26pm   N 30.17   81
6    32.3  37.7   1:53pm  29.0   6:22pm   33    0  0.01   3  13   9:25am  NW 30.31   76
7    34.3  47.7   3:00pm  22.5   6:35am   31    0  0.00   1   9  11:01am   S 30.33   69
8    41.7  56.0   2:15pm  31.5   3:26am   23    0  0.00   2  13   3:51pm SSE 30.19   65
9    43.4  46.9   2:04pm  38.6   4:08am   22    0  0.00   2  10   5:24am NNE 30.27   87
10   41.9  53.9   2:42pm  31.7   5:57am   23    0  0.00   1  12  12:57am   N 30.49   78
11   45.4  54.5   1:49pm  37.5   7:08am   20    0  0.00   1  10   6:41am SSE 30.35   62
12   49.1  52.7   2:32pm  45.8   7:30am   16    0  0.00   2  10  12:41am SSE 30.24   54
13   57.0  63.7   3:53pm  49.6   5:43am    8    0  0.02   3  18  10:59pm SSE 30.17   82
14   63.8  67.7   6:05pm  58.3  11:58pm    2    0  0.56   6  20   5:10pm SSE 29.93   95
15   49.4  58.4  12:00am  42.8  11:53pm   16    0  0.60   3  16   2:48pm   N 30.10   91
16   43.7  52.8   2:45pm  35.5  10:27pm   21    0  0.08   3  16   2:34am   N 30.34   76
17   43.0  57.9   3:07pm  30.2   7:32am   22    0  0.00   1   6   1:04am   N 30.43   73
18   50.5  57.6   3:01pm  41.0  12:49am   14    0  0.00   3  12   2:22pm SSE 30.25   63
19   56.7  64.3   1:04pm  51.0  11:47pm    8    0  0.56   4  19  10:59am SSE 29.86   79
20   45.6  52.1  12:24am  40.5  11:59pm   19    0  0.00   4  16   2:57pm   W 29.89   83
21   43.2  57.3   2:28pm  32.5   6:42am   22    0  0.00   2   7   9:22am SSE 29.95   74
22   48.2  59.8   2:39pm  39.8   7:55am   17    0  0.00   2  15  11:48pm  NW 30.02   77
23   40.3  43.0  12:00am  37.0   7:30am   25    0  0.00   4  16   1:28am   N 30.38   77
24   40.6  42.9   4:26pm  35.1   5:48am   24    0  0.01   2  17   5:40am   N 30.40   75
25   45.1  50.1   1:49pm  41.3  12:49am   20    0  0.01   2  12   3:37pm   N 30.37   71
26   43.5  47.4   2:57pm  37.8  11:56pm   21    0  0.01   1  11   4:45pm   W 30.13   83
27   43.1  58.3   2:37pm  34.2   7:50am   22    0  0.00   1  12   1:52pm   W 30.16   70
28   46.2  60.9   2:24pm  33.2   1:43am   19    0  0.00   2  16   1:07pm SSE 30.06   68
29   48.4  67.5   2:43pm  32.0   6:36am   17    0  0.00   2  12   1:05pm   S 29.92   71
30   51.4  67.9   2:53pm  39.5   6:56am   14    0  0.00   1  10   1:37pm   N 29.96   65
31   54.7  72.7   2:49pm  36.4   5:42am   11    1  0.00   4  19   9:47pm   S 29.93   63
---------------------------------------------------------------------------------------
TOT  46.7  72.7 12/31/11  22.5  12/7/11  568    2  4.48   2  19  12/5/11 SSE 30.16   76

HEAT BASE: 65.0
COOL BASE: 65.0


</pre>