NOAA-Style Climate Reports


Report for 2012 January
<pre>
                  MONTHLY CLIMATOLOGICAL SUMMARY FOR 1/2012
                                        HEAT  COOL        
     MEAN                               DEG   DEG       WIND SPEED       DOM MEAN  MEAN
DAY  TEMP  HIGH   TIME     LOW   TIME   DAYS  DAYS RAIN AVG  HI  TIME    DIR BAROM HUM
---------------------------------------------------------------------------------------
1    49.2  59.5   2:38pm  37.5  11:59pm   16    0  0.00   3  21   1:44am  NW 30.44   50
2    39.9  52.6   2:54pm  29.5  11:48pm   25    0  0.00   2  15  10:23am   N 30.64   57
3    43.2  58.8   2:43pm  27.3   6:28am   22    0  0.00   3  18   4:23pm   S 30.40   56
4    47.0  60.7   2:48pm  37.0  11:58pm   18    0  0.00   2  12  12:09am   S 30.24   62
5    47.4  67.1   2:53pm  30.2   6:01am   18    0  0.00   1   9  11:47am SSW 30.20   66
6    59.2  73.1   2:55pm  46.7   4:40am    7    1  0.00   4  17  10:38am   S 29.89   68
7    50.6  61.8  12:00am  41.8   6:21am   14    0  0.00   3  15  12:30am   N 29.94   75
8    49.3  57.5   1:08pm  42.2  12:42am   16    0  0.00   2  10  11:53pm   N 30.05   86
9    45.3  50.7  12:00am  43.1   9:24am   20    0  1.17   4  17   2:46pm   N 30.08   89
10   43.3  45.4   4:51pm  41.6   5:02am   22    0  0.55   2  16   1:54am  NW 29.87   95
11   47.7  66.9   2:55pm  34.8   5:43am   17    0  0.00   4  24   8:05pm SSW 29.74   76
12   34.0  40.9   2:51pm  25.6  10:21pm   31    0  0.00   4  21  12:23am  NW 30.17   49
13   39.6  56.7   3:13pm  26.0   1:43am   25    0  0.00   2  12   4:33pm SSW 30.22   59
14   48.0  65.8   3:07pm  34.9   6:29am   17    0  0.00   2   9  11:10am   S 30.24   53
15   54.0  66.2   1:47pm  40.7   7:37am   11    0  0.00   6  24  12:26pm   S 30.15   57
16   64.6  71.1  12:30pm  59.8   2:14am    2    1  0.00   8  23   1:50am   S 29.91   82
17   48.8  65.4  12:22am  33.8  11:58pm   16    0  0.00   4  25   6:51am   N 30.13   66
18   40.2  54.9   2:55pm  26.1   6:56am   25    0  0.00   1   9  11:52am   N 30.20   62
19   54.1  71.5   3:17pm  43.8   5:31am   12    1  0.00   3  12   4:25am   S 29.84   60
20   60.5  78.4   3:34pm  45.8  11:58pm    7    3  0.00   5  21   2:24pm   S 29.72   70
21   42.5  51.3   3:25pm  34.5   7:58am   23    0  0.00   3  20  12:33am   N 29.96   70
22   59.1  76.8   2:56pm  45.1   2:30am    8    2  0.00   6  21  10:22am   S 29.71   67
23   49.8  64.3   3:35pm  35.9   7:26am   15    0  0.00   1  13  12:00am  SE 30.03   58
24   53.4  67.8  12:39pm  43.9   4:44am   12    0  0.99   2  21   9:45pm   E 29.97   62
25   47.9  49.6  12:00am  46.8  10:17am   17    0  3.41   4  21  10:06am   N 29.86   95
26   49.4  59.3   3:16pm  38.4  11:43pm   16    0  0.29   2  16  10:08am  NW 29.92   78
27   51.6  66.4   3:19pm  36.5   6:24am   13    0  0.00   4  22   1:40pm   S 29.96   69
28   43.1  52.2   3:01pm  32.5  11:57pm   22    0  0.00   3  18  12:38am   N 30.38   59
29   44.8  62.7   3:24pm  29.4   3:57am   20    0  0.00   2  12   1:09pm   S 30.37   62
30   56.4  69.3   2:39pm  42.9   7:43am    9    0  0.00   5  20   1:32pm   S 30.14   64
31   65.5  75.7   2:57pm  59.7   5:07am    2    2  0.00   5  22   3:19am   S 29.99   78
---------------------------------------------------------------------------------------
TOT  49.3  78.4  1/20/12  25.6  1/12/12  497   12  6.41   3  24  1/11/12   S 30.08   68

HEAT BASE: 65.0
COOL BASE: 65.0


</pre>