NOAA-Style Climate Reports


Report for 2012 February
<pre>
                  MONTHLY CLIMATOLOGICAL SUMMARY FOR 2/2012
                                        HEAT  COOL        
     MEAN                               DEG   DEG       WIND SPEED       DOM MEAN  MEAN
DAY  TEMP  HIGH   TIME     LOW   TIME   DAYS  DAYS RAIN AVG  HI  TIME    DIR BAROM HUM
---------------------------------------------------------------------------------------
1    60.7  73.4   3:24pm  53.4  11:58pm    5    1  0.00   1  12  10:37am SSW 30.02   87
2    59.9  73.0   1:54pm  47.9   5:15am    6    1  0.01   2  15  11:15pm   E 30.02   85
3    66.3  73.2   4:30pm  53.0  11:52pm    1    2  0.28   6  18   2:43pm   S 29.90   88
4    49.0  53.8   2:43pm  43.3  11:56pm   16    0  0.00   4  18   8:58am  NW 30.17   73
5    42.2  46.4   4:33pm  36.5  11:58pm   23    0  0.00   4  19   8:51am   N 30.33   73
6    44.5  57.7   3:58pm  32.7   7:11am   20    0  0.00   1  10  11:48am   N 30.27   74
7    51.2  59.8   1:15pm  41.8  10:22pm   14    0  0.00   1   8   3:47pm NNE 30.22   71
8    42.4  45.3  12:00am  36.1  11:57pm   23    0  0.00   2  12   7:36am   N 30.40   78
9    44.8  56.1   4:31pm  32.1   4:32am   20    0  0.08   2  10   4:01pm SSE 30.22   77
10   47.1  57.0   3:37pm  33.6  11:58pm   18    0  0.11   3  18   9:08pm   N 30.15   79
11   31.1  36.7   3:22pm  27.6   7:58am   34    0  0.00   5  22   8:09am   N 30.54   59
12   35.5  44.2  12:34pm  27.7  12:00am   29    0  0.02   3  14   7:51pm SSE 30.46   54
13   39.9  45.7   5:46pm  33.9   3:10am   25    0  0.21   3  13   2:54pm SSE 29.97   93
14   50.7  63.6   3:42pm  44.5   2:23am   14    0  0.01   2  12  11:36pm SSE 29.89   91
15   59.9  76.6   2:41pm  49.5  10:22pm    7    2  0.00   3  15   4:23pm SSE 29.88   68
16   49.3  57.9   4:09pm  42.7   6:38am   16    0  0.00   3  14   9:02am   N 30.16   78
17   54.0  67.6   4:05pm  45.1   3:53am   11    0  0.03   1  10  10:16pm   E 30.06   79
18   49.0  52.9  12:00am  45.6   6:23pm   16    0  1.18   4  14   7:12am   N 29.93   90
19   45.6  56.9   3:58pm  37.8   7:11am   19    0  0.01   1  10   3:11am NNW 30.06   87
20   53.8  64.4   3:42pm  45.5   1:32am   11    0  0.00   6  27  12:46pm SSE 29.97   74
21   54.4  70.3   4:08pm  33.4   6:43am   11    1  0.00   4  22  10:22pm   S 30.01   59
22   64.9  79.1   3:48pm  56.4   7:21am    3    3  0.00   3  17  12:41am SSW 29.67   56
23   66.7  80.9   2:16pm  52.3  11:59pm    3    4  0.00   6  23  10:09pm SSW 29.47   36
24   50.2  61.5   3:34pm  36.5  11:57pm   15    0  0.00   4  19   1:27pm   N 30.16   37
25   50.0  67.5   2:37pm  33.3   6:56am   15    0  0.00   3  15   3:07pm   S 30.27   45
26   54.9  68.1   3:15pm  43.2   6:02am   10    0  0.00   5  21   2:59pm   S 30.07   57
27   61.5  71.2   3:00pm  55.2  12:00am    4    1  0.00   2  11  11:48am   E 30.18   70
28   66.0  73.4   3:48pm  57.8   1:49am    2    3  0.00   5  25   4:02pm   S 29.93   80
29   65.5  77.0   3:42pm  51.2  10:43pm    3    3  0.00   2  16  12:00am   W 29.91   45
---------------------------------------------------------------------------------------
TOT  52.1  80.9  2/23/12  27.6  2/11/12  396   23  1.94   3  23  2/20/12   S 30.08   70

HEAT BASE: 65.0
COOL BASE: 65.0


</pre>