NOAA-Style Climate Reports


Report for 2012 March
<pre>
                  MONTHLY CLIMATOLOGICAL SUMMARY FOR 3/2012
                                        HEAT  COOL        
     MEAN                               DEG   DEG       WIND SPEED       DOM MEAN  MEAN
DAY  TEMP  HIGH   TIME     LOW   TIME   DAYS  DAYS RAIN AVG  HI  TIME    DIR BAROM HUM
---------------------------------------------------------------------------------------
1    66.4  84.1   2:29pm  49.7  12:15am    5    6  0.00   4  21   8:35pm   S 29.72   57
2    61.3  68.4   3:36pm  48.1  11:59pm    5    1  0.00   5  20   4:02am   N 29.70   60
3    50.8  63.0   3:22pm  40.6   4:25am   14    0  0.00   2  13   4:32pm   N 30.04   51
4    55.2  76.7   4:10pm  37.0   6:17am   12    2  0.00   2  11   9:54am   S 30.10   45
5    62.7  80.7   2:51pm  46.1   6:56am    6    4  0.00   3  20  11:30pm   S 30.19   42
6    63.6  74.1   2:31pm  54.2   5:57am    3    2  0.00   8  28   2:56pm   S 30.03   63
7    66.8  70.1  12:47pm  64.0  12:49am    0    2  0.00   7  23   9:08am SSE 29.89   78
8    56.8  71.6  10:53am  42.4  11:58pm   10    2  0.46   7  28  12:33pm   N 30.03   88
9    46.7  55.8   4:05pm  40.1   5:42am   18    0  0.00   4  19   1:08am   N 30.38   58
10   49.2  53.3  10:09am  45.8   2:39am   16    0  1.00   2  10   5:40am  NE 30.21   74
11   55.3  66.0   5:04pm  49.8  12:00am    9    0  0.21   2  12   6:11pm   S 29.96   88
12   65.4  82.3   4:42pm  53.2   6:32am    4    5  0.01   5  15  10:45am   S 29.93   74
13   69.7  80.3   3:09pm  63.3   7:21am    0    5  0.00   4  16   2:53pm   S 30.00   83
14   71.5  78.0   1:20pm  65.8   4:00am    0    7  0.00   5  16   4:15am   S 30.01   80
15   73.5  83.9   4:03pm  66.6   7:41am    0    9  0.00   6  19   2:20pm   S 30.02   76
16   73.1  84.0   4:25pm  67.0   6:54am    0    8  0.00   6  21   1:19pm   S 29.98   77
17   72.5  79.6   5:09pm  65.8   7:47am    0    8  0.00   6  21   5:34pm   S 29.92   74
18   71.3  76.1   2:29pm  67.6   3:48am    0    6  0.00   6  22   6:18pm   S 29.86   78
19   69.9  80.1   3:31pm  57.0   7:49pm    2    6  1.54   7  34   1:50pm SSE 29.66   79
20   58.1  64.9   3:37pm  51.5   9:47am    7    0  2.00   2  13   9:55am   N 29.72   85
21   58.3  67.7   1:12pm  51.7   8:09am    7    0  0.00   3  16   6:45pm   S 29.75   69
22   53.8  68.1   3:30pm  47.9   6:02am   11    0  0.31   4  20   3:55pm   S 29.81   84
23   60.7  77.7   6:06pm  46.5   7:55am    7    3  0.00   1  10   4:00pm  SW 29.96   68
24   66.9  84.7   5:02pm  49.7   7:36am    5    7  0.00   1   7  11:24am SSW 29.96   64
25   71.3  87.6   5:55pm  54.2   7:47am    2    8  0.00   1   9   3:05pm ESE 29.98   61
26   72.1  87.1   3:24pm  55.5   6:03am    2    9  0.00   2  13   2:20pm SSE 29.96   61
27   71.5  82.5   2:30pm  62.3   5:22am    0    7  0.00   4  17  11:34am   S 29.94   65
28   70.9  81.5   3:46pm  63.4   5:56am    0    6  0.00   3  12   7:07pm   S 29.93   75
29   70.1  81.9   3:00pm  61.6   7:27am    1    6  0.00   3  14  10:36pm   S 29.83   82
30   73.8  86.9   4:12pm  67.5   7:12am    0    9  0.00   3  14   5:42pm SSE 29.75   80
31   75.5  88.8   4:45pm  66.7   6:30am    0   10  0.00   3  12  11:13am SSE 29.74   77
---------------------------------------------------------------------------------------
TOT  64.7  88.8  3/31/12  37.0   3/4/12  147  137  5.53   4  28   3/8/12   S 29.94   71

HEAT BASE: 65.0
COOL BASE: 65.0


</pre>