NOAA-Style Climate Reports


Report for 2012 April
<pre>
                  MONTHLY CLIMATOLOGICAL SUMMARY FOR 4/2012
                                        HEAT  COOL        
     MEAN                               DEG   DEG       WIND SPEED       DOM MEAN  MEAN
DAY  TEMP  HIGH   TIME     LOW   TIME   DAYS  DAYS RAIN AVG  HI  TIME    DIR BAROM HUM
---------------------------------------------------------------------------------------
1    77.4  90.1   4:28pm  67.7   7:13am    0   12  0.00   5  18   1:40pm   S 29.65   74
2    74.4  86.5   4:15pm  67.3  11:04pm    0    9  0.00   5  21   4:15am   S 29.59   77
3    67.1  72.8   1:15pm  61.3  10:39pm    1    3  1.17   2  14   2:33am SSE 29.71   90
4    64.8  76.4   4:31pm  56.6   5:58am    3    2  0.00   2  12   5:25pm   W 29.79   79
5    65.2  77.5   5:56pm  53.0   6:36am    4    4  0.00   1  11   1:01pm   N 29.81   70
6    67.2  80.8   4:35pm  53.0   7:35am    3    5  0.00   1  10   9:39am   N 29.94   70
7    73.4  88.1   6:10pm  61.8   7:26am    0    9  0.00   3  17  12:34pm SSE 30.03   67
8    65.6  72.4  12:08am  60.8  11:57pm    1    1  0.49   2  15  11:27am   N 30.17   87
9    66.1  77.7   4:04pm  58.5   2:05am    2    3  0.01   1   8   5:22pm SSW 30.10   88
10   74.1  86.3   3:51pm  63.8   5:51am    0    9  0.00   2   9   3:04am SSW 30.01   73
11   72.2  83.4  12:45pm  62.9   7:15am    0    7  0.03   2  12   3:25pm SSW 30.00   75
12   69.4  81.3   2:57pm  60.0   5:40am    1    6  0.00   5  18   5:10pm SSE 29.94   78
13   73.7  83.1   3:29pm  65.1   6:01am    0    9  0.00   7  21   2:17pm   S 29.85   75
14   75.6  81.2  12:39pm  71.5   7:21am    0   11  0.00   8  26   7:47pm   S 29.73   77
15   67.7  75.4   5:30am  58.7  11:58pm    1    4  1.53   4  22  12:01am   S 29.70   79
16   64.9  76.9   5:37pm  54.7   7:16am    3    3  0.00   2  16  12:00am  NE 30.05   60
17   66.5  81.5   5:04pm  51.9   6:33am    4    6  0.00   1   8  12:17pm ENE 30.15   64
18   68.7  82.9   4:34pm  57.0   6:58am    2    6  0.00   3  13   9:08am SSE 30.05   64
19   71.5  83.3   3:33pm  59.4   7:21am    1    8  0.00   5  20   2:03pm SSE 29.81   55
20   64.8  70.3  12:55am  56.1  11:57pm    2    1  0.09   4  19  10:18am   N 29.83   74
21   61.6  78.2   6:25pm  45.4   6:50am    6    3  0.00   2  12   1:55pm   N 29.98   62
22   66.5  80.7   3:27pm  51.2   6:58am    4    6  0.00   3  17  12:26pm   N 30.04   57
23   63.0  78.5   5:29pm  47.3   6:38am    5    3  0.00   1  13   2:17pm   N 30.12   52
24   71.3  88.0   4:26pm  53.8   6:24am    3    9  0.00   4  17   3:20pm   S 29.90   52
25   78.1  90.6   4:06pm  65.4   5:27am    0   13  0.00   7  22   2:47pm   S 29.71   64
26   78.9  91.9   4:35pm  70.2   6:19am    0   14  0.00   4  16  12:19am   S 29.71   72
27   78.8  90.8   4:19pm  68.3   7:06am    0   14  0.00   7  22  11:06am   S 29.68   64
28   78.5  90.0   4:45pm  68.4   6:37am    0   14  0.00   7  26  10:14am   S 29.73   65
29   77.4  88.9   4:27pm  68.5   6:27am    0   12  0.00   5  22   3:24pm SSE 29.85   67
30   78.5  85.9   2:36pm  72.0   5:09am    0   13  0.00   6  20   3:44am   S 29.87   73
---------------------------------------------------------------------------------------
TOT  70.8  91.8  4/26/12  45.4  4/21/12   48  220  3.32   4  23  4/14/12   S 29.88   70

HEAT BASE: 65.0
COOL BASE: 65.0


</pre>