NOAA-Style Climate Reports


Report for 2012 May
<pre>
                  MONTHLY CLIMATOLOGICAL SUMMARY FOR 5/2012
                                        HEAT  COOL        
     MEAN                               DEG   DEG       WIND SPEED       DOM MEAN  MEAN
DAY  TEMP  HIGH   TIME     LOW   TIME   DAYS  DAYS RAIN AVG  HI  TIME    DIR BAROM HUM
---------------------------------------------------------------------------------------
1    78.9  89.6   4:55pm  69.9   6:19am    0   14  0.00   7  23  11:02am   S 29.79   69
2    77.5  87.1   5:17pm  70.0   5:26am    0   13  0.00   5  19   1:22am   S 29.78   72
3    81.8  94.2   4:52pm  70.0   6:20am    0   17  0.00   5  18   4:29pm   S 29.81   66
4    82.2  94.3   3:50pm  72.7  10:14pm    0   17  0.00   5  29   9:32pm   S 29.82   67
5    82.3  95.0   3:01pm  67.9   5:22am    0   17  0.00   5  17  12:20pm SSE 29.75   61
6    81.6  90.7   4:33pm  73.3   6:52am    0   17  0.00   4  18   3:41am   S 29.74   66
7    77.2  86.2   3:32pm  69.8   7:07am    0   12  0.00   3  16  12:31am NNW 29.79   74
8    68.5  71.9  12:01am  64.9  11:58pm    0    4  0.01   3  15   8:52am   N 29.93   79
9    72.0  86.6   5:45pm  58.6   6:54am    1    8  0.00   2  12  12:57pm   N 29.96   56
10   72.1  83.7   2:23pm  55.0   7:08am    2    9  0.00   2  15  12:07pm SSE 29.85   52
11   68.3  74.6  11:48am  63.8   4:38am    0    3  1.18   2  11   2:43am  NE 29.82   83
12   66.5  72.5   4:15pm  62.2   8:33am    1    2  0.01   2  13   1:25pm   N 30.03   86
13   72.0  84.3   4:32pm  60.7   6:43am    1    8  0.00   2  13   5:24pm   N 30.09   69
14   71.8  83.5   4:35pm  60.5   6:37am    1    8  0.00   2  13   1:46pm   N 30.02   67
15   74.2  86.4   4:55pm  60.3   6:58am    1   10  0.00   2  13   1:30pm   N 29.99   54
16   75.9  91.7   5:34pm  59.1   6:42am    1   12  0.00   1  12   3:53pm SSW 29.97   59
17   78.1  92.6   4:53pm  61.3   6:22am    0   14  0.00   2  14   5:44pm SSE 29.90   54
18   79.7  91.0   4:00pm  67.0   7:04am    0   15  0.00   5  20  11:25am SSE 29.82   53
19   79.3  89.9   4:12pm  68.1   6:35am    0   14  0.00   6  20   2:36pm SSE 29.83   58
20   80.6  92.6   5:48pm  70.5   6:21am    0   16  0.00   3  15  12:52am SSE 30.00   54
21   77.7  92.7   5:28pm  63.4   6:48am    0   13  0.00   2  11   1:48pm   N 30.05   59
22   81.1  96.3   5:12pm  67.4   6:17am    0   16  0.00   2  10   1:06pm SSE 29.88   49
23   83.1  93.9   3:01pm  70.7   5:31am    0   18  0.00   6  24  11:45pm SSE 29.61   54
24   83.6  94.7   4:02pm  74.2   6:05am    0   19  0.00   7  22   8:58am   S 29.53   63
25   84.2  95.3   3:42pm  74.3   6:41am    0   19  0.00   7  21   5:26pm   S 29.74   63
26   83.8  94.0   4:31pm  75.0   6:39am    0   19  0.00   6  20   8:44am   S 29.89   62
27   83.1  94.7   4:36pm  71.9   6:01am    0   18  0.00   6  23   9:45am   S 29.84   56
28   83.9  97.6   4:07pm  69.0  11:48pm    0   19  0.34   4  19  10:38pm   S 29.79   60
29   81.9  98.1   5:02pm  67.3   5:27am    0   17  0.09   4  20   2:01am SSE 29.78   68
30   75.9  92.6   5:33pm  64.6   5:32am    0   11  2.67   4  32   3:14am   S 29.76   71
31   74.8  85.2   6:17pm  66.8   7:27am    0    9  0.14   3  24   1:49am   N 29.76   68
---------------------------------------------------------------------------------------
TOT  77.9  98.1  5/29/12  55.0  5/10/12    7  405  4.44   4  26   5/4/12   S 29.85   64

HEAT BASE: 65.0
COOL BASE: 65.0


</pre>