NOAA-Style Climate Reports


Report for 2012 June
<pre>
                  MONTHLY CLIMATOLOGICAL SUMMARY FOR 6/2012
                                        HEAT  COOL        
     MEAN                               DEG   DEG       WIND SPEED       DOM MEAN  MEAN
DAY  TEMP  HIGH   TIME     LOW   TIME   DAYS  DAYS RAIN AVG  HI  TIME    DIR BAROM HUM
---------------------------------------------------------------------------------------
1    74.1  89.7   5:37pm  58.8   6:15am    1   10  0.00   1  10   5:16pm   N 29.91   52
2    83.0  97.8   4:44pm  70.2   6:21am    0   18  0.00   3  15  12:58pm SSE 29.80   55
3    85.5  97.6   4:46pm  74.9   6:51am    0   21  0.00   5  19  11:12am   S 29.77   61
4    84.3  97.4   5:23pm  74.7   6:43am    0   19  0.00   3  21   3:15am   S 29.76   68
5    84.8  97.8   4:43pm  71.7   6:37am    0   20  0.07   2  19   5:38am   N 29.71   62
6    78.1  94.0   2:43pm  68.3   4:50pm    0   13  1.98   3  23   4:17pm   E 29.74   77
7    70.9  76.7   6:15pm  68.3   5:27am    0    6  0.24   2   9   1:22am ENE 29.90   87
8    78.1  90.3   6:22pm  68.2   6:18am    0   13  0.00   2  10   3:26pm ENE 29.89   62
9    81.6  94.0   4:59pm  68.0   6:11am    0   17  0.00   3  13   5:14pm SSE 29.74   64
10   84.7  94.5   4:03pm  75.1   6:17am    0   20  0.00   6  18  12:49pm SSE 29.67   65
11   87.9  99.0   5:03pm  77.3   6:29am    0   23  0.00   6  22  11:20pm   S 29.75   66
12   80.9  91.1   6:01pm  69.9   6:40am    0   16  0.02   3  21  12:39am  SE 29.95   65
13   77.2  88.2   6:00pm  70.0   5:51am    0   12  0.05   2  13   7:11pm SSE 29.89   76
14   84.6  95.8   3:59pm  75.0  12:26am    0   20  0.00   5  17   8:06pm SSE 29.82   69
15   83.0  94.3   4:39pm  70.5   6:27am    0   18  0.18   3  15   5:18am SSE 29.85   70
16   83.7  95.1   4:04pm  74.4   5:42am    0   19  0.00   4  14   9:12am SSE 29.93   67
17   81.4  92.9   1:37pm  73.1   6:24am    0   16  0.04   3  14  12:25pm   S 29.88   72
18   83.6  93.4   5:49pm  74.9   6:14am    0   19  0.00   5  17  10:14am SSE 29.74   63
19   81.8  93.6   3:56pm  74.4   6:39am    0   17  0.00   7  22   5:47pm SSE 29.78   71
20   83.2  93.9   5:49pm  74.3   5:29am    0   18  0.01   6  18   1:31am SSE 29.85   68
21   84.7  95.9   4:34pm  73.7   6:25am    0   20  0.00   1   9  12:21am   S 29.92   64
22   86.1  97.5   4:55pm  73.7   6:16am    0   21  0.00   1  10   3:31pm WNW 29.86   62
23   88.5  99.1   3:55pm  78.0   6:44am    0   23  0.00   2  10   1:26pm SSE 29.81   54
24   87.5 103.9   6:27pm  69.0   6:46am    0   23  0.00   1   9  12:10pm   S 29.85   54
25   89.2 104.6   5:44pm  72.3   6:30am    0   24  0.00   1   8   4:01pm   W 29.80   51
26   92.2 108.3   5:08pm  74.4   6:34am    0   27  0.00   1   9   1:41pm   N 29.71   51
27   91.1 102.6   5:19pm  79.4   5:34am    0   26  0.00   2  11   3:07pm  SE 29.80   50
28   90.2 101.7   3:34pm  78.0   6:32am    0   25  0.00   3  14  11:42am SSE 29.90   45
29   89.2 100.0   4:33pm  78.2   6:48am    0   24  0.00   3  12  12:19pm   S 29.86   52
30   88.2  98.8   5:30pm  77.6   6:27am    0   22  0.00   3  14   5:47pm   S 29.80   58
---------------------------------------------------------------------------------------
TOT  84.0 108.3  6/26/12  58.8   6/1/12    1  569  2.59   3  21  6/19/12 SSE 29.82   63

HEAT BASE: 65.0
COOL BASE: 65.0


</pre>