NOAA-Style Climate Reports


Report for 2012 July
<pre>
                  MONTHLY CLIMATOLOGICAL SUMMARY FOR 7/2012
                                        HEAT  COOL        
     MEAN                               DEG   DEG       WIND SPEED       DOM MEAN  MEAN
DAY  TEMP  HIGH   TIME     LOW   TIME   DAYS  DAYS RAIN AVG  HI  TIME    DIR BAROM HUM
---------------------------------------------------------------------------------------
1    83.0  97.1   4:42pm  74.7   5:56am    0   18  0.00   4  20   4:45pm SSE 29.88   68
2    84.8  96.0   3:58pm  77.7   6:54am    0   20  0.00   4  18   2:23pm   S 29.94   64
3    87.8  99.2   4:34pm  77.9   7:58am    0   23  0.00   5  15   4:48pm   S 29.91   51
4    87.3  98.2   5:49pm  75.4   5:45am    0   22  0.00   4  15  11:45am   S 29.88   57
5    88.7 100.3   3:55pm  76.7   6:52am    0   24  0.00   3  14   3:25pm SSE 29.90   54
6    89.7 102.5   5:55pm  76.4   6:45am    0   25  0.00   2  10  12:34pm   S 29.92   52
7    83.8 102.0   3:14pm  73.2  11:57pm    0   19  0.00   1  30   3:14pm SSE 29.92   62
8    84.7 100.2   4:51pm  72.9   2:53am    0   20  0.00   1  19   7:13pm SSE 29.91   66
9    83.5  96.3   5:23pm  77.9   6:54am    0   18  0.00   2  13   9:40pm   S 29.87   71
10   81.6  96.9   4:57pm  72.6   6:31am    0   17  0.14   1  21   6:31pm  NE 29.85   75
11   83.8  96.5   5:48pm  70.9   6:24am    0   19  0.00   2  16   2:56pm   N 29.86   64
12   84.7  96.7   5:59pm  73.1   6:42am    0   20  0.00   1  15   2:56pm  NE 29.86   66
13   85.1  96.8   5:05pm  74.1   6:40am    0   20  0.00   1  10   3:04pm   E 29.90   66
14   83.8  98.6   5:36pm  72.8   8:33pm    0   19  0.43   1  30   7:32pm SSE 29.91   67
15   79.0  91.9  12:40pm  70.9   6:46am    0   14  0.10   1  10   5:46pm SSE 29.91   77
16   83.1  95.5   4:34pm  71.0   6:22am    0   18  0.00   4  18   4:53pm   S 29.89   69
17   86.8  99.5   4:34pm  75.9   6:58am    0   22  0.00   4  16  12:53pm   S 29.86   61
18   88.4 102.1   5:18pm  76.0   5:43am    0   23  0.00   3  13   4:01pm   S 29.89   60
19   90.1 102.3   5:48pm  77.3   6:54am    0   25  0.00   2  11   1:20am SSW 29.95   53
20   88.5 106.6   4:15pm  78.8  11:47pm    0   24  0.04   3  16   4:49pm SSW 29.91   57
21   88.7 109.0   5:24pm  74.6   5:04am    0   24  0.46   1  23   5:51pm SSW 29.84   60
22   89.9 102.6   5:12pm  79.2   6:50am    0   25  0.00   3  15  12:14am SSE 29.88   57
23   88.6  98.9   4:23pm  78.2   6:39am    0   24  0.00   4  14   3:03pm SSE 29.95   55
24   88.2  99.9   5:17pm  77.4   6:40am    0   23  0.00   5  16   1:16pm   S 29.93   59
25   90.0 102.0   4:31pm  79.5   7:03am    0   25  0.00   5  18   2:05pm   S 29.81   56
26   88.4 102.8   5:00pm  79.6   6:52am    0   23  0.00   5  20  12:11am   S 29.79   61
27   89.4 100.5   3:42pm  80.2   6:57am    0   24  0.00   3  11   3:01am   S 29.90   57
28   91.8 106.1   5:35pm  78.2   6:22am    0   27  0.00   2   9   9:58am   S 29.96   51
29   92.1 107.5   5:31pm  74.8   6:53am    0   27  0.00   2  13   2:31pm SSW 29.92   43
30   92.6 106.7   4:52pm  78.4   6:55am    0   28  0.00   3  14   6:02pm SSW 29.87   44
31   93.3 109.1   6:25pm  79.4   7:04am    0   27  0.00   2  12   8:50am   S 29.84   46
---------------------------------------------------------------------------------------
TOT  87.1 109.1  7/31/12  70.9  7/11/12    0  685  1.17   3  22   7/7/12   S 29.89   60

HEAT BASE: 65.0
COOL BASE: 65.0


</pre>