NOAA-Style Climate Reports


Report for 2012 August
<pre>
                  MONTHLY CLIMATOLOGICAL SUMMARY FOR 8/2012
                                        HEAT  COOL        
     MEAN                               DEG   DEG       WIND SPEED       DOM MEAN  MEAN
DAY  TEMP  HIGH   TIME     LOW   TIME   DAYS  DAYS RAIN AVG  HI  TIME    DIR BAROM HUM
---------------------------------------------------------------------------------------
1    94.6 108.4   4:43pm  81.9   6:42am    0   30  0.00   4  13   8:48am   S 29.79   46
2    93.5 107.5   4:14pm  80.7   6:55am    0   29  0.00   4  15   4:56pm   S 29.73   43
3    92.4 105.5   4:32pm  79.9   7:09am    0   27  0.00   5  15   1:10pm   S 29.73   48
4    91.8 104.1   4:43pm  80.2   7:13am    0   27  0.00   4  17  12:46am   S 29.83   50
5    92.6 105.1   5:38pm  79.0   7:07am    0   28  0.00   2  12   2:04am   S 29.96   51
6    91.7 105.2   3:55pm  80.2   6:38am    0   27  0.00   2  22   4:20pm SSW 29.93   53
7    92.1 104.9   2:01pm  80.0   6:58am    0   27  0.00   2  10   2:49pm SSW 29.84   48
8    87.0  96.3   6:31pm  74.2  11:58pm    0   22  0.05   2  17  10:50pm SSW 29.86   58
9    90.2 108.7   5:13pm  74.0  12:02am    0   25  0.00   2  12   1:06am SSW 29.81   55
10   87.7  98.5   5:35pm  76.8   7:29am    0   23  0.00   3  16   3:55pm   N 29.81   46
11   85.5  99.6   4:47pm  73.0   7:15am    0   21  0.00   1  10   1:51pm  NE 29.86   38
12   88.5 104.8   4:07pm  75.5   5:26am    0   23  0.00   3  18   1:19pm   S 29.81   53
13   90.7 103.8   4:14pm  77.8   7:37am    0   26  0.00   2  15   2:30am  NE 29.86   43
14   86.9 104.8   3:25pm  74.6  11:54pm    0   22  0.40   2  25   7:56pm SSE 29.83   49
15   81.8  96.0   4:54pm  71.6   4:22am    0   17  0.70   3  19   1:50am SSE 29.82   75
16   83.0  87.3  12:20pm  78.4   7:14am    0   18  0.01   2  14   8:01am SSW 29.88   65
17   85.9 101.3   5:12pm  72.8   6:57am    0   21  0.00   1  11  11:52pm   W 29.87   64
18   76.2  86.9   1:37pm  68.1  11:58pm    0   11  0.27   3  22   2:34am SSE 29.84   77
19   78.5  93.7   5:08pm  66.9   2:43am    0   14  0.00   1  12   4:13pm NNW 29.87   67
20   80.0  95.3   4:53pm  66.1   6:58am    0   15  0.00   1  10   2:36pm   N 29.89   56
21   75.3  85.3   5:42pm  69.8  10:52pm    0   10  0.02   1   8   9:53am SSW 29.97   69
22   78.2  93.0   4:56pm  63.4   7:11am    0   13  0.01   2  12   2:29pm  SE 30.00   64
23   82.1  94.2   4:44pm  71.3   7:17am    0   17  0.00   3  14   1:39pm SSE 29.93   57
24   84.0  95.2   5:39pm  73.8   7:15am    0   19  0.00   4  15   3:40pm SSE 29.83   64
25   84.9  93.9   5:20pm  77.5   7:00am    0   20  0.04   6  19  10:06am   S 29.78   66
26   82.3  91.2   4:35pm  75.8  11:58pm    0   17  0.00   3  15  12:24am   S 29.91   74
27   84.5  98.0   5:10pm  73.2   4:12am    0   20  0.00   2  15   3:21pm   N 29.93   67
28   85.0  96.3   3:56pm  74.8   6:25am    0   20  0.00   2  15   1:14pm  NE 29.87   62
29   83.4  97.4   5:10pm  68.1   6:03am    0   18  0.00   3  15   1:15pm   N 29.79   48
30   85.5  98.5   3:29pm  73.0   7:21am    0   21  0.00   4  20   8:02pm   N 29.70   49
31   87.2 101.0   4:19pm  76.0   6:52am    0   21  0.00   2  11   3:33pm  SW 29.79   56
---------------------------------------------------------------------------------------
TOT  85.9 108.7   8/9/12  63.4  8/22/12    0  647  1.50   3  19  8/15/12   S 29.85   57

HEAT BASE: 65.0
COOL BASE: 65.0


</pre>