NOAA-Style Climate Reports


Report for 2012 September
<pre>
                  MONTHLY CLIMATOLOGICAL SUMMARY FOR 9/2012
                                        HEAT  COOL        
     MEAN                               DEG   DEG       WIND SPEED       DOM MEAN  MEAN
DAY  TEMP  HIGH   TIME     LOW   TIME   DAYS  DAYS RAIN AVG  HI  TIME    DIR BAROM HUM
---------------------------------------------------------------------------------------
1    89.8 102.1   4:55pm  78.8   7:21am    0   25  0.00   4  16   9:01am   S 29.89   56
2    89.3 102.4   5:08pm  77.5   7:07am    0   24  0.00   4  16  11:27am   S 29.86   57
3    90.4 103.0   4:58pm  79.1   7:19am    0   25  0.00   3  13   9:08am SSW 29.83   51
4    90.4 104.6   4:42pm  78.9   6:54am    0   25  0.00   3  15  12:32pm   S 29.79   52
5    90.7 105.0   4:45pm  78.6   7:24am    0   26  0.00   3  14  12:53pm   S 29.76   50
6    89.9 104.8   4:58pm  75.4   7:21am    0   25  0.00   1  10   3:10am SSE 29.80   49
7    91.2 105.7   5:14pm  79.1  11:57pm    0   26  0.00   3  29   9:47pm   S 29.75   46
8    75.1  86.7   4:35pm  65.0   7:30am    0   10  0.09   5  24  12:41am   N 29.99   55
9    74.0  93.0   5:14pm  55.7   5:54am    2   11  0.00   1  12   1:13pm NNE 30.04   51
10   77.9  94.7   4:15pm  59.1   6:52am    1   14  0.00   1  11   2:28pm   S 30.00   46
11   80.6  92.7   4:18pm  67.0   7:30am    0   16  0.00   4  14   6:10pm SSE 29.97   44
12   81.8  94.1   5:15pm  70.4   6:20am    0   17  0.00   3  12  11:10am SSE 29.95   55
13   78.7  88.0   4:41pm  71.6  11:57pm    0   14  0.00   3  16  12:53pm SSE 30.00   72
14   67.4  71.6  12:00am  64.6  11:29pm    0    2  0.00   2  11   1:03am  NW 30.13   84
15   68.1  77.7   3:12pm  62.5   6:19am    1    4  0.00   2   8   1:58pm NNW 30.11   78
16   67.7  72.8   1:13pm  64.8   7:28am    0    3  0.14   1   5   2:30pm   S 29.99   88
17   72.9  83.3   5:27pm  66.5  12:34am    0    8  0.00   1   8  11:11am   N 29.83   78
18   72.1  85.0   4:48pm  63.0   5:40am    0    7  0.00   2  16   1:45pm   N 29.96   58
19   73.6  89.5   4:43pm  59.5   7:51am    1   10  0.00   2  11  10:38am SSE 30.02   45
20   78.6  95.5   4:35pm  63.2   6:36am    0   14  0.00   3  14  10:08am   S 29.94   50
21   81.3  96.9   4:34pm  66.2   7:25am    0   16  0.00   2  11  12:04pm   S 29.89   45
22   81.5  98.5   3:40pm  64.7   7:36am    0   17  0.00   2  12   2:26am SSW 29.96   45
23   80.0  95.9   5:02pm  63.5   7:15am    0   15  0.00   1  10   3:36pm   S 30.04   52
24   83.7  96.9   4:05pm  71.7   7:28am    0   19  0.00   4  16   3:20pm   S 29.97   52
25   83.7  94.8   4:35pm  72.7   7:28am    0   19  0.00   7  23  12:54pm   S 29.86   53
26   83.3  94.1   4:02pm  74.8   7:05am    0   18  0.00   5  20  10:26am   S 29.90   58
27   80.9  92.7   4:14pm  73.4  11:58pm    0   16  0.00   3  14   6:35pm   S 29.97   66
28   75.9  89.4   1:43pm  71.0   7:43am    0   11  0.38   1  13   4:08pm  NE 29.96   76
29   69.3  73.0  12:21pm  65.6   7:29pm    0    4  0.81   3  16   4:24pm   N 29.87   92
30   66.6  73.4   3:16pm  58.6  10:58pm    0    2  0.20   4  20   1:07pm   N 29.82   81
---------------------------------------------------------------------------------------
TOT  79.6 105.7   9/7/12  55.7   9/9/12    6  442  1.62   3  22   9/7/12   S 29.93   59

HEAT BASE: 65.0
COOL BASE: 65.0


</pre>