NOAA-Style Climate Reports


Report for 2012 October
<pre>
                  MONTHLY CLIMATOLOGICAL SUMMARY FOR 10/2012
                                        HEAT  COOL        
     MEAN                               DEG   DEG       WIND SPEED       DOM MEAN  MEAN
DAY  TEMP  HIGH   TIME     LOW   TIME   DAYS  DAYS RAIN AVG  HI  TIME    DIR BAROM HUM
---------------------------------------------------------------------------------------
1    69.6  84.6   4:40pm  55.2   3:13am    3    8  0.00   2  14   6:31pm  NW 29.79   65
2    70.6  81.0   5:17pm  63.4   7:32am    0    6  0.00   2  10   9:15am NNW 29.87   60
3    71.7  86.0   3:35pm  58.4   5:42am    2    8  0.00   3  15  12:45pm SSE 29.91   60
4    75.7  87.5   4:29pm  65.1   6:35am    0   11  0.00   4  15  12:23pm SSE 30.00   67
5    71.9  82.7   3:08pm  56.1  11:57pm    1    8  0.00   3  19   7:06pm SSW 30.00   72
6    51.4  56.1  12:00am  46.4  11:12pm   14    0  0.00   5  17   5:16am   N 30.13   76
7    49.8  53.5   2:59pm  47.0  11:58pm   15    0  0.00   3  14   6:04am   N 30.24   61
8    53.5  69.2   4:12pm  38.6   4:23am   12    0  0.00   2  11   2:15pm SSE 30.15   62
9    65.5  80.1   5:12pm  53.6   3:21am    4    4  0.00   4  20   2:19pm SSE 29.92   72
10   65.9  71.3   4:33pm  62.6   5:50am    1    2  0.00   2  12   9:33am ENE 30.03   87
11   73.7  85.4   4:52pm  65.0   3:54am    0    9  0.00   3  18   8:27pm SSE 30.04   83
12   76.9  87.5   3:25pm  70.7   2:01am    0   12  0.00   4  15   5:48pm SSE 30.05   78
13   76.2  82.6   2:52pm  67.8  11:59pm    0   11  0.06   7  26   9:39pm   S 29.88   80
14   70.0  82.6   3:49pm  58.5  11:58pm    1    6  0.96   2  18  12:00am   N 29.95   66
15   66.6  85.0   3:58pm  51.3   7:32am    4    6  0.00   1   7  12:37pm SSW 30.00   63
16   67.7  77.7   3:14pm  61.4   4:16am    1    4  0.00   4  21   4:10pm SSE 29.77   67
17   74.4  86.8   2:47pm  62.5  11:58pm    0    9  0.00   6  24   4:38am SSW 29.58   64
18   63.1  75.2   3:19pm  50.0   7:46am    5    3  0.00   2  13  12:54am   N 29.89   42
19   60.4  78.3   4:00pm  45.9   7:55am    8    3  0.00   1  15  11:40am  NW 29.92   46
20   71.0  87.2   3:57pm  54.1  12:00am    3    9  0.00   5  21   1:54pm   S 29.76   58
21   80.5  89.3   3:48pm  74.3   7:53am    0   15  0.00   7  23  11:35am   S 29.76   72
22   76.4  86.1   1:04pm  72.9   2:32pm    0   11  0.00   6  23  12:15am   S 29.85   76
23   76.8  86.5   4:39pm  70.2   6:36am    0   12  0.00   6  20  12:12pm   S 29.85   74
24   75.3  85.8   3:09pm  68.6   6:51am    0   10  0.01   5  18   3:59pm   S 29.84   73
25   68.2  79.7   1:15pm  53.5  11:56pm    2    5  0.00   6  23   2:55am   S 29.85   74
26   50.2  55.7   3:31pm  42.8  11:48pm   15    0  0.00   6  22  12:25am   N 30.19   64
27   46.6  60.1   4:35pm  36.1   8:02am   18    0  0.00   2  12   3:41pm   N 30.24   59
28   48.7  64.7   4:11pm  35.6   7:02am   16    0  0.00   1  14   2:15pm   N 30.22   54
29   52.5  70.3   3:35pm  36.6   5:29am   13    1  0.00   1   7   1:47pm   S 30.19   49
30   60.0  77.8   3:48pm  44.0   5:58am    8    3  0.00   1  11  10:12pm SSW 29.99   51
31   66.4  86.2   4:16pm  50.3   6:47am    4    5  0.00   1  10   9:20am   N 29.93   54
---------------------------------------------------------------------------------------
TOT  66.0  89.3 10/21/12  35.6 10/28/12  149  181  1.03   3  24 10/13/12   S 29.96   65

HEAT BASE: 65.0
COOL BASE: 65.0


</pre>