NOAA-Style Climate Reports


Report for 2012 November
<pre>
                  MONTHLY CLIMATOLOGICAL SUMMARY FOR 11/2012
                                        HEAT  COOL        
     MEAN                               DEG   DEG       WIND SPEED       DOM MEAN  MEAN
DAY  TEMP  HIGH   TIME     LOW   TIME   DAYS  DAYS RAIN AVG  HI  TIME    DIR BAROM HUM
---------------------------------------------------------------------------------------
1    66.6  87.7   4:40pm  49.2   7:31am    5    7  0.00   1   8   3:18pm SSW 29.93   62
2    72.0  87.9   3:41pm  57.6   6:04am    1    8  0.00   3  16   2:23pm   S 29.89   56
3    71.1  83.0   3:48pm  61.2  11:58pm    0    6  0.00   2  12   3:18am   S 29.97   65
4    62.0  76.4   3:32pm  54.0   4:03am    5    2  0.00   1   7   1:29am   N 30.05   57
5    60.4  75.2   2:30pm  50.3   6:04am    7    2  0.00   2  19  11:43am   N 30.02   61
6    55.6  72.7   3:20pm  43.3   6:58am   10    1  0.00   1   8   3:10pm   N 30.07   61
7    59.7  76.6   3:05pm  43.3   7:08am    8    2  0.00   1  10  10:56pm  SE 30.09   55
8    68.0  81.6   2:30pm  56.7   5:03am    3    6  0.00   5  20   2:09pm SSE 29.98   57
9    72.3  82.1   2:42pm  63.3   7:06am    0    7  0.00   7  27   1:01pm   S 29.91   66
10   71.7  79.6   3:19pm  64.7   6:57am    0    7  0.00   7  25   1:27pm   S 29.85   69
11   62.5  73.5  10:42am  41.5  11:59pm    6    3  0.05   5  25   4:24am   N 29.89   78
12   44.2  58.6   3:26pm  33.8   7:15am   21    0  0.00   2  13   8:52am   N 30.42   55
13   46.5  58.7  12:12pm  31.5   5:49am   19    0  0.00   1  10   9:50am SSE 30.42   51
14   50.3  63.5   2:57pm  36.2   6:55am   15    0  0.00   1   7  10:08am  SE 30.33   52
15   50.3  63.3   2:08pm  39.4   7:36am   15    0  0.00   1  10  10:18am  SE 30.27   54
16   49.6  66.3   3:01pm  36.8   5:43am   16    0  0.00   1   8   2:16pm   E 30.34   59
17   50.7  66.0   3:04pm  36.0   4:29am   14    0  0.00   1  10   1:46pm SSE 30.32   55
18   57.1  68.0   3:17pm  47.9   2:06am    8    0  0.00   3  14   2:07pm SSE 30.22   51
19   63.2  72.8   2:50pm  56.8   5:07am    3    1  0.00   4  18  11:42am   S 30.13   60
20   63.3  81.5   3:12pm  52.0   7:18am    5    3  0.00   0   5  12:01am   S 30.11   73
21   63.9  79.0   3:03pm  48.2   6:05am    5    4  0.00   2  11   1:10pm SSE 30.14   66
22   65.3  75.6   1:07pm  55.7   7:22am    3    3  0.00   4  21  12:51pm SSE 30.02   62
23   58.1  64.5   1:12pm  42.3  11:58pm    7    0  0.00   4  24   9:48am   N 30.28   47
24   46.8  61.0   2:21pm  32.9   6:30am   18    0  0.00   2  10  12:12pm SSE 30.27   46
25   59.6  74.0   2:58pm  45.4   3:13am    7    2  0.00   5  18   1:28pm   S 29.91   46
26   61.0  72.9   1:32pm  46.5  11:54pm    5    1  0.00   5  22   9:13pm   S 29.94   70
27   45.0  55.8   2:54pm  37.6  11:58pm   20    0  0.00   2  16   1:08am   N 30.32   68
28   49.5  65.6   2:27pm  33.6   7:24am   16    0  0.00   2  12  10:44am SSE 30.31   68
29   55.9  67.6   2:46pm  43.5   6:44am    9    0  0.00   4  15   9:14am SSE 30.14   61
30   63.6  73.5   2:18pm  55.7   5:28am    3    2  0.00   4  16  12:52pm   S 30.03   80
---------------------------------------------------------------------------------------
TOT  58.8  87.9  11/2/12  31.5 11/13/12  254   69  0.05   3  24  11/9/12 SSE 30.12   60

HEAT BASE: 65.0
COOL BASE: 65.0


</pre>